CRAN Package Check Results for Package ph2bye

Last updated on 2025-10-22 09:50:45 CEST.

Flavor Version Tinstall Tcheck Ttotal Status Flags
r-devel-linux-x86_64-debian-clang 0.1.4 10.43 35.87 46.30 NOTE
r-devel-linux-x86_64-debian-gcc 0.1.4 6.55 26.11 32.66 NOTE
r-devel-linux-x86_64-fedora-clang 0.1.4 26.00 45.07 71.07 NOTE
r-devel-linux-x86_64-fedora-gcc 0.1.4 17.00 49.02 66.02 NOTE
r-devel-windows-x86_64 0.1.4 13.00 73.00 86.00 OK
r-patched-linux-x86_64 0.1.4 9.15 33.68 42.83 NOTE
r-release-linux-x86_64 0.1.4 9.07 34.13 43.20 NOTE
r-release-macos-arm64 0.1.4 5.00 19.00 24.00 OK
r-release-macos-x86_64 0.1.4 8.00 29.00 37.00 OK
r-release-windows-x86_64 0.1.4 13.00 73.00 86.00 OK
r-oldrel-macos-arm64 0.1.4 5.00 18.00 23.00 NOTE
r-oldrel-macos-x86_64 0.1.4 9.00 26.00 35.00 NOTE
r-oldrel-windows-x86_64 0.1.4 16.00 81.00 97.00 NOTE

Check Details

Version: 0.1.4
Check: CRAN incoming feasibility
Result: NOTE Maintainer: ‘Yalin Zhu <yalin.zhu@outlook.com>’ No Authors@R field in DESCRIPTION. Please add one, modifying Authors@R: c(person(given = "Yalin", family = "Zhu", role = c("aut", "cre"), email = "yalin.zhu@outlook.com"), person(given = "Rui", family = "Qin", role = "aut")) as necessary. Flavors: r-devel-linux-x86_64-debian-clang, r-devel-linux-x86_64-debian-gcc

Version: 0.1.4
Check: for non-standard things in the check directory
Result: NOTE Found the following files/directories: ‘animation.gif’ Flavors: r-devel-linux-x86_64-debian-clang, r-devel-linux-x86_64-debian-gcc, r-devel-linux-x86_64-fedora-clang, r-devel-linux-x86_64-fedora-gcc, r-patched-linux-x86_64, r-release-linux-x86_64

Version: 0.1.4
Check: compiled code
Result: NOTE File ‘ph2bye/libs/ph2bye.so’: Found no calls to: ‘R_registerRoutines’, ‘R_useDynamicSymbols’ It is good practice to register native routines and to disable symbol search. See ‘Writing portable packages’ in the ‘Writing R Extensions’ manual. Flavors: r-devel-linux-x86_64-fedora-clang, r-devel-linux-x86_64-fedora-gcc

Version: 0.1.4
Check: LazyData
Result: NOTE 'LazyData' is specified without a 'data' directory Flavors: r-oldrel-macos-arm64, r-oldrel-macos-x86_64, r-oldrel-windows-x86_64