Last updated on 2025-10-21 09:48:41 CEST.
Flavor | Version | Tinstall | Tcheck | Ttotal | Status | Flags |
---|---|---|---|---|---|---|
r-devel-linux-x86_64-debian-clang | 0.1.0 | 3.83 | 38.81 | 42.64 | OK | |
r-devel-linux-x86_64-debian-gcc | 0.1.0 | 2.91 | 31.24 | 34.15 | NOTE | |
r-devel-linux-x86_64-fedora-clang | 0.1.0 | 67.23 | OK | |||
r-devel-linux-x86_64-fedora-gcc | 0.1.0 | 75.81 | OK | |||
r-devel-windows-x86_64 | 0.1.0 | 5.00 | 62.00 | 67.00 | OK | |
r-patched-linux-x86_64 | 0.1.0 | 4.18 | 37.17 | 41.35 | OK | |
r-release-linux-x86_64 | 0.1.0 | 3.09 | 37.06 | 40.15 | OK | |
r-release-macos-arm64 | 0.1.0 | 48.00 | OK | |||
r-release-macos-x86_64 | 0.1.0 | 61.00 | OK | |||
r-release-windows-x86_64 | 0.1.0 | 6.00 | 71.00 | 77.00 | OK | |
r-oldrel-macos-arm64 | 0.1.0 | 50.00 | OK | |||
r-oldrel-macos-x86_64 | 0.1.0 | 65.00 | OK | |||
r-oldrel-windows-x86_64 | 0.1.0 | 7.00 | 74.00 | 81.00 | OK |
Version: 0.1.0
Check: HTML version of manual
Result: NOTE
Found the following HTML validation problems:
Piecemeal.html:150:1 (Piecemeal.Rd:106): Warning: <h5> anchor "Usage" already defined
Piecemeal.html:156:1 (Piecemeal.Rd:110): Warning: <h5> anchor "Arguments" already defined
Piecemeal.html:179:1 (Piecemeal.Rd:123): Warning: <h5> anchor "Usage" already defined
Piecemeal.html:185:1 (Piecemeal.Rd:127): Warning: <h5> anchor "Arguments" already defined
Piecemeal.html:212:1 (Piecemeal.Rd:144): Warning: <h5> anchor "Usage" already defined
Piecemeal.html:221:1 (Piecemeal.Rd:151): Warning: <h5> anchor "Arguments" already defined
Piecemeal.html:244:1 (Piecemeal.Rd:164): Warning: <h5> anchor "Usage" already defined
Piecemeal.html:250:1 (Piecemeal.Rd:168): Warning: <h5> anchor "Arguments" already defined
Piecemeal.html:273:1 (Piecemeal.Rd:181): Warning: <h5> anchor "Usage" already defined
Piecemeal.html:279:1 (Piecemeal.Rd:185): Warning: <h5> anchor "Arguments" already defined
Piecemeal.html:304:1 (Piecemeal.Rd:200): Warning: <h5> anchor "Usage" already defined
Piecemeal.html:310:1 (Piecemeal.Rd:204): Warning: <h5> anchor "Arguments" already defined
Piecemeal.html:337:1 (Piecemeal.Rd:221): Warning: <h5> anchor "Usage" already defined
Piecemeal.html:343:1 (Piecemeal.Rd:225): Warning: <h5> anchor "Arguments" already defined
Piecemeal.html:366:1 (Piecemeal.Rd:238): Warning: <h5> anchor "Usage" already defined
Piecemeal.html:372:1 (Piecemeal.Rd:242): Warning: <h5> anchor "Arguments" already defined
Piecemeal.html:395:1 (Piecemeal.Rd:255): Warning: <h5> anchor "Usage" already defined
Piecemeal.html:401:1 (Piecemeal.Rd:259): Warning: <h5> anchor "Arguments" already defined
Piecemeal.html:431:1 (Piecemeal.Rd:275): Warning: <h5> anchor "Usage" already defined
Piecemeal.html:437:1 (Piecemeal.Rd:279): Warning: <h5> anchor "Returns" already defined
Piecemeal.html:454:1 (Piecemeal.Rd:288): Warning: <h5> anchor "Usage" already defined
Piecemeal.html:460:1 (Piecemeal.Rd:292): Warning: <h5> anchor "Arguments" already defined
Piecemeal.html:475:1 (Piecemeal.Rd:301): Warning: <h5> anchor "Returns" already defined
Piecemeal.html:506:1 (Piecemeal.Rd:317): Warning: <h5> anchor "Usage" already defined
Piecemeal.html:512:1 (Piecemeal.Rd:321): Warning: <h5> anchor "Arguments" already defined
Piecemeal.html:529:1 (Piecemeal.Rd:332): Warning: <h5> anchor "Returns" already defined
Piecemeal.html:556:1 (Piecemeal.Rd:346): Warning: <h5> anchor "Usage" already defined
Piecemeal.html:562:1 (Piecemeal.Rd:350): Warning: <h5> anchor "Arguments" already defined
Piecemeal.html:585:1 (Piecemeal.Rd:363): Warning: <h5> anchor "Usage" already defined
Piecemeal.html:591:1 (Piecemeal.Rd:367): Warning: <h5> anchor "Arguments" already defined
Piecemeal.html:614:1 (Piecemeal.Rd:380): Warning: <h5> anchor "Usage" already defined
Piecemeal.html:630:1 (Piecemeal.Rd:390): Warning: <h5> anchor "Usage" already defined
Piecemeal.html:636:1 (Piecemeal.Rd:394): Warning: <h5> anchor "Arguments" already defined
Piecemeal.html:672:1 (Piecemeal.Rd:414): Warning: <h5> anchor "Usage" already defined
Piecemeal.html:678:1 (Piecemeal.Rd:418): Warning: <h5> anchor "Arguments" already defined
Piecemeal.html:701:1 (Piecemeal.Rd:431): Warning: <h5> anchor "Usage" already defined
Piecemeal.html:707:1 (Piecemeal.Rd:435): Warning: <h5> anchor "Arguments" already defined
Piecemeal.html:730:1 (Piecemeal.Rd:448): Warning: <h5> anchor "Usage" already defined
Piecemeal.html:736:1 (Piecemeal.Rd:452): Warning: <h5> anchor "Arguments" already defined
Piecemeal.html:756:1 (Piecemeal.Rd:463): Warning: <h5> anchor "Returns" already defined
Piecemeal.html:773:1 (Piecemeal.Rd:472): Warning: <h5> anchor "Usage" already defined
Piecemeal.html:779:1 (Piecemeal.Rd:476): Warning: <h5> anchor "Arguments" already defined
Flavor: r-devel-linux-x86_64-debian-gcc