Last updated on 2025-10-21 09:48:41 CEST.
Flavor | Version | Tinstall | Tcheck | Ttotal | Status | Flags |
---|---|---|---|---|---|---|
r-devel-linux-x86_64-debian-clang | 1.1.0 | 8.63 | 67.70 | 76.33 | NOTE | |
r-devel-linux-x86_64-debian-gcc | 1.1.0 | 5.70 | 48.16 | 53.86 | NOTE | |
r-devel-linux-x86_64-fedora-clang | 1.1.0 | 118.48 | NOTE | |||
r-devel-linux-x86_64-fedora-gcc | 1.1.0 | 107.65 | NOTE | |||
r-devel-windows-x86_64 | 1.1.0 | 10.00 | 74.00 | 84.00 | NOTE | |
r-patched-linux-x86_64 | 1.1.0 | 6.84 | 61.86 | 68.70 | NOTE | |
r-release-linux-x86_64 | 1.1.0 | 6.96 | 60.07 | 67.03 | NOTE | |
r-release-macos-arm64 | 1.1.0 | 29.00 | NOTE | |||
r-release-macos-x86_64 | 1.1.0 | 48.00 | NOTE | |||
r-release-windows-x86_64 | 1.1.0 | 11.00 | 82.00 | 93.00 | NOTE | |
r-oldrel-macos-arm64 | 1.1.0 | 28.00 | OK | |||
r-oldrel-macos-x86_64 | 1.1.0 | 66.00 | OK | |||
r-oldrel-windows-x86_64 | 1.1.0 | 12.00 | 91.00 | 103.00 | OK |
Version: 1.1.0
Check: DESCRIPTION meta-information
Result: NOTE
Missing dependency on R >= 4.1.0 because package code uses the pipe
|> or function shorthand \(...) syntax added in R 4.1.0.
File(s) using such syntax:
‘piecenorm.R’
Flavors: r-devel-linux-x86_64-debian-clang, r-devel-linux-x86_64-debian-gcc, r-devel-linux-x86_64-fedora-clang, r-devel-linux-x86_64-fedora-gcc, r-devel-windows-x86_64, r-patched-linux-x86_64, r-release-linux-x86_64, r-release-macos-arm64, r-release-macos-x86_64, r-release-windows-x86_64
Version: 1.1.0
Check: HTML version of manual
Result: NOTE
Found the following HTML validation problems:
normalisr.html:198:1 (normalisr.Rd:218): Warning: <h5> anchor "Usage" already defined
normalisr.html:214:1 (normalisr.Rd:228): Warning: <h5> anchor "Usage" already defined
normalisr.html:231:1 (normalisr.Rd:239): Warning: <h5> anchor "Usage" already defined
normalisr.html:247:1 (normalisr.Rd:249): Warning: <h5> anchor "Usage" already defined
normalisr.html:253:1 (normalisr.Rd:253): Warning: <h5> anchor "Arguments" already defined
normalisr.html:276:1 (normalisr.Rd:266): Warning: <h5> anchor "Usage" already defined
normalisr.html:282:1 (normalisr.Rd:270): Warning: <h5> anchor "Arguments" already defined
normalisr.html:305:1 (normalisr.Rd:283): Warning: <h5> anchor "Usage" already defined
normalisr.html:321:1 (normalisr.Rd:293): Warning: <h5> anchor "Usage" already defined
normalisr.html:327:1 (normalisr.Rd:297): Warning: <h5> anchor "Arguments" already defined
Flavor: r-devel-linux-x86_64-debian-gcc