Last updated on 2025-10-21 09:48:41 CEST.
Flavor | Version | Tinstall | Tcheck | Ttotal | Status | Flags |
---|---|---|---|---|---|---|
r-devel-linux-x86_64-debian-clang | 0.2.2 | 66.59 | 65.75 | 132.34 | OK | |
r-devel-linux-x86_64-debian-gcc | 0.2.2 | 50.45 | 52.97 | 103.42 | NOTE | |
r-devel-linux-x86_64-fedora-clang | 0.2.2 | 195.03 | OK | |||
r-devel-linux-x86_64-fedora-gcc | 0.2.2 | 246.29 | OK | |||
r-devel-windows-x86_64 | 0.2.2 | 60.00 | 97.00 | 157.00 | OK | |
r-patched-linux-x86_64 | 0.2.2 | 71.18 | 66.54 | 137.72 | OK | |
r-release-linux-x86_64 | 0.2.2 | 68.56 | 66.66 | 135.22 | OK | |
r-release-macos-arm64 | 0.2.2 | 72.00 | OK | |||
r-release-macos-x86_64 | 0.2.2 | 136.00 | OK | |||
r-release-windows-x86_64 | 0.2.2 | 61.00 | 101.00 | 162.00 | OK | |
r-oldrel-macos-arm64 | 0.2.2 | 63.00 | NOTE | |||
r-oldrel-macos-x86_64 | 0.2.2 | 109.00 | NOTE | |||
r-oldrel-windows-x86_64 | 0.2.2 | 72.00 | 119.00 | 191.00 | OK |
Version: 0.2.2
Check: HTML version of manual
Result: NOTE
Found the following HTML validation problems:
piqp_model.html:305:1 (piqp_model.Rd:188): Warning: missing </ul> before </div>
piqp_model.html:140:1 (piqp_model.Rd:81): Warning: <h5> anchor "Usage" already defined
piqp_model.html:146:1 (piqp_model.Rd:85): Warning: <h5> anchor "Returns" already defined
piqp_model.html:163:1 (piqp_model.Rd:94): Warning: <h5> anchor "Usage" already defined
piqp_model.html:178:1 (piqp_model.Rd:107): Warning: <h5> anchor "Arguments" already defined
piqp_model.html:221:1 (piqp_model.Rd:140): Warning: <h5> anchor "Usage" already defined
piqp_model.html:237:1 (piqp_model.Rd:150): Warning: <h5> anchor "Usage" already defined
piqp_model.html:253:1 (piqp_model.Rd:160): Warning: <h5> anchor "Usage" already defined
piqp_model.html:259:1 (piqp_model.Rd:164): Warning: <h5> anchor "Arguments" already defined
piqp_model.html:282:1 (piqp_model.Rd:177): Warning: <h5> anchor "Usage" already defined
piqp_model.html:288:1 (piqp_model.Rd:181): Warning: <h5> anchor "Arguments" already defined
Flavor: r-devel-linux-x86_64-debian-gcc
Version: 0.2.2
Check: installed package size
Result: NOTE
installed size is 25.5Mb
sub-directories of 1Mb or more:
libs 25.3Mb
Flavors: r-oldrel-macos-arm64, r-oldrel-macos-x86_64