Last updated on 2025-10-21 09:48:41 CEST.
Flavor | Version | Tinstall | Tcheck | Ttotal | Status | Flags |
---|---|---|---|---|---|---|
r-devel-linux-x86_64-debian-clang | 0.1.1 | 1.60 | 23.95 | 25.55 | OK | |
r-devel-linux-x86_64-debian-gcc | 0.1.1 | 1.42 | 19.54 | 20.96 | NOTE | |
r-devel-linux-x86_64-fedora-clang | 0.1.1 | 35.11 | OK | |||
r-devel-linux-x86_64-fedora-gcc | 0.1.1 | 34.90 | OK | |||
r-devel-windows-x86_64 | 0.1.1 | 3.00 | 44.00 | 47.00 | OK | |
r-patched-linux-x86_64 | 0.1.1 | 2.00 | 21.66 | 23.66 | OK | |
r-release-linux-x86_64 | 0.1.1 | 1.81 | 21.34 | 23.15 | OK | |
r-release-macos-arm64 | 0.1.1 | 15.00 | OK | |||
r-release-macos-x86_64 | 0.1.1 | 26.00 | OK | |||
r-release-windows-x86_64 | 0.1.1 | 5.00 | 47.00 | 52.00 | OK | |
r-oldrel-macos-arm64 | 0.1.1 | 16.00 | OK | |||
r-oldrel-macos-x86_64 | 0.1.1 | 25.00 | OK | |||
r-oldrel-windows-x86_64 | 0.1.1 | 3.00 | 49.00 | 52.00 | OK |
Version: 0.1.1
Check: HTML version of manual
Result: NOTE
Found the following HTML validation problems:
assert_that.html:75:1 (assert_that.Rd:28): Warning: missing </ul> before </div>
collapse.html:52:1 (collapse.Rd:15): Warning: missing </ul> before </div>
Flavor: r-devel-linux-x86_64-debian-gcc