Last updated on 2025-10-21 09:48:41 CEST.
Flavor | Version | Tinstall | Tcheck | Ttotal | Status | Flags |
---|---|---|---|---|---|---|
r-devel-linux-x86_64-debian-clang | 0.9.0 | 47.79 | 90.73 | 138.52 | OK | |
r-devel-linux-x86_64-debian-gcc | 0.9.0 | 32.35 | 59.88 | 92.23 | NOTE | |
r-devel-linux-x86_64-fedora-clang | 0.9.0 | 205.86 | OK | |||
r-devel-linux-x86_64-fedora-gcc | 0.9.0 | 209.77 | OK | |||
r-devel-windows-x86_64 | 0.9.0 | 70.00 | 100.00 | 170.00 | OK | |
r-patched-linux-x86_64 | 0.9.0 | 46.16 | 82.62 | 128.78 | OK | |
r-release-linux-x86_64 | 0.9.0 | 47.04 | 84.56 | 131.60 | OK | |
r-release-macos-arm64 | 0.9.0 | 58.00 | OK | |||
r-release-macos-x86_64 | 0.9.0 | 106.00 | OK | |||
r-release-windows-x86_64 | 0.9.0 | 73.00 | 100.00 | 173.00 | OK | |
r-oldrel-macos-arm64 | 0.9.0 | 56.00 | NOTE | |||
r-oldrel-macos-x86_64 | 0.9.0 | 120.00 | NOTE | |||
r-oldrel-windows-x86_64 | 0.9.0 | 85.00 | 126.00 | 211.00 | OK |
Version: 0.9.0
Check: HTML version of manual
Result: NOTE
Found the following HTML validation problems:
config.html:616:1 (config.Rd:427): Warning: missing </ul> before </div>
config.html:203:1 (config.Rd:141): Warning: <h4> anchor "Usage" already defined
config.html:244:1 (config.Rd:170): Warning: <h5> anchor "Usage" already defined
config.html:257:1 (config.Rd:182): Warning: <h5> anchor "Arguments" already defined
config.html:289:1 (config.Rd:201): Warning: <h5> anchor "Value" already defined
config.html:301:1 (config.Rd:209): Warning: <h5> anchor "Usage" already defined
config.html:308:1 (config.Rd:215): Warning: <h5> anchor "Arguments" already defined
config.html:319:1 (config.Rd:221): Warning: <h5> anchor "Value" already defined
config.html:364:1 (config.Rd:253): Warning: <h5> anchor "Usage" already defined
config.html:371:1 (config.Rd:259): Warning: <h5> anchor "Arguments" already defined
config.html:386:1 (config.Rd:267): Warning: <h5> anchor "Value" already defined
config.html:402:1 (config.Rd:279): Warning: <h5> anchor "Usage" already defined
config.html:409:1 (config.Rd:285): Warning: <h5> anchor "Arguments" already defined
config.html:420:1 (config.Rd:291): Warning: <h5> anchor "Value" already defined
config.html:434:1 (config.Rd:301): Warning: <h5> anchor "Usage" already defined
config.html:441:1 (config.Rd:307): Warning: <h5> anchor "Arguments" already defined
config.html:456:1 (config.Rd:317): Warning: <h5> anchor "Value" already defined
config.html:470:1 (config.Rd:327): Warning: <h5> anchor "Usage" already defined
config.html:477:1 (config.Rd:333): Warning: <h5> anchor "Value" already defined
config.html:489:1 (config.Rd:341): Warning: <h5> anchor "Usage" already defined
config.html:496:1 (config.Rd:347): Warning: <h5> anchor "Arguments" already defined
config.html:507:1 (config.Rd:353): Warning: <h5> anchor "Value" already defined
config.html:524:1 (config.Rd:366): Warning: <h5> anchor "Usage" already defined
config.html:531:1 (config.Rd:372): Warning: <h5> anchor "Value" already defined
config.html:547:1 (config.Rd:384): Warning: <h5> anchor "Usage" already defined
config.html:554:1 (config.Rd:390): Warning: <h5> anchor "Arguments" already defined
config.html:565:1 (config.Rd:396): Warning: <h5> anchor "Value" already defined
config.html:579:1 (config.Rd:406): Warning: <h5> anchor "Usage" already defined
config.html:586:1 (config.Rd:412): Warning: <h5> anchor "Arguments" already defined
config.html:605:1 (config.Rd:422): Warning: <h5> anchor "Value" already defined
ghr.html:379:1 (ghr.Rd:226): Warning: missing </ul> before </div>
ghr.html:91:1 (ghr.Rd:46): Warning: <h5> anchor "Description" already defined
ghr.html:101:1 (ghr.Rd:54): Warning: <h5> anchor "Usage" already defined
ghr.html:108:1 (ghr.Rd:60): Warning: <h5> anchor "Arguments" already defined
ghr.html:122:1 (ghr.Rd:67): Warning: <h5> anchor "Value" already defined
ghr.html:136:1 (ghr.Rd:77): Warning: <h5> anchor "Description" already defined
ghr.html:145:1 (ghr.Rd:84): Warning: <h5> anchor "Usage" already defined
ghr.html:152:1 (ghr.Rd:90): Warning: <h5> anchor "Arguments" already defined
ghr.html:166:1 (ghr.Rd:97): Warning: <h5> anchor "Value" already defined
ghr.html:202:1 (ghr.Rd:114): Warning: <h5> anchor "Description" already defined
ghr.html:211:1 (ghr.Rd:121): Warning: <h5> anchor "Usage" already defined
ghr.html:218:1 (ghr.Rd:127): Warning: <h5> anchor "Arguments" already defined
ghr.html:246:1 (ghr.Rd:142): Warning: <h5> anchor "Value" already defined
ghr.html:260:1 (ghr.Rd:152): Warning: <h5> anchor "Description" already defined
ghr.html:269:1 (ghr.Rd:159): Warning: <h5> anchor "Usage" already defined
ghr.html:277:1 (ghr.Rd:166): Warning: <h5> anchor "Arguments" already defined
ghr.html:294:1 (ghr.Rd:174): Warning: <h5> anchor "Value" already defined
ghr.html:317:1 (ghr.Rd:188): Warning: <h5> anchor "Description" already defined
ghr.html:326:1 (ghr.Rd:195): Warning: <h5> anchor "Usage" already defined
ghr.html:340:1 (ghr.Rd:208): Warning: <h5> anchor "Arguments" already defined
ghr.html:366:1 (ghr.Rd:219): Warning: <h5> anchor "Value" already defined
ghrepo.html:82:1 (ghrepo.Rd:40): Warning: missing </ul> before </div>
git-protocol.html:115:1 (git-protocol.Rd:46): Warning: missing </ul> before </div>
lib_status.html:163:1 (lib_status.Rd:67): Warning: missing </ul> before </div>
pkg_deps.html:206:1 (pkg_deps.Rd:192): Warning: <h5> anchor "Usage" already defined
pkg_deps.html:212:1 (pkg_deps.Rd:196): Warning: <h5> anchor "Returns" already defined
pkg_deps.html:231:1 (pkg_deps.Rd:207): Warning: <h5> anchor "Usage" already defined
pkg_deps.html:237:1 (pkg_deps.Rd:211): Warning: <h5> anchor "Returns" already defined
pkg_deps.html:258:1 (pkg_deps.Rd:224): Warning: <h5> anchor "Usage" already defined
pkg_deps.html:264:1 (pkg_deps.Rd:228): Warning: <h5> anchor "Returns" already defined
pkg_deps.html:282:1 (pkg_deps.Rd:238): Warning: <h5> anchor "Usage" already defined
pkg_deps.html:288:1 (pkg_deps.Rd:242): Warning: <h5> anchor "Returns" already defined
pkg_deps.html:306:1 (pkg_deps.Rd:252): Warning: <h5> anchor "Usage" already defined
pkg_deps.html:312:1 (pkg_deps.Rd:256): Warning: <h5> anchor "Returns" already defined
pkg_deps.html:331:1 (pkg_deps.Rd:267): Warning: <h5> anchor "Usage" already defined
pkg_deps.html:337:1 (pkg_deps.Rd:271): Warning: <h5> anchor "Returns" already defined
pkg_deps.html:357:1 (pkg_deps.Rd:283): Warning: <h5> anchor "Usage" already defined
pkg_deps.html:363:1 (pkg_deps.Rd:287): Warning: <h5> anchor "Arguments" already defined
pkg_deps.html:394:1 (pkg_deps.Rd:308): Warning: <h5> anchor "Usage" already defined
pkg_deps.html:400:1 (pkg_deps.Rd:312): Warning: <h5> anchor "Returns" already defined
pkg_deps.html:417:1 (pkg_deps.Rd:321): Warning: <h5> anchor "Usage" already defined
pkg_deps.html:423:1 (pkg_deps.Rd:325): Warning: <h5> anchor "Returns" already defined
pkg_deps.html:442:1 (pkg_deps.Rd:336): Warning: <h5> anchor "Usage" already defined
pkg_deps.html:460:1 (pkg_deps.Rd:348): Warning: <h5> anchor "Usage" already defined
pkg_deps.html:466:1 (pkg_deps.Rd:352): Warning: <h5> anchor "Returns" already defined
pkg_deps.html:483:1 (pkg_deps.Rd:361): Warning: <h5> anchor "Usage" already defined
pkg_deps.html:489:1 (pkg_deps.Rd:365): Warning: <h5> anchor "Arguments" already defined
pkg_deps.html:502:1 (pkg_deps.Rd:372): Warning: <h5> anchor "Returns" already defined
pkg_deps.html:542:1 (pkg_deps.Rd:391): Warning: <h5> anchor "Usage" already defined
pkg_deps.html:548:1 (pkg_deps.Rd:395): Warning: <h5> anchor "Arguments" already defined
pkg_deps.html:561:1 (pkg_deps.Rd:402): Warning: <h5> anchor "Returns" already defined
pkg_deps.html:578:1 (pkg_deps.Rd:411): Warning: <h5> anchor "Usage" already defined
pkg_deps.html:584:1 (pkg_deps.Rd:415): Warning: <h5> anchor "Arguments" already defined
pkg_download_proposal.html:199:1 (pkg_download_proposal.Rd:153): Warning: <h5> anchor "Usage" already defined
pkg_download_proposal.html:224:1 (pkg_download_proposal.Rd:168): Warning: <h5> anchor "Usage" already defined
pkg_download_proposal.html:230:1 (pkg_download_proposal.Rd:172): Warning: <h5> anchor "Returns" already defined
pkg_download_proposal.html:252:1 (pkg_download_proposal.Rd:186): Warning: <h5> anchor "Usage" already defined
pkg_download_proposal.html:258:1 (pkg_download_proposal.Rd:190): Warning: <h5> anchor "Returns" already defined
pkg_download_proposal.html:276:1 (pkg_download_proposal.Rd:200): Warning: <h5> anchor "Usage" already defined
pkg_download_proposal.html:282:1 (pkg_download_proposal.Rd:204): Warning: <h5> anchor "Returns" already defined
pkg_download_proposal.html:300:1 (pkg_download_proposal.Rd:214): Warning: <h5> anchor "Usage" already defined
pkg_download_proposal.html:306:1 (pkg_download_proposal.Rd:218): Warning: <h5> anchor "Returns" already defined
pkg_download_proposal.html:325:1 (pkg_download_proposal.Rd:229): Warning: <h5> anchor "Usage" already defined
pkg_download_proposal.html:331:1 (pkg_download_proposal.Rd:233): Warning: <h5> anchor "Returns" already defined
pkg_download_proposal.html:349:1 (pkg_download_proposal.Rd:243): Warning: <h5> anchor "Usage" already defined
pkg_download_proposal.html:355:1 (pkg_download_proposal.Rd:247): Warning: <h5> anchor "Returns" already defined
pkg_download_proposal.html:372:1 (pkg_download_proposal.Rd:256): Warning: <h5> anchor "Usage" already defined
pkg_download_proposal.html:378:1 (pkg_download_proposal.Rd:260): Warning: <h5> anchor "Returns" already defined
pkg_download_proposal.html:398:1 (pkg_download_proposal.Rd:272): Warning: <h5> anchor "Usage" already defined
pkg_download_proposal.html:414:1 (pkg_download_proposal.Rd:282): Warning: <h5> anchor "Usage" already defined
pkg_download_proposal.html:420:1 (pkg_download_proposal.Rd:286): Warning: <h5> anchor "Arguments" already defined
pkg_download_proposal.html:433:1 (pkg_download_proposal.Rd:293): Warning: <h5> anchor "Returns" already defined
pkg_download_proposal.html:475:1 (pkg_download_proposal.Rd:314): Warning: <h5> anchor "Usage" already defined
pkg_download_proposal.html:481:1 (pkg_download_proposal.Rd:318): Warning: <h5> anchor "Arguments" already defined
pkg_download_proposal.html:494:1 (pkg_download_proposal.Rd:325): Warning: <h5> anchor "Returns" already defined
pkg_download_proposal.html:511:1 (pkg_download_proposal.Rd:334): Warning: <h5> anchor "Usage" already defined
pkg_download_proposal.html:517:1 (pkg_download_proposal.Rd:338): Warning: <h5> anchor "Arguments" already defined
pkg_downloads.html:190:1 (pkg_downloads.Rd:94): Warning: missing </ul> before </div>
pkg_installation_plan.html:384:1 (pkg_installation_plan.Rd:228): Warning: missing </ul> before </div>
pkg_installation_plan.html:198:1 (pkg_installation_plan.Rd:115): Warning: <h5> anchor "Usage" already defined
pkg_installation_plan.html:214:1 (pkg_installation_plan.Rd:125): Warning: <h5> anchor "Usage" already defined
pkg_installation_plan.html:231:1 (pkg_installation_plan.Rd:136): Warning: <h5> anchor "Usage" already defined
pkg_installation_plan.html:247:1 (pkg_installation_plan.Rd:146): Warning: <h5> anchor "Usage" already defined
pkg_installation_plan.html:263:1 (pkg_installation_plan.Rd:156): Warning: <h5> anchor "Usage" already defined
pkg_installation_plan.html:282:1 (pkg_installation_plan.Rd:169): Warning: <h5> anchor "Usage" already defined
pkg_installation_plan.html:309:1 (pkg_installation_plan.Rd:187): Warning: <h5> anchor "Usage" already defined
pkg_installation_plan.html:325:1 (pkg_installation_plan.Rd:197): Warning: <h5> anchor "Usage" already defined
pkg_installation_plan.html:331:1 (pkg_installation_plan.Rd:201): Warning: <h5> anchor "Arguments" already defined
pkg_installation_plan.html:361:1 (pkg_installation_plan.Rd:217): Warning: <h5> anchor "Usage" already defined
pkg_installation_plan.html:367:1 (pkg_installation_plan.Rd:221): Warning: <h5> anchor "Arguments" already defined
pkg_installation_proposal.html:248:1 (pkg_installation_proposal.Rd:341): Warning: <h5> anchor "Usage" already defined
pkg_installation_proposal.html:273:1 (pkg_installation_proposal.Rd:356): Warning: <h5> anchor "Usage" already defined
pkg_installation_proposal.html:279:1 (pkg_installation_proposal.Rd:360): Warning: <h5> anchor "Returns" already defined
pkg_installation_proposal.html:301:1 (pkg_installation_proposal.Rd:374): Warning: <h5> anchor "Usage" already defined
pkg_installation_proposal.html:307:1 (pkg_installation_proposal.Rd:378): Warning: <h5> anchor "Returns" already defined
pkg_installation_proposal.html:342:1 (pkg_installation_proposal.Rd:404): Warning: <h5> anchor "Usage" already defined
pkg_installation_proposal.html:348:1 (pkg_installation_proposal.Rd:408): Warning: <h5> anchor "Returns" already defined
pkg_installation_proposal.html:366:1 (pkg_installation_proposal.Rd:418): Warning: <h5> anchor "Usage" already defined
pkg_installation_proposal.html:372:1 (pkg_installation_proposal.Rd:422): Warning: <h5> anchor "Returns" already defined
pkg_installation_proposal.html:380:1 (pkg_installation_proposal.Rd:426): Warning: <h5> anchor "Examples" already defined
pkg_installation_proposal.html:407:1 (pkg_installation_proposal.Rd:448): Warning: <h5> anchor "Usage" already defined
pkg_installation_proposal.html:413:1 (pkg_installation_proposal.Rd:452): Warning: <h5> anchor "Returns" already defined
pkg_installation_proposal.html:433:1 (pkg_installation_proposal.Rd:464): Warning: <h5> anchor "Usage" already defined
pkg_installation_proposal.html:439:1 (pkg_installation_proposal.Rd:468): Warning: <h5> anchor "Arguments" already defined
pkg_installation_proposal.html:467:1 (pkg_installation_proposal.Rd:486): Warning: <h5> anchor "Usage" already defined
pkg_installation_proposal.html:473:1 (pkg_installation_proposal.Rd:490): Warning: <h5> anchor "Returns" already defined
pkg_installation_proposal.html:480:1 (pkg_installation_proposal.Rd:493): Warning: <h5> anchor "Examples" already defined
pkg_installation_proposal.html:507:1 (pkg_installation_proposal.Rd:515): Warning: <h5> anchor "Usage" already defined
pkg_installation_proposal.html:513:1 (pkg_installation_proposal.Rd:519): Warning: <h5> anchor "Returns" already defined
pkg_installation_proposal.html:521:1 (pkg_installation_proposal.Rd:523): Warning: <h5> anchor "Examples" already defined
pkg_installation_proposal.html:548:1 (pkg_installation_proposal.Rd:545): Warning: <h5> anchor "Usage" already defined
pkg_installation_proposal.html:554:1 (pkg_installation_proposal.Rd:549): Warning: <h5> anchor "Arguments" already defined
pkg_installation_proposal.html:567:1 (pkg_installation_proposal.Rd:556): Warning: <h5> anchor "Returns" already defined
pkg_installation_proposal.html:575:1 (pkg_installation_proposal.Rd:560): Warning: <h5> anchor "Examples" already defined
pkg_installation_proposal.html:603:1 (pkg_installation_proposal.Rd:583): Warning: <h5> anchor "Usage" already defined
pkg_installation_proposal.html:619:1 (pkg_installation_proposal.Rd:593): Warning: <h5> anchor "Usage" already defined
pkg_installation_proposal.html:636:1 (pkg_installation_proposal.Rd:604): Warning: <h5> anchor "Usage" already defined
pkg_installation_proposal.html:642:1 (pkg_installation_proposal.Rd:608): Warning: <h5> anchor "Examples" already defined
pkg_installation_proposal.html:673:1 (pkg_installation_proposal.Rd:634): Warning: <h5> anchor "Usage" already defined
pkg_installation_proposal.html:679:1 (pkg_installation_proposal.Rd:638): Warning: <h5> anchor "Arguments" already defined
pkg_installation_proposal.html:727:1 (pkg_installation_proposal.Rd:673): Warning: <h5> anchor "Usage" already defined
pkg_installation_proposal.html:733:1 (pkg_installation_proposal.Rd:677): Warning: <h5> anchor "Returns" already defined
pkg_installation_proposal.html:740:1 (pkg_installation_proposal.Rd:680): Warning: <h5> anchor "Examples" already defined
pkg_installation_proposal.html:769:1 (pkg_installation_proposal.Rd:704): Warning: <h5> anchor "Usage" already defined
pkg_installation_proposal.html:775:1 (pkg_installation_proposal.Rd:708): Warning: <h5> anchor "Returns" already defined
pkg_installation_proposal.html:782:1 (pkg_installation_proposal.Rd:711): Warning: <h5> anchor "Examples" already defined
pkg_installation_proposal.html:811:1 (pkg_installation_proposal.Rd:735): Warning: <h5> anchor "Usage" already defined
pkg_installation_proposal.html:817:1 (pkg_installation_proposal.Rd:739): Warning: <h5> anchor "Returns" already defined
pkg_installation_proposal.html:834:1 (pkg_installation_proposal.Rd:748): Warning: <h5> anchor "Usage" already defined
pkg_installation_proposal.html:840:1 (pkg_installation_proposal.Rd:752): Warning: <h5> anchor "Returns" already defined
pkg_installation_proposal.html:848:1 (pkg_installation_proposal.Rd:756): Warning: <h5> anchor "Examples" already defined
pkg_installation_proposal.html:878:1 (pkg_installation_proposal.Rd:781): Warning: <h5> anchor "Usage" already defined
pkg_installation_proposal.html:894:1 (pkg_installation_proposal.Rd:791): Warning: <h5> anchor "Usage" already defined
pkg_installation_proposal.html:900:1 (pkg_installation_proposal.Rd:795): Warning: <h5> anchor "Returns" already defined
pkg_installation_proposal.html:919:1 (pkg_installation_proposal.Rd:806): Warning: <h5> anchor "Usage" already defined
pkg_installation_proposal.html:933:1 (pkg_installation_proposal.Rd:815): Warning: <h5> anchor "Usage" already defined
pkg_installation_proposal.html:939:1 (pkg_installation_proposal.Rd:819): Warning: <h5> anchor "Returns" already defined
pkg_installation_proposal.html:947:1 (pkg_installation_proposal.Rd:823): Warning: <h5> anchor "Examples" already defined
pkg_installation_proposal.html:975:1 (pkg_installation_proposal.Rd:846): Warning: <h5> anchor "Usage" already defined
pkg_installation_proposal.html:981:1 (pkg_installation_proposal.Rd:850): Warning: <h5> anchor "Arguments" already defined
pkg_installation_proposal.html:994:1 (pkg_installation_proposal.Rd:857): Warning: <h5> anchor "Returns" already defined
pkg_installation_proposal.html:1039:1 (pkg_installation_proposal.Rd:879): Warning: <h5> anchor "Usage" already defined
pkg_installation_proposal.html:1045:1 (pkg_installation_proposal.Rd:883): Warning: <h5> anchor "Arguments" already defined
pkg_installation_proposal.html:1058:1 (pkg_installation_proposal.Rd:890): Warning: <h5> anchor "Returns" already defined
pkg_installation_proposal.html:1075:1 (pkg_installation_proposal.Rd:899): Warning: <h5> anchor "Usage" already defined
pkg_installation_proposal.html:1081:1 (pkg_installation_proposal.Rd:903): Warning: <h5> anchor "Arguments" already defined
pkg_refs.html:645:1 (pkg_refs.Rd:499): Warning: missing </ul> before </div>
pkg_resolution.html:220:1 (pkg_resolution.Rd:122): Warning: missing </ul> before </div>
pkg_solution.html:174:1 (pkg_solution.Rd:108): Warning: missing </ul> before </div>
repo.html:325:1 (repo.Rd:172): Warning: missing </ul> before </div>
repo.html:146:1 (repo.Rd:67): Warning: <h5> anchor "Usage" already defined
repo.html:153:1 (repo.Rd:73): Warning: <h5> anchor "Arguments" already defined
repo.html:176:1 (repo.Rd:85): Warning: <h5> anchor "Description" already defined
repo.html:185:1 (repo.Rd:92): Warning: <h5> anchor "Usage" already defined
repo.html:192:1 (repo.Rd:98): Warning: <h5> anchor "Arguments" already defined
repo.html:214:1 (repo.Rd:109): Warning: <h5> anchor "Description" already defined
repo.html:237:1 (repo.Rd:121): Warning: <h5> anchor "Usage" already defined
repo.html:244:1 (repo.Rd:127): Warning: <h5> anchor "Arguments" already defined
repo.html:266:1 (repo.Rd:138): Warning: <h5> anchor "Description" already defined
repo.html:293:1 (repo.Rd:154): Warning: <h5> anchor "Usage" already defined
repo.html:300:1 (repo.Rd:160): Warning: <h5> anchor "Arguments" already defined
Flavor: r-devel-linux-x86_64-debian-gcc
Version: 0.9.0
Check: installed package size
Result: NOTE
installed size is 6.1Mb
sub-directories of 1Mb or more:
R 2.1Mb
libs 3.1Mb
Flavors: r-oldrel-macos-arm64, r-oldrel-macos-x86_64