Last updated on 2025-10-21 09:48:41 CEST.
Flavor | Version | Tinstall | Tcheck | Ttotal | Status | Flags |
---|---|---|---|---|---|---|
r-devel-linux-x86_64-debian-clang | 0.5.0 | 11.09 | 41.52 | 52.61 | OK | |
r-devel-linux-x86_64-debian-gcc | 0.5.0 | 6.12 | 31.08 | 37.20 | NOTE | |
r-devel-linux-x86_64-fedora-clang | 0.5.0 | 75.10 | OK | |||
r-devel-linux-x86_64-fedora-gcc | 0.5.0 | 73.25 | OK | |||
r-devel-windows-x86_64 | 0.5.0 | 14.00 | 59.00 | 73.00 | OK | |
r-patched-linux-x86_64 | 0.5.0 | 10.08 | 38.12 | 48.20 | OK | |
r-release-linux-x86_64 | 0.5.0 | 10.34 | 38.16 | 48.50 | OK | |
r-release-macos-arm64 | 0.5.0 | 26.00 | OK | |||
r-release-macos-x86_64 | 0.5.0 | 45.00 | OK | |||
r-release-windows-x86_64 | 0.5.0 | 13.00 | 59.00 | 72.00 | OK | |
r-oldrel-macos-arm64 | 0.5.0 | 37.00 | OK | |||
r-oldrel-macos-x86_64 | 0.5.0 | 39.00 | OK | |||
r-oldrel-windows-x86_64 | 0.5.0 | 16.00 | 67.00 | 83.00 | OK |
Version: 0.5.0
Check: HTML version of manual
Result: NOTE
Found the following HTML validation problems:
AbstractGraph.html:257:1 (AbstractGraph.Rd:145): Warning: missing </ul> before </div>
AbstractGraph.html:136:1 (AbstractGraph.Rd:78): Warning: <h5> anchor "Usage" already defined
AbstractGraph.html:142:1 (AbstractGraph.Rd:82): Warning: <h5> anchor "Arguments" already defined
AbstractGraph.html:156:1 (AbstractGraph.Rd:90): Warning: <h5> anchor "Returns" already defined
AbstractGraph.html:174:1 (AbstractGraph.Rd:100): Warning: <h5> anchor "Usage" already defined
AbstractGraph.html:180:1 (AbstractGraph.Rd:104): Warning: <h5> anchor "Arguments" already defined
AbstractGraph.html:194:1 (AbstractGraph.Rd:112): Warning: <h5> anchor "Returns" already defined
AbstractGraph.html:211:1 (AbstractGraph.Rd:121): Warning: <h5> anchor "Usage" already defined
AbstractGraph.html:217:1 (AbstractGraph.Rd:125): Warning: <h5> anchor "Returns" already defined
AbstractGraph.html:234:1 (AbstractGraph.Rd:134): Warning: <h5> anchor "Usage" already defined
AbstractGraph.html:240:1 (AbstractGraph.Rd:138): Warning: <h5> anchor "Arguments" already defined
AbstractGraphReporter.html:177:1 (AbstractGraphReporter.Rd:104): Warning: missing </ul> before </div>
AbstractGraphReporter.html:131:1 (AbstractGraphReporter.Rd:80): Warning: <h5> anchor "Usage" already defined
AbstractGraphReporter.html:137:1 (AbstractGraphReporter.Rd:84): Warning: <h5> anchor "Returns" already defined
AbstractGraphReporter.html:154:1 (AbstractGraphReporter.Rd:93): Warning: <h5> anchor "Usage" already defined
AbstractPackageReporter.html:162:1 (AbstractPackageReporter.Rd:86): Warning: missing </ul> before </div>
AbstractPackageReporter.html:116:1 (AbstractPackageReporter.Rd:62): Warning: <h5> anchor "Usage" already defined
AbstractPackageReporter.html:122:1 (AbstractPackageReporter.Rd:66): Warning: <h5> anchor "Returns" already defined
AbstractPackageReporter.html:139:1 (AbstractPackageReporter.Rd:75): Warning: <h5> anchor "Usage" already defined
AbstractPackageReporter.html:145:1 (AbstractPackageReporter.Rd:79): Warning: <h5> anchor "Arguments" already defined
CreatePackageVignette.html:69:1 (CreatePackageVignette.Rd:20): Warning: missing </ul> before </div>
DependencyReporter.html:143:1 (DependencyReporter.Rd:114): Warning: <h5> anchor "Usage" already defined
DependencyReporter.html:149:1 (DependencyReporter.Rd:118): Warning: <h5> anchor "Arguments" already defined
FunctionReporter.html:172:1 (FunctionReporter.Rd:110): Warning: <h5> anchor "Usage" already defined
PackageReport.html:219:1 (PackageReport.Rd:125): Warning: missing </ul> before </div>
PackageReport.html:144:1 (PackageReport.Rd:84): Warning: <h5> anchor "Usage" already defined
PackageReport.html:150:1 (PackageReport.Rd:88): Warning: <h5> anchor "Arguments" already defined
PackageReport.html:163:1 (PackageReport.Rd:95): Warning: <h5> anchor "Returns" already defined
PackageReport.html:180:1 (PackageReport.Rd:104): Warning: <h5> anchor "Usage" already defined
PackageReport.html:196:1 (PackageReport.Rd:114): Warning: <h5> anchor "Usage" already defined
PackageReport.html:202:1 (PackageReport.Rd:118): Warning: <h5> anchor "Arguments" already defined
SummaryReporter.html:103:1 (SummaryReporter.Rd:60): Warning: <h5> anchor "Usage" already defined
Flavor: r-devel-linux-x86_64-debian-gcc