Last updated on 2025-10-21 09:48:41 CEST.
Flavor | Version | Tinstall | Tcheck | Ttotal | Status | Flags |
---|---|---|---|---|---|---|
r-devel-linux-x86_64-debian-clang | 0.3.4 | 8.34 | 133.69 | 142.03 | NOTE | |
r-devel-linux-x86_64-debian-gcc | 0.3.4 | 5.68 | 94.97 | 100.65 | NOTE | |
r-devel-linux-x86_64-fedora-clang | 0.3.4 | 209.80 | NOTE | |||
r-devel-linux-x86_64-fedora-gcc | 0.3.4 | 219.69 | NOTE | |||
r-devel-windows-x86_64 | 0.3.4 | 13.00 | 175.00 | 188.00 | NOTE | |
r-patched-linux-x86_64 | 0.3.4 | 10.26 | 125.99 | 136.25 | NOTE | |
r-release-linux-x86_64 | 0.3.4 | 8.05 | 127.03 | 135.08 | NOTE | |
r-release-macos-arm64 | 0.3.4 | 77.00 | NOTE | |||
r-release-macos-x86_64 | 0.3.4 | 164.00 | NOTE | |||
r-release-windows-x86_64 | 0.3.4 | 13.00 | 178.00 | 191.00 | NOTE | |
r-oldrel-macos-arm64 | 0.3.4 | 73.00 | NOTE | |||
r-oldrel-macos-x86_64 | 0.3.4 | 105.00 | NOTE | |||
r-oldrel-windows-x86_64 | 0.3.4 | 16.00 | 200.00 | 216.00 | NOTE |
Version: 0.3.4
Check: Rd files
Result: NOTE
checkRd: (-1) check_hwe.Rd:103: Lost braces; missing escapes or markup?
103 | {'ALL', 'AFF', 'UNAFF', 'ALL(QT)', 'ALL(NP)'}), A1 (Allele 1; usually minor),
| ^
Flavors: r-devel-linux-x86_64-debian-clang, r-devel-linux-x86_64-debian-gcc, r-devel-linux-x86_64-fedora-clang, r-devel-linux-x86_64-fedora-gcc, r-devel-windows-x86_64, r-patched-linux-x86_64, r-release-linux-x86_64, r-release-macos-arm64, r-release-macos-x86_64, r-release-windows-x86_64, r-oldrel-macos-arm64, r-oldrel-macos-x86_64, r-oldrel-windows-x86_64
Version: 0.3.4
Check: HTML version of manual
Result: NOTE
Found the following HTML validation problems:
testNumerics.html:60:1 (testNumerics.Rd:17): Warning: missing </ul> before </div>
Flavor: r-devel-linux-x86_64-debian-gcc