Last updated on 2025-10-21 09:48:41 CEST.
Flavor | Version | Tinstall | Tcheck | Ttotal | Status | Flags |
---|---|---|---|---|---|---|
r-devel-linux-x86_64-debian-clang | 1.3.3 | 54.46 | 443.03 | 497.49 | OK | |
r-devel-linux-x86_64-debian-gcc | 1.3.3 | 34.46 | 292.82 | 327.28 | NOTE | |
r-devel-linux-x86_64-fedora-clang | 1.3.3 | 778.32 | OK | |||
r-devel-linux-x86_64-fedora-gcc | 1.3.3 | 773.44 | OK | |||
r-devel-windows-x86_64 | 1.3.3 | 54.00 | 640.00 | 694.00 | OK | |
r-patched-linux-x86_64 | 1.3.3 | 52.62 | 422.25 | 474.87 | OK | |
r-release-linux-x86_64 | 1.3.3 | 54.70 | 419.67 | 474.37 | OK | |
r-release-macos-arm64 | 1.3.3 | 185.00 | OK | |||
r-release-macos-x86_64 | 1.3.3 | 426.00 | OK | |||
r-release-windows-x86_64 | 1.3.3 | 53.00 | 644.00 | 697.00 | OK | |
r-oldrel-macos-arm64 | 1.3.3 | 185.00 | OK | |||
r-oldrel-macos-x86_64 | 1.3.3 | 486.00 | OK | |||
r-oldrel-windows-x86_64 | 1.3.3 | 76.00 | 892.00 | 968.00 | OK |
Version: 1.3.3
Check: HTML version of manual
Result: NOTE
Found the following HTML validation problems:
DispersalFriction.html:164:1 (DispersalFriction.Rd:139): Warning: <h5> anchor "Usage" already defined
DispersalFriction.html:170:1 (DispersalFriction.Rd:143): Warning: <h5> anchor "Arguments" already defined
DispersalGenerator.html:245:1 (DispersalGenerator.Rd:206): Warning: <h5> anchor "Usage" already defined
DispersalGenerator.html:268:1 (DispersalGenerator.Rd:219): Warning: <h5> anchor "Usage" already defined
DispersalGenerator.html:278:1 (DispersalGenerator.Rd:227): Warning: <h5> anchor "Arguments" already defined
DispersalGenerator.html:305:1 (DispersalGenerator.Rd:244): Warning: <h5> anchor "Usage" already defined
DispersalGenerator.html:311:1 (DispersalGenerator.Rd:248): Warning: <h5> anchor "Arguments" already defined
DispersalGenerator.html:324:1 (DispersalGenerator.Rd:255): Warning: <h5> anchor "Returns" already defined
DispersalGenerator.html:341:1 (DispersalGenerator.Rd:264): Warning: <h5> anchor "Usage" already defined
DispersalGenerator.html:347:1 (DispersalGenerator.Rd:268): Warning: <h5> anchor "Arguments" already defined
DispersalGenerator.html:372:1 (DispersalGenerator.Rd:283): Warning: <h5> anchor "Usage" already defined
DispersalGenerator.html:378:1 (DispersalGenerator.Rd:287): Warning: <h5> anchor "Arguments" already defined
DispersalGenerator.html:391:1 (DispersalGenerator.Rd:294): Warning: <h5> anchor "Returns" already defined
DispersalGenerator.html:408:1 (DispersalGenerator.Rd:303): Warning: <h5> anchor "Usage" already defined
DispersalGenerator.html:414:1 (DispersalGenerator.Rd:307): Warning: <h5> anchor "Arguments" already defined
GenerativeTemplate.html:123:1 (GenerativeTemplate.Rd:91): Warning: <h5> anchor "Usage" already defined
Generator.html:206:1 (Generator.Rd:199): Warning: <h5> anchor "Usage" already defined
Generator.html:212:1 (Generator.Rd:203): Warning: <h5> anchor "Arguments" already defined
Generator.html:242:1 (Generator.Rd:219): Warning: <h5> anchor "Usage" already defined
Generator.html:248:1 (Generator.Rd:223): Warning: <h5> anchor "Arguments" already defined
Generator.html:261:1 (Generator.Rd:230): Warning: <h5> anchor "Returns" already defined
Generator.html:278:1 (Generator.Rd:239): Warning: <h5> anchor "Usage" already defined
Generator.html:284:1 (Generator.Rd:243): Warning: <h5> anchor "Arguments" already defined
Generator.html:297:1 (Generator.Rd:250): Warning: <h5> anchor "Returns" already defined
Generator.html:315:1 (Generator.Rd:260): Warning: <h5> anchor "Usage" already defined
Generator.html:326:1 (Generator.Rd:269): Warning: <h5> anchor "Arguments" already defined
Generator.html:358:1 (Generator.Rd:291): Warning: <h5> anchor "Usage" already defined
Generator.html:364:1 (Generator.Rd:295): Warning: <h5> anchor "Arguments" already defined
Generator.html:391:1 (Generator.Rd:312): Warning: <h5> anchor "Usage" already defined
Generator.html:404:1 (Generator.Rd:323): Warning: <h5> anchor "Arguments" already defined
Generator.html:437:1 (Generator.Rd:346): Warning: <h5> anchor "Usage" already defined
Generator.html:443:1 (Generator.Rd:350): Warning: <h5> anchor "Arguments" already defined
Generator.html:456:1 (Generator.Rd:357): Warning: <h5> anchor "Returns" already defined
Generator.html:473:1 (Generator.Rd:366): Warning: <h5> anchor "Usage" already defined
Generator.html:479:1 (Generator.Rd:370): Warning: <h5> anchor "Arguments" already defined
Generator.html:492:1 (Generator.Rd:377): Warning: <h5> anchor "Returns" already defined
Generator.html:509:1 (Generator.Rd:386): Warning: <h5> anchor "Usage" already defined
Generator.html:515:1 (Generator.Rd:390): Warning: <h5> anchor "Arguments" already defined
Generator.html:528:1 (Generator.Rd:397): Warning: <h5> anchor "Returns" already defined
Generator.html:545:1 (Generator.Rd:406): Warning: <h5> anchor "Usage" already defined
Generator.html:551:1 (Generator.Rd:410): Warning: <h5> anchor "Arguments" already defined
Generator.html:576:1 (Generator.Rd:425): Warning: <h5> anchor "Usage" already defined
Generator.html:582:1 (Generator.Rd:429): Warning: <h5> anchor "Returns" already defined
Generator.html:599:1 (Generator.Rd:438): Warning: <h5> anchor "Usage" already defined
Generator.html:605:1 (Generator.Rd:442): Warning: <h5> anchor "Arguments" already defined
GenericClass.html:102:1 (GenericClass.Rd:69): Warning: <h5> anchor "Usage" already defined
GenericClass.html:108:1 (GenericClass.Rd:73): Warning: <h5> anchor "Arguments" already defined
GenericClass.html:138:1 (GenericClass.Rd:89): Warning: <h5> anchor "Usage" already defined
GenericClass.html:144:1 (GenericClass.Rd:93): Warning: <h5> anchor "Arguments" already defined
GenericManager.html:151:1 (GenericManager.Rd:96): Warning: <h5> anchor "Usage" already defined
GenericManager.html:157:1 (GenericManager.Rd:100): Warning: <h5> anchor "Arguments" already defined
GenericManager.html:187:1 (GenericManager.Rd:116): Warning: <h5> anchor "Usage" already defined
GenericManager.html:193:1 (GenericManager.Rd:120): Warning: <h5> anchor "Arguments" already defined
GenericManager.html:208:1 (GenericManager.Rd:129): Warning: <h5> anchor "Returns" already defined
GenericManager.html:226:1 (GenericManager.Rd:139): Warning: <h5> anchor "Usage" already defined
GenericManager.html:232:1 (GenericManager.Rd:143): Warning: <h5> anchor "Arguments" already defined
GenericManager.html:246:1 (GenericManager.Rd:151): Warning: <h5> anchor "Returns" already defined
GenericManager.html:263:1 (GenericManager.Rd:160): Warning: <h5> anchor "Usage" already defined
GenericManager.html:269:1 (GenericManager.Rd:164): Warning: <h5> anchor "Arguments" already defined
GenericModel.html:151:1 (GenericModel.Rd:101): Warning: <h5> anchor "Usage" already defined
GenericModel.html:157:1 (GenericModel.Rd:105): Warning: <h5> anchor "Arguments" already defined
GenericModel.html:187:1 (GenericModel.Rd:121): Warning: <h5> anchor "Usage" already defined
GenericModel.html:193:1 (GenericModel.Rd:125): Warning: <h5> anchor "Returns" already defined
GenericModel.html:210:1 (GenericModel.Rd:134): Warning: <h5> anchor "Usage" already defined
GenericModel.html:216:1 (GenericModel.Rd:138): Warning: <h5> anchor "Arguments" already defined
GenericModel.html:229:1 (GenericModel.Rd:145): Warning: <h5> anchor "Returns" already defined
GenericModel.html:246:1 (GenericModel.Rd:154): Warning: <h5> anchor "Usage" already defined
GenericModel.html:252:1 (GenericModel.Rd:158): Warning: <h5> anchor "Arguments" already defined
GenericModel.html:265:1 (GenericModel.Rd:165): Warning: <h5> anchor "Returns" already defined
GenericModel.html:282:1 (GenericModel.Rd:174): Warning: <h5> anchor "Usage" already defined
GenericModel.html:288:1 (GenericModel.Rd:178): Warning: <h5> anchor "Arguments" already defined
GenericModel.html:301:1 (GenericModel.Rd:185): Warning: <h5> anchor "Returns" already defined
GenericModel.html:318:1 (GenericModel.Rd:194): Warning: <h5> anchor "Usage" already defined
GenericModel.html:324:1 (GenericModel.Rd:198): Warning: <h5> anchor "Arguments" already defined
GenericModel.html:349:1 (GenericModel.Rd:213): Warning: <h5> anchor "Usage" already defined
GenericModel.html:355:1 (GenericModel.Rd:217): Warning: <h5> anchor "Arguments" already defined
LatinHypercubeSampler.html:160:1 (LatinHypercubeSampler.Rd:100): Warning: <h5> anchor "Usage" already defined
LatinHypercubeSampler.html:166:1 (LatinHypercubeSampler.Rd:104): Warning: <h5> anchor "Arguments" already defined
LatinHypercubeSampler.html:191:1 (LatinHypercubeSampler.Rd:119): Warning: <h5> anchor "Usage" already defined
LatinHypercubeSampler.html:202:1 (LatinHypercubeSampler.Rd:128): Warning: <h5> anchor "Arguments" already defined
LatinHypercubeSampler.html:231:1 (LatinHypercubeSampler.Rd:147): Warning: <h5> anchor "Usage" already defined
LatinHypercubeSampler.html:242:1 (LatinHypercubeSampler.Rd:156): Warning: <h5> anchor "Arguments" already defined
LatinHypercubeSampler.html:271:1 (LatinHypercubeSampler.Rd:175): Warning: <h5> anchor "Usage" already defined
LatinHypercubeSampler.html:277:1 (LatinHypercubeSampler.Rd:179): Warning: <h5> anchor "Arguments" already defined
LatinHypercubeSampler.html:302:1 (LatinHypercubeSampler.Rd:194): Warning: <h5> anchor "Usage" already defined
LatinHypercubeSampler.html:315:1 (LatinHypercubeSampler.Rd:205): Warning: <h5> anchor "Arguments" already defined
LatinHypercubeSampler.html:348:1 (LatinHypercubeSampler.Rd:228): Warning: <h5> anchor "Usage" already defined
LatinHypercubeSampler.html:361:1 (LatinHypercubeSampler.Rd:239): Warning: <h5> anchor "Arguments" already defined
LatinHypercubeSampler.html:394:1 (LatinHypercubeSampler.Rd:262): Warning: <h5> anchor "Usage" already defined
LatinHypercubeSampler.html:407:1 (LatinHypercubeSampler.Rd:273): Warning: <h5> anchor "Arguments" already defined
LatinHypercubeSampler.html:440:1 (LatinHypercubeSampler.Rd:296): Warning: <h5> anchor "Usage" already defined
LatinHypercubeSampler.html:452:1 (LatinHypercubeSampler.Rd:306): Warning: <h5> anchor "Arguments" already defined
LatinHypercubeSampler.html:483:1 (LatinHypercubeSampler.Rd:327): Warning: <h5> anchor "Usage" already defined
LatinHypercubeSampler.html:489:1 (LatinHypercubeSampler.Rd:331): Warning: <h5> anchor "Arguments" already defined
LatinHypercubeSampler.html:521:1 (LatinHypercubeSampler.Rd:349): Warning: <h5> anchor "Usage" already defined
LatinHypercubeSampler.html:527:1 (LatinHypercubeSampler.Rd:353): Warning: <h5> anchor "Arguments" already defined
ModelSimulator.html:140:1 (ModelSimulator.Rd:100): Warning: <h5> anchor "Usage" already defined
ModelSimulator.html:146:1 (ModelSimulator.Rd:104): Warning: <h5> anchor "Arguments" already defined
ModelSimulator.html:176:1 (ModelSimulator.Rd:120): Warning: <h5> anchor "Usage" already defined
ModelSimulator.html:182:1 (ModelSimulator.Rd:124): Warning: <h5> anchor "Arguments" already defined
ModelSimulator.html:195:1 (ModelSimulator.Rd:131): Warning: <h5> anchor "Returns" already defined
ModelSimulator.html:212:1 (ModelSimulator.Rd:140): Warning: <h5> anchor "Usage" already defined
ModelSimulator.html:218:1 (ModelSimulator.Rd:144): Warning: <h5> anchor "Returns" already defined
ModelSimulator.html:235:1 (ModelSimulator.Rd:153): Warning: <h5> anchor "Usage" already defined
ModelSimulator.html:241:1 (ModelSimulator.Rd:157): Warning: <h5> anchor "Arguments" already defined
PopulationModel.html:225:1 (PopulationModel.Rd:211): Warning: <h5> anchor "Usage" already defined
PopulationModel.html:231:1 (PopulationModel.Rd:215): Warning: <h5> anchor "Arguments" already defined
PopulationModel.html:261:1 (PopulationModel.Rd:231): Warning: <h5> anchor "Usage" already defined
PopulationModel.html:267:1 (PopulationModel.Rd:235): Warning: <h5> anchor "Arguments" already defined
Region.html:152:1 (Region.Rd:116): Warning: <h5> anchor "Usage" already defined
Region.html:158:1 (Region.Rd:120): Warning: <h5> anchor "Arguments" already defined
Region.html:188:1 (Region.Rd:136): Warning: <h5> anchor "Usage" already defined
Region.html:194:1 (Region.Rd:140): Warning: <h5> anchor "Arguments" already defined
Region.html:207:1 (Region.Rd:147): Warning: <h5> anchor "Returns" already defined
Region.html:224:1 (Region.Rd:156): Warning: <h5> anchor "Usage" already defined
Region.html:230:1 (Region.Rd:160): Warning: <h5> anchor "Arguments" already defined
ResultsManager.html:172:1 (ResultsManager.Rd:157): Warning: <h5> anchor "Usage" already defined
ResultsManager.html:178:1 (ResultsManager.Rd:161): Warning: <h5> anchor "Arguments" already defined
ResultsManager.html:208:1 (ResultsManager.Rd:177): Warning: <h5> anchor "Usage" already defined
ResultsManager.html:214:1 (ResultsManager.Rd:181): Warning: <h5> anchor "Arguments" already defined
ResultsManager.html:237:1 (ResultsManager.Rd:194): Warning: <h5> anchor "Usage" already defined
ResultsManager.html:243:1 (ResultsManager.Rd:198): Warning: <h5> anchor "Arguments" already defined
ResultsManager.html:258:1 (ResultsManager.Rd:207): Warning: <h5> anchor "Returns" already defined
ResultsManager.html:275:1 (ResultsManager.Rd:216): Warning: <h5> anchor "Usage" already defined
ResultsManager.html:281:1 (ResultsManager.Rd:220): Warning: <h5> anchor "Arguments" already defined
ResultsManager.html:294:1 (ResultsManager.Rd:227): Warning: <h5> anchor "Returns" already defined
ResultsManager.html:311:1 (ResultsManager.Rd:236): Warning: <h5> anchor "Usage" already defined
ResultsManager.html:317:1 (ResultsManager.Rd:240): Warning: <h5> anchor "Arguments" already defined
ResultsManager.html:340:1 (ResultsManager.Rd:253): Warning: <h5> anchor "Usage" already defined
ResultsManager.html:346:1 (ResultsManager.Rd:257): Warning: <h5> anchor "Arguments" already defined
SimulationManager.html:155:1 (SimulationManager.Rd:167): Warning: <h5> anchor "Usage" already defined
SimulationManager.html:161:1 (SimulationManager.Rd:171): Warning: <h5> anchor "Arguments" already defined
SimulationManager.html:191:1 (SimulationManager.Rd:187): Warning: <h5> anchor "Usage" already defined
SimulationManager.html:197:1 (SimulationManager.Rd:191): Warning: <h5> anchor "Arguments" already defined
SimulationManager.html:222:1 (SimulationManager.Rd:206): Warning: <h5> anchor "Usage" already defined
SimulationManager.html:228:1 (SimulationManager.Rd:210): Warning: <h5> anchor "Arguments" already defined
SimulationManager.html:251:1 (SimulationManager.Rd:223): Warning: <h5> anchor "Usage" already defined
SimulationManager.html:257:1 (SimulationManager.Rd:227): Warning: <h5> anchor "Arguments" already defined
SimulationModel.html:191:1 (SimulationModel.Rd:156): Warning: <h5> anchor "Usage" already defined
SimulationModel.html:197:1 (SimulationModel.Rd:160): Warning: <h5> anchor "Arguments" already defined
SimulationModel.html:227:1 (SimulationModel.Rd:176): Warning: <h5> anchor "Usage" already defined
SimulationModel.html:233:1 (SimulationModel.Rd:180): Warning: <h5> anchor "Returns" already defined
SimulationModel.html:250:1 (SimulationModel.Rd:189): Warning: <h5> anchor "Usage" already defined
SimulationModel.html:256:1 (SimulationModel.Rd:193): Warning: <h5> anchor "Arguments" already defined
SimulationModel.html:269:1 (SimulationModel.Rd:200): Warning: <h5> anchor "Returns" already defined
SimulationModel.html:286:1 (SimulationModel.Rd:209): Warning: <h5> anchor "Usage" already defined
SimulationModel.html:292:1 (SimulationModel.Rd:213): Warning: <h5> anchor "Arguments" already defined
SimulationModel.html:317:1 (SimulationModel.Rd:228): Warning: <h5> anchor "Usage" already defined
SimulationModel.html:323:1 (SimulationModel.Rd:232): Warning: <h5> anchor "Arguments" already defined
SimulationModel.html:348:1 (SimulationModel.Rd:247): Warning: <h5> anchor "Usage" already defined
SimulationModel.html:354:1 (SimulationModel.Rd:251): Warning: <h5> anchor "Arguments" already defined
SimulationModel.html:367:1 (SimulationModel.Rd:258): Warning: <h5> anchor "Returns" already defined
SimulationModel.html:384:1 (SimulationModel.Rd:267): Warning: <h5> anchor "Usage" already defined
SimulationModel.html:390:1 (SimulationModel.Rd:271): Warning: <h5> anchor "Arguments" already defined
SimulationModel.html:403:1 (SimulationModel.Rd:278): Warning: <h5> anchor "Returns" already defined
SimulationModel.html:420:1 (SimulationModel.Rd:287): Warning: <h5> anchor "Usage" already defined
SimulationModel.html:426:1 (SimulationModel.Rd:291): Warning: <h5> anchor "Arguments" already defined
SimulationModel.html:439:1 (SimulationModel.Rd:298): Warning: <h5> anchor "Returns" already defined
SimulationModel.html:456:1 (SimulationModel.Rd:307): Warning: <h5> anchor "Usage" already defined
SimulationModel.html:462:1 (SimulationModel.Rd:311): Warning: <h5> anchor "Returns" already defined
SimulationModel.html:479:1 (SimulationModel.Rd:320): Warning: <h5> anchor "Usage" already defined
SimulationModel.html:485:1 (SimulationModel.Rd:324): Warning: <h5> anchor "Returns" already defined
SimulationModel.html:502:1 (SimulationModel.Rd:333): Warning: <h5> anchor "Usage" already defined
SimulationModel.html:508:1 (SimulationModel.Rd:337): Warning: <h5> anchor "Arguments" already defined
SimulationModel.html:521:1 (SimulationModel.Rd:344): Warning: <h5> anchor "Returns" already defined
SimulationModel.html:538:1 (SimulationModel.Rd:353): Warning: <h5> anchor "Usage" already defined
SimulationModel.html:544:1 (SimulationModel.Rd:357): Warning: <h5> anchor "Arguments" already defined
SimulationResults.html:161:1 (SimulationResults.Rd:136): Warning: <h5> anchor "Usage" already defined
SimulationResults.html:167:1 (SimulationResults.Rd:140): Warning: <h5> anchor "Arguments" already defined
SimulationResults.html:197:1 (SimulationResults.Rd:156): Warning: <h5> anchor "Usage" already defined
SimulationResults.html:203:1 (SimulationResults.Rd:160): Warning: <h5> anchor "Arguments" already defined
SimulationResults.html:216:1 (SimulationResults.Rd:167): Warning: <h5> anchor "Returns" already defined
SimulationResults.html:233:1 (SimulationResults.Rd:176): Warning: <h5> anchor "Usage" already defined
SimulationResults.html:239:1 (SimulationResults.Rd:180): Warning: <h5> anchor "Arguments" already defined
SimulationResults.html:254:1 (SimulationResults.Rd:189): Warning: <h5> anchor "Returns" already defined
SimulationResults.html:271:1 (SimulationResults.Rd:198): Warning: <h5> anchor "Usage" already defined
SimulationResults.html:277:1 (SimulationResults.Rd:202): Warning: <h5> anchor "Arguments" already defined
SimulationResults.html:302:1 (SimulationResults.Rd:217): Warning: <h5> anchor "Usage" already defined
SimulationResults.html:308:1 (SimulationResults.Rd:221): Warning: <h5> anchor "Arguments" already defined
SpatialCorrelation.html:180:1 (SpatialCorrelation.Rd:132): Warning: <h5> anchor "Usage" already defined
SpatialCorrelation.html:186:1 (SpatialCorrelation.Rd:136): Warning: <h5> anchor "Arguments" already defined
SpatialCorrelation.html:216:1 (SpatialCorrelation.Rd:152): Warning: <h5> anchor "Usage" already defined
SpatialCorrelation.html:227:1 (SpatialCorrelation.Rd:161): Warning: <h5> anchor "Arguments" already defined
SpatialCorrelation.html:256:1 (SpatialCorrelation.Rd:180): Warning: <h5> anchor "Usage" already defined
SpatialCorrelation.html:267:1 (SpatialCorrelation.Rd:189): Warning: <h5> anchor "Arguments" already defined
SpatialCorrelation.html:296:1 (SpatialCorrelation.Rd:208): Warning: <h5> anchor "Usage" already defined
SpatialCorrelation.html:302:1 (SpatialCorrelation.Rd:212): Warning: <h5> anchor "Arguments" already defined
SpatialCorrelation.html:327:1 (SpatialCorrelation.Rd:227): Warning: <h5> anchor "Usage" already defined
SpatialCorrelation.html:333:1 (SpatialCorrelation.Rd:231): Warning: <h5> anchor "Arguments" already defined
SpatialCorrelation.html:348:1 (SpatialCorrelation.Rd:240): Warning: <h5> anchor "Returns" already defined
SpatialCorrelation.html:365:1 (SpatialCorrelation.Rd:249): Warning: <h5> anchor "Usage" already defined
SpatialCorrelation.html:375:1 (SpatialCorrelation.Rd:257): Warning: <h5> anchor "Arguments" already defined
SpatialCorrelation.html:392:1 (SpatialCorrelation.Rd:268): Warning: <h5> anchor "Returns" already defined
SpatialCorrelation.html:409:1 (SpatialCorrelation.Rd:277): Warning: <h5> anchor "Usage" already defined
SpatialCorrelation.html:415:1 (SpatialCorrelation.Rd:281): Warning: <h5> anchor "Arguments" already defined
SpatialModel.html:141:1 (SpatialModel.Rd:97): Warning: <h5> anchor "Usage" already defined
SpatialModel.html:147:1 (SpatialModel.Rd:101): Warning: <h5> anchor "Arguments" already defined
SpatialModel.html:177:1 (SpatialModel.Rd:117): Warning: <h5> anchor "Usage" already defined
SpatialModel.html:183:1 (SpatialModel.Rd:121): Warning: <h5> anchor "Arguments" already defined
Validator.html:176:1 (Validator.Rd:135): Warning: <h5> anchor "Usage" already defined
Validator.html:190:1 (Validator.Rd:147): Warning: <h5> anchor "Arguments" already defined
Validator.html:225:1 (Validator.Rd:172): Warning: <h5> anchor "Usage" already defined
Validator.html:231:1 (Validator.Rd:176): Warning: <h5> anchor "Arguments" already defined
Validator.html:254:1 (Validator.Rd:189): Warning: <h5> anchor "Usage" already defined
Validator.html:270:1 (Validator.Rd:199): Warning: <h5> anchor "Usage" already defined
Validator.html:276:1 (Validator.Rd:203): Warning: <h5> anchor "Arguments" already defined
Validator.html:299:1 (Validator.Rd:216): Warning: <h5> anchor "Usage" already defined
Validator.html:305:1 (Validator.Rd:220): Warning: <h5> anchor "Arguments" already defined
Flavor: r-devel-linux-x86_64-debian-gcc