CRAN Package Check Results for Package polmineR

Last updated on 2025-10-21 09:48:41 CEST.

Flavor Version Tinstall Tcheck Ttotal Status Flags
r-devel-linux-x86_64-debian-clang 0.8.9 23.38 266.65 290.03 NOTE
r-devel-linux-x86_64-debian-gcc 0.8.9 15.24 174.03 189.27 NOTE
r-devel-linux-x86_64-fedora-clang 0.8.9 447.92 NOTE
r-devel-linux-x86_64-fedora-gcc 0.8.9 416.60 NOTE
r-devel-windows-x86_64 0.8.9 27.00 256.00 283.00 NOTE
r-patched-linux-x86_64 0.8.9 24.79 231.91 256.70 NOTE
r-release-linux-x86_64 0.8.9 21.91 233.09 255.00 NOTE
r-release-macos-arm64 0.8.9 110.00 NOTE
r-release-macos-x86_64 0.8.9 214.00 NOTE
r-release-windows-x86_64 0.8.9 28.00 257.00 285.00 NOTE
r-oldrel-macos-arm64 0.8.9 98.00 NOTE
r-oldrel-macos-x86_64 0.8.9 171.00 NOTE
r-oldrel-windows-x86_64 0.8.9 32.00 324.00 356.00 OK

Check Details

Version: 0.8.9
Check: DESCRIPTION meta-information
Result: NOTE Missing dependency on R >= 4.1.0 because package code uses the pipe |> or function shorthand \(...) syntax added in R 4.1.0. File(s) using such syntax: ‘hits.R’ ‘size.R’ ‘utils.R’ Flavors: r-devel-linux-x86_64-debian-clang, r-devel-linux-x86_64-debian-gcc, r-devel-linux-x86_64-fedora-clang, r-devel-linux-x86_64-fedora-gcc, r-devel-windows-x86_64, r-patched-linux-x86_64, r-release-linux-x86_64, r-release-macos-arm64, r-release-macos-x86_64, r-release-windows-x86_64

Version: 0.8.9
Check: HTML version of manual
Result: NOTE Found the following HTML validation problems: as.sparseMatrix.html:68:1 (as.sparseMatrix.Rd:29): Warning: missing </ul> before </div> dotplot-method.html:70:1 (dotplot-method.Rd:28): Warning: missing </ul> before </div> means-method.html:58:1 (means-method.Rd:18): Warning: missing </ul> before </div> polmineR-defunct.html:49:1 (polmineR-defunct.Rd:14): Warning: missing </ul> before </div> polmineR-generics.html:50:1 (polmineR-generics.Rd:14): Warning: missing </ul> before </div> ranges.html:142:1 (ranges.Rd:90): Warning: missing </ul> before </div> renamed.html:73:1 (renamed.Rd:40): Warning: missing </ul> before </div> view.html:50:1 (view.Rd:12): Warning: missing </ul> before </div> Flavor: r-devel-linux-x86_64-debian-gcc

Version: 0.8.9
Check: installed package size
Result: NOTE installed size is 5.2Mb sub-directories of 1Mb or more: R 2.1Mb extdata 1.9Mb Flavors: r-oldrel-macos-arm64, r-oldrel-macos-x86_64