Last updated on 2025-10-24 09:50:13 CEST.
| Flavor | Version | Tinstall | Tcheck | Ttotal | Status | Flags |
|---|---|---|---|---|---|---|
| r-devel-linux-x86_64-debian-clang | 0.0.1 | 7.91 | 40.97 | 48.88 | OK | |
| r-devel-linux-x86_64-debian-gcc | 0.0.1 | 6.74 | 32.43 | 39.17 | OK | |
| r-devel-linux-x86_64-fedora-clang | 0.0.1 | 17.00 | 54.69 | 71.69 | OK | |
| r-devel-linux-x86_64-fedora-gcc | 0.0.1 | 15.00 | 52.02 | 67.02 | OK | |
| r-devel-windows-x86_64 | 0.0.1 | 10.00 | 66.00 | 76.00 | OK | |
| r-patched-linux-x86_64 | 0.0.1 | 8.12 | 38.21 | 46.33 | OK | |
| r-release-linux-x86_64 | 0.0.1 | 8.30 | 37.99 | 46.29 | OK | |
| r-release-macos-arm64 | 0.0.1 | 6.00 | 25.00 | 31.00 | OK | |
| r-release-macos-x86_64 | 0.0.1 | 9.00 | 40.00 | 49.00 | OK | |
| r-release-windows-x86_64 | 0.0.1 | 9.00 | 60.00 | 69.00 | OK | |
| r-oldrel-macos-arm64 | 0.0.1 | 5.00 | 24.00 | 29.00 | OK | |
| r-oldrel-macos-x86_64 | 0.0.1 | 8.00 | 34.00 | 42.00 | NOTE | |
| r-oldrel-windows-x86_64 | 0.0.1 | 12.00 | 70.00 | 82.00 | OK |
Version: 0.0.1
Check: installed package size
Result: NOTE
installed size is 5.0Mb
sub-directories of 1Mb or more:
data 4.9Mb
Flavor: r-oldrel-macos-x86_64