Last updated on 2025-10-22 09:50:46 CEST.
Flavor | Version | Tinstall | Tcheck | Ttotal | Status | Flags |
---|---|---|---|---|---|---|
r-devel-linux-x86_64-debian-clang | 1.6.4 | 2.68 | 19.91 | 22.59 | NOTE | |
r-devel-linux-x86_64-debian-gcc | 1.6.4 | 2.22 | 16.41 | 18.63 | NOTE | |
r-devel-linux-x86_64-fedora-clang | 1.6.4 | 33.83 | OK | |||
r-devel-linux-x86_64-fedora-gcc | 1.6.4 | 13.00 | 21.29 | 34.29 | OK | |
r-devel-windows-x86_64 | 1.6.4 | 7.00 | 38.00 | 45.00 | OK | |
r-patched-linux-x86_64 | 1.6.4 | 2.85 | 18.83 | 21.68 | OK | |
r-release-linux-x86_64 | 1.6.4 | 2.65 | 18.95 | 21.60 | OK | |
r-release-macos-arm64 | 1.6.4 | 3.00 | 14.00 | 17.00 | OK | |
r-release-macos-x86_64 | 1.6.4 | 4.00 | 24.00 | 28.00 | OK | |
r-release-windows-x86_64 | 1.6.4 | 6.00 | 43.00 | 49.00 | OK | |
r-oldrel-macos-arm64 | 1.6.4 | 2.00 | 13.00 | 15.00 | OK | |
r-oldrel-macos-x86_64 | 1.6.4 | 3.00 | 21.00 | 24.00 | OK | |
r-oldrel-windows-x86_64 | 1.6.4 | 6.00 | 39.00 | 45.00 | OK |
Version: 1.6.4
Check: CRAN incoming feasibility
Result: NOTE
Maintainer: ‘Jacob Bien <jbien@usc.edu>’
No Authors@R field in DESCRIPTION.
Please add one, modifying
Authors@R: c(person(given = "Jacob",
family = "Bien",
role = c("aut", "cre"),
email = "jbien@usc.edu"),
person(given = "Rob",
family = "Tibshirani",
role = "aut"))
as necessary.
Flavors: r-devel-linux-x86_64-debian-clang, r-devel-linux-x86_64-debian-gcc
Version: 1.6.4
Check: HTML version of manual
Result: NOTE
Found the following HTML validation problems:
plot.protoclust.html:53:1 (plot.protoclust.Rd:13): Warning: missing </ul> before </div>
Flavors: r-devel-linux-x86_64-debian-clang, r-devel-linux-x86_64-debian-gcc