Last updated on 2025-10-22 09:50:47 CEST.
Flavor | Version | Tinstall | Tcheck | Ttotal | Status | Flags |
---|---|---|---|---|---|---|
r-devel-linux-x86_64-debian-clang | 1.0.0 | 55.51 | 67.09 | 122.60 | OK | |
r-devel-linux-x86_64-debian-gcc | 1.0.0 | 38.37 | 48.12 | 86.49 | OK | |
r-devel-linux-x86_64-fedora-clang | 1.0.0 | 142.00 | 72.45 | 214.45 | OK | |
r-devel-linux-x86_64-fedora-gcc | 1.0.0 | 86.00 | 121.47 | 207.47 | OK | |
r-devel-windows-x86_64 | 1.0.0 | 65.00 | 93.00 | 158.00 | OK | |
r-patched-linux-x86_64 | 1.0.0 | 56.73 | 62.22 | 118.95 | OK | |
r-release-linux-x86_64 | 1.0.0 | 57.58 | 62.98 | 120.56 | OK | |
r-release-macos-arm64 | 1.0.0 | 21.00 | 27.00 | 48.00 | OK | |
r-release-macos-x86_64 | 1.0.0 | 32.00 | 44.00 | 76.00 | OK | |
r-release-windows-x86_64 | 1.0.0 | 67.00 | 91.00 | 158.00 | OK | |
r-oldrel-macos-arm64 | 1.0.0 | 24.00 | 34.00 | 58.00 | OK | |
r-oldrel-macos-x86_64 | 1.0.0 | 32.00 | 56.00 | 88.00 | NOTE | |
r-oldrel-windows-x86_64 | 1.0.0 | 77.00 | 118.00 | 195.00 | OK |
Version: 1.0.0
Check: installed package size
Result: NOTE
installed size is 5.0Mb
sub-directories of 1Mb or more:
libs 4.8Mb
Flavor: r-oldrel-macos-x86_64