Last updated on 2025-10-22 09:50:47 CEST.
Flavor | Version | Tinstall | Tcheck | Ttotal | Status | Flags |
---|---|---|---|---|---|---|
r-devel-linux-x86_64-debian-clang | 0.1.0 | 3.06 | 33.22 | 36.28 | NOTE | |
r-devel-linux-x86_64-debian-gcc | 0.1.0 | 2.48 | 26.41 | 28.89 | NOTE | |
r-devel-linux-x86_64-fedora-clang | 0.1.0 | 52.40 | OK | |||
r-devel-linux-x86_64-fedora-gcc | 0.1.0 | 13.00 | 40.71 | 53.71 | OK | |
r-devel-windows-x86_64 | 0.1.0 | 5.00 | 53.00 | 58.00 | OK | |
r-patched-linux-x86_64 | 0.1.0 | 3.54 | 31.22 | 34.76 | OK | |
r-release-linux-x86_64 | 0.1.0 | 3.07 | 30.94 | 34.01 | OK | |
r-release-macos-arm64 | 0.1.0 | 2.00 | 19.00 | 21.00 | OK | |
r-release-macos-x86_64 | 0.1.0 | 3.00 | 35.00 | 38.00 | OK | |
r-release-windows-x86_64 | 0.1.0 | 5.00 | 55.00 | 60.00 | OK | |
r-oldrel-macos-arm64 | 0.1.0 | 2.00 | 20.00 | 22.00 | NOTE | |
r-oldrel-macos-x86_64 | 0.1.0 | 3.00 | 29.00 | 32.00 | NOTE | |
r-oldrel-windows-x86_64 | 0.1.0 | 6.00 | 61.00 | 67.00 | NOTE |
Version: 0.1.0
Check: HTML version of manual
Result: NOTE
Found the following HTML validation problems:
pushbar-buttons.html:48:1 (pushbar-buttons.Rd:14): Warning: missing </ul> before </div>
Flavors: r-devel-linux-x86_64-debian-clang, r-devel-linux-x86_64-debian-gcc
Version: 0.1.0
Check: LazyData
Result: NOTE
'LazyData' is specified without a 'data' directory
Flavors: r-oldrel-macos-arm64, r-oldrel-macos-x86_64, r-oldrel-windows-x86_64