Last updated on 2025-10-22 09:50:47 CEST.
Flavor | Version | Tinstall | Tcheck | Ttotal | Status | Flags |
---|---|---|---|---|---|---|
r-devel-linux-x86_64-debian-clang | 2.0.2.4.0 | 3.38 | 27.22 | 30.60 | NOTE | |
r-devel-linux-x86_64-debian-gcc | 2.0.2.4.0 | 2.87 | 22.24 | 25.11 | NOTE | |
r-devel-linux-x86_64-fedora-clang | 2.0.2.4.0 | 10.00 | 37.71 | 47.71 | NOTE | |
r-devel-linux-x86_64-fedora-gcc | 2.0.2.4.0 | 19.00 | 44.44 | 63.44 | NOTE | |
r-devel-windows-x86_64 | 2.0.2.4.0 | 7.00 | 51.00 | 58.00 | OK | |
r-patched-linux-x86_64 | 2.0.2.4.0 | 4.66 | 25.61 | 30.27 | OK | |
r-release-linux-x86_64 | 2.0.2.4.0 | 4.42 | 25.52 | 29.94 | OK | |
r-release-macos-arm64 | 2.0.2.4.0 | 2.00 | 29.00 | 31.00 | OK | |
r-release-macos-x86_64 | 2.0.2.4.0 | 4.00 | 40.00 | 44.00 | OK | |
r-release-windows-x86_64 | 2.0.2.4.0 | 7.00 | 52.00 | 59.00 | OK | |
r-oldrel-macos-arm64 | 2.0.2.4.0 | 2.00 | 22.00 | 24.00 | OK | |
r-oldrel-macos-x86_64 | 2.0.2.4.0 | 6.00 | 57.00 | 63.00 | OK | |
r-oldrel-windows-x86_64 | 2.0.2.4.0 | 8.00 | 57.00 | 65.00 | OK |
Version: 2.0.2.4.0
Check: CRAN incoming feasibility
Result: NOTE
Maintainer: ‘Obinna Obianom <idonshayo@gmail.com>’
The BugReports field in DESCRIPTION has
https://github.com/oobianom/r2country
which should likely be
https://github.com/oobianom/r2country/issues
instead.
Flavors: r-devel-linux-x86_64-debian-clang, r-devel-linux-x86_64-debian-gcc
Version: 2.0.2.4.0
Check: dependencies in R code
Result: NOTE
Namespaces in Imports field not imported from:
‘quickcode’ ‘stats’ ‘utils’
All declared Imports should be used.
Flavors: r-devel-linux-x86_64-fedora-clang, r-devel-linux-x86_64-fedora-gcc