Last updated on 2025-10-22 09:50:49 CEST.
Flavor | Version | Tinstall | Tcheck | Ttotal | Status | Flags |
---|---|---|---|---|---|---|
r-devel-linux-x86_64-debian-clang | 0.9.6 | 6.18 | 56.58 | 62.76 | NOTE | |
r-devel-linux-x86_64-debian-gcc | 0.9.6 | 4.25 | 39.59 | 43.84 | NOTE | |
r-devel-linux-x86_64-fedora-clang | 0.9.6 | 15.00 | 80.40 | 95.40 | OK | |
r-devel-linux-x86_64-fedora-gcc | 0.9.6 | 20.00 | 70.35 | 90.35 | OK | |
r-devel-windows-x86_64 | 0.9.6 | 7.00 | 68.00 | 75.00 | OK | |
r-patched-linux-x86_64 | 0.9.6 | 5.99 | 51.77 | 57.76 | OK | |
r-release-linux-x86_64 | 0.9.6 | 5.86 | 51.71 | 57.57 | OK | |
r-release-macos-arm64 | 0.9.6 | 3.00 | 26.00 | 29.00 | OK | |
r-release-macos-x86_64 | 0.9.6 | 6.00 | 49.00 | 55.00 | OK | |
r-release-windows-x86_64 | 0.9.6 | 9.00 | 68.00 | 77.00 | OK | |
r-oldrel-macos-arm64 | 0.9.6 | 2.00 | 25.00 | 27.00 | NOTE | |
r-oldrel-macos-x86_64 | 0.9.6 | 5.00 | 38.00 | 43.00 | NOTE | |
r-oldrel-windows-x86_64 | 0.9.6 | 10.00 | 83.00 | 93.00 | NOTE |
Version: 0.9.6
Check: HTML version of manual
Result: NOTE
Found the following HTML validation problems:
QICu.geeglm.html:46:1 (QICu.geeglm.Rd:10): Warning: missing </ul> before </div>
adj.r.squared.html:50:1 (adj.r.squared.Rd:12): Warning: missing </ul> before </div>
apress.html:50:1 (apress.Rd:12): Warning: missing </ul> before </div>
int.p.val.html:50:1 (int.p.val.Rd:12): Warning: missing </ul> before </div>
max_abs_resid.html:46:1 (max_abs_resid.Rd:10): Warning: missing </ul> before </div>
r.squared.html:50:1 (r.squared.Rd:12): Warning: missing </ul> before </div>
rmse.html:50:1 (rmse.Rd:12): Warning: missing </ul> before </div>
which.max.na.html:46:1 (which.max.na.Rd:10): Warning: missing </ul> before </div>
which.min.na.html:46:1 (which.min.na.Rd:10): Warning: missing </ul> before </div>
Flavors: r-devel-linux-x86_64-debian-clang, r-devel-linux-x86_64-debian-gcc
Version: 0.9.6
Check: LazyData
Result: NOTE
'LazyData' is specified without a 'data' directory
Flavors: r-oldrel-macos-arm64, r-oldrel-macos-x86_64, r-oldrel-windows-x86_64