CRAN Package Check Results for Package rankFD

Last updated on 2025-10-22 09:50:47 CEST.

Flavor Version Tinstall Tcheck Ttotal Status Flags
r-devel-linux-x86_64-debian-clang 0.1.1 9.45 73.37 82.82 NOTE
r-devel-linux-x86_64-debian-gcc 0.1.1 6.75 54.18 60.93 NOTE
r-devel-linux-x86_64-fedora-clang 0.1.1 45.00 90.33 135.33 OK
r-devel-linux-x86_64-fedora-gcc 0.1.1 43.00 84.89 127.89 OK
r-devel-windows-x86_64 0.1.1 10.00 77.00 87.00 OK
r-patched-linux-x86_64 0.1.1 5.97 70.34 76.31 OK
r-release-linux-x86_64 0.1.1 8.77 70.11 78.88 OK
r-release-macos-arm64 0.1.1 4.00 37.00 41.00 OK
r-release-macos-x86_64 0.1.1 9.00 70.00 79.00 OK
r-release-windows-x86_64 0.1.1 11.00 80.00 91.00 OK
r-oldrel-macos-arm64 0.1.1 4.00 32.00 36.00 OK
r-oldrel-macos-x86_64 0.1.1 10.00 82.00 92.00 OK
r-oldrel-windows-x86_64 0.1.1 13.00 99.00 112.00 OK

Check Details

Version: 0.1.1
Check: CRAN incoming feasibility
Result: NOTE Maintainer: ‘Frank Konietschke <frank.konietschke@charite.de>’ No Authors@R field in DESCRIPTION. Please add one, modifying Authors@R: c(person(given = "Frank", family = "Konietschke", role = c("aut", "cre"), email = "frank.konietschke@charite.de"), person(given = "Sarah", family = "Friedrich", role = "aut"), person(given = "Edgar", family = "Brunner", role = "aut"), person(given = "Markus", family = "Pauly", role = "aut")) as necessary. Flavors: r-devel-linux-x86_64-debian-clang, r-devel-linux-x86_64-debian-gcc