Last updated on 2025-10-22 09:50:48 CEST.
Flavor | Version | Tinstall | Tcheck | Ttotal | Status | Flags |
---|---|---|---|---|---|---|
r-devel-linux-x86_64-debian-clang | 1.0.0 | 6.33 | 66.10 | 72.43 | NOTE | |
r-devel-linux-x86_64-debian-gcc | 1.0.0 | 4.98 | 47.40 | 52.38 | NOTE | |
r-devel-linux-x86_64-fedora-clang | 1.0.0 | 14.00 | 96.43 | 110.43 | OK | |
r-devel-linux-x86_64-fedora-gcc | 1.0.0 | 16.00 | 104.09 | 120.09 | OK | |
r-devel-windows-x86_64 | 1.0.0 | 9.00 | 82.00 | 91.00 | OK | |
r-patched-linux-x86_64 | 1.0.0 | 6.99 | 60.52 | 67.51 | OK | |
r-release-linux-x86_64 | 1.0.0 | 6.45 | 59.89 | 66.34 | OK | |
r-release-macos-arm64 | 1.0.0 | 3.00 | 49.00 | 52.00 | OK | |
r-release-macos-x86_64 | 1.0.0 | 10.00 | 95.00 | 105.00 | OK | |
r-release-windows-x86_64 | 1.0.0 | 10.00 | 84.00 | 94.00 | OK | |
r-oldrel-macos-arm64 | 1.0.0 | 3.00 | 35.00 | 38.00 | OK | |
r-oldrel-macos-x86_64 | 1.0.0 | 4.00 | 55.00 | 59.00 | OK | |
r-oldrel-windows-x86_64 | 1.0.0 | 11.00 | 98.00 | 109.00 | OK |
Version: 1.0.0
Check: HTML version of manual
Result: NOTE
Found the following HTML validation problems:
option_string.html:48:1 (option_string.Rd:11): Warning: missing </ul> before </div>
Flavors: r-devel-linux-x86_64-debian-clang, r-devel-linux-x86_64-debian-gcc