Last updated on 2025-10-21 09:48:43 CEST.
Flavor | Version | Tinstall | Tcheck | Ttotal | Status | Flags |
---|---|---|---|---|---|---|
r-devel-linux-x86_64-debian-clang | 0.0.4 | 107.15 | 22.10 | 129.25 | OK | |
r-devel-linux-x86_64-debian-gcc | 0.0.4 | 86.45 | 18.65 | 105.10 | NOTE | |
r-devel-linux-x86_64-fedora-clang | 0.0.4 | 192.50 | OK | |||
r-devel-linux-x86_64-fedora-gcc | 0.0.4 | 187.02 | OK | |||
r-devel-windows-x86_64 | 0.0.4 | 97.00 | 60.00 | 157.00 | OK | |
r-patched-linux-x86_64 | 0.0.4 | 108.25 | 19.87 | 128.12 | OK | |
r-release-linux-x86_64 | 0.0.4 | 106.53 | 19.67 | 126.20 | OK | |
r-release-macos-arm64 | 0.0.4 | 57.00 | OK | |||
r-release-macos-x86_64 | 0.0.4 | 83.00 | OK | |||
r-release-windows-x86_64 | 0.0.4 | 103.00 | 61.00 | 164.00 | OK | |
r-oldrel-macos-arm64 | 0.0.4 | 59.00 | OK | |||
r-oldrel-macos-x86_64 | 0.0.4 | 99.00 | OK | |||
r-oldrel-windows-x86_64 | 0.0.4 | 106.00 | 73.00 | 179.00 | OK |
Version: 0.0.4
Check: HTML version of manual
Result: NOTE
Found the following HTML validation problems:
BM25.html:142:1 (BM25.Rd:163): Warning: <h5> anchor "Usage" already defined
BM25.html:148:1 (BM25.Rd:167): Warning: <h5> anchor "Returns" already defined
BM25.html:155:1 (BM25.Rd:170): Warning: <h5> anchor "Examples" already defined
BM25.html:174:1 (BM25.Rd:184): Warning: <h5> anchor "Usage" already defined
BM25.html:180:1 (BM25.Rd:188): Warning: <h5> anchor "Arguments" already defined
BM25.html:193:1 (BM25.Rd:195): Warning: <h5> anchor "Returns" already defined
BM25.html:200:1 (BM25.Rd:198): Warning: <h5> anchor "Examples" already defined
BM25.html:219:1 (BM25.Rd:212): Warning: <h5> anchor "Usage" already defined
BM25.html:225:1 (BM25.Rd:216): Warning: <h5> anchor "Returns" already defined
BM25.html:232:1 (BM25.Rd:219): Warning: <h5> anchor "Examples" already defined
BM25.html:253:1 (BM25.Rd:235): Warning: <h5> anchor "Usage" already defined
BM25.html:259:1 (BM25.Rd:239): Warning: <h5> anchor "Arguments" already defined
BM25.html:274:1 (BM25.Rd:248): Warning: <h5> anchor "Returns" already defined
BM25.html:281:1 (BM25.Rd:251): Warning: <h5> anchor "Examples" already defined
BM25.html:302:1 (BM25.Rd:267): Warning: <h5> anchor "Usage" already defined
BM25.html:308:1 (BM25.Rd:271): Warning: <h5> anchor "Arguments" already defined
BM25.html:323:1 (BM25.Rd:280): Warning: <h5> anchor "Returns" already defined
BM25.html:330:1 (BM25.Rd:283): Warning: <h5> anchor "Examples" already defined
BM25.html:351:1 (BM25.Rd:299): Warning: <h5> anchor "Usage" already defined
BM25.html:357:1 (BM25.Rd:303): Warning: <h5> anchor "Arguments" already defined
BM25.html:378:1 (BM25.Rd:318): Warning: <h5> anchor "Returns" already defined
BM25.html:385:1 (BM25.Rd:321): Warning: <h5> anchor "Examples" already defined
BM25.html:416:1 (BM25.Rd:347): Warning: <h5> anchor "Usage" already defined
BM25.html:422:1 (BM25.Rd:351): Warning: <h5> anchor "Arguments" already defined
Flavor: r-devel-linux-x86_64-debian-gcc