Last updated on 2025-10-22 09:50:48 CEST.
Flavor | Version | Tinstall | Tcheck | Ttotal | Status | Flags |
---|---|---|---|---|---|---|
r-devel-linux-x86_64-debian-clang | 3.8.1 | 7.26 | 105.72 | 112.98 | NOTE | |
r-devel-linux-x86_64-debian-gcc | 3.8.1 | 5.35 | 78.60 | 83.95 | NOTE | |
r-devel-linux-x86_64-fedora-clang | 3.8.1 | 15.00 | 160.97 | 175.97 | OK | |
r-devel-linux-x86_64-fedora-gcc | 3.8.1 | 14.00 | 173.67 | 187.67 | OK | |
r-devel-windows-x86_64 | 3.8.1 | 10.00 | 122.00 | 132.00 | NOTE | |
r-patched-linux-x86_64 | 3.8.1 | 8.32 | 100.60 | 108.92 | NOTE | |
r-release-linux-x86_64 | 3.8.1 | 5.98 | 100.93 | 106.91 | NOTE | |
r-release-macos-arm64 | 3.8.1 | 5.00 | 63.00 | 68.00 | OK | |
r-release-macos-x86_64 | 3.8.1 | 7.00 | 105.00 | 112.00 | OK | |
r-release-windows-x86_64 | 3.8.1 | 12.00 | 119.00 | 131.00 | NOTE | |
r-oldrel-macos-arm64 | 3.8.1 | 4.00 | 52.00 | 56.00 | OK | |
r-oldrel-macos-x86_64 | 3.8.1 | 11.00 | 107.00 | 118.00 | OK | |
r-oldrel-windows-x86_64 | 3.8.1 | 12.00 | 138.00 | 150.00 | OK |
Version: 3.8.1
Check: Rd cross-references
Result: NOTE
Found the following Rd file(s) with Rd \link{} targets missing package
anchors:
get.fingerprint.Rd: fingerprint-class, featvec-class
Please provide package anchors for all Rd \link{} targets not in the
package itself and the base packages.
Flavors: r-devel-linux-x86_64-debian-clang, r-devel-linux-x86_64-debian-gcc, r-devel-windows-x86_64, r-patched-linux-x86_64, r-release-linux-x86_64, r-release-windows-x86_64
Version: 3.8.1
Check: HTML version of manual
Result: NOTE
Found the following HTML validation problems:
copy.image.to.clipboard.html:51:1 (copy.image.to.clipboard.Rd:12): Warning: missing </ul> before </div>
do.aromaticity.html:46:1 (do.aromaticity.Rd:10): Warning: missing </ul> before </div>
do.isotopes.html:46:1 (do.isotopes.Rd:10): Warning: missing </ul> before </div>
generate.formula.html:71:1 (generate.formula.Rd:27): Warning: missing </ul> before </div>
generate.formula.iter.html:76:1 (generate.formula.iter.Rd:30): Warning: missing </ul> before </div>
get.depictor.html:98:1 (get.depictor.Rd:42): Warning: missing </ul> before </div>
get.exact.mass.html:46:1 (get.exact.mass.Rd:10): Warning: missing </ul> before </div>
get.formula.html:50:1 (get.formula.Rd:12): Warning: missing </ul> before </div>
get.isotopes.pattern.html:50:1 (get.isotopes.pattern.Rd:12): Warning: missing </ul> before </div>
get.mcs.html:54:1 (get.mcs.Rd:14): Warning: missing </ul> before </div>
get.mol2formula.html:50:1 (get.mol2formula.Rd:12): Warning: missing </ul> before </div>
get.natural.mass.html:46:1 (get.natural.mass.Rd:10): Warning: missing </ul> before </div>
get.total.charge.html:46:1 (get.total.charge.Rd:10): Warning: missing </ul> before </div>
get.total.formal.charge.html:46:1 (get.total.formal.charge.Rd:10): Warning: missing </ul> before </div>
isvalid.formula.html:50:1 (isvalid.formula.Rd:12): Warning: missing </ul> before </div>
matches.html:54:1 (matches.Rd:15): Warning: missing </ul> before </div>
set.charge.formula.html:50:1 (set.charge.formula.Rd:12): Warning: missing </ul> before </div>
view.image.2d.html:50:1 (view.image.2d.Rd:12): Warning: missing </ul> before </div>
view.molecule.2d.html:69:1 (view.molecule.2d.Rd:24): Warning: missing </ul> before </div>
view.table.html:54:1 (view.table.Rd:14): Warning: missing </ul> before </div>
Flavors: r-devel-linux-x86_64-debian-clang, r-devel-linux-x86_64-debian-gcc