Last updated on 2025-10-21 09:48:43 CEST.
Flavor | Version | Tinstall | Tcheck | Ttotal | Status | Flags |
---|---|---|---|---|---|---|
r-devel-linux-x86_64-debian-clang | 2.5.0 | 19.84 | 147.81 | 167.65 | OK | |
r-devel-linux-x86_64-debian-gcc | 2.5.0 | 12.37 | 99.34 | 111.71 | NOTE | |
r-devel-linux-x86_64-fedora-clang | 2.5.0 | 255.30 | OK | |||
r-devel-linux-x86_64-fedora-gcc | 2.5.0 | 244.21 | OK | |||
r-devel-windows-x86_64 | 2.5.0 | 20.00 | 166.00 | 186.00 | OK | |
r-patched-linux-x86_64 | 2.5.0 | 18.06 | 142.79 | 160.85 | OK | |
r-release-linux-x86_64 | 2.5.0 | 15.23 | 141.60 | 156.83 | OK | |
r-release-macos-arm64 | 2.5.0 | 64.00 | OK | |||
r-release-macos-x86_64 | 2.5.0 | 129.00 | OK | |||
r-release-windows-x86_64 | 2.5.0 | 20.00 | 164.00 | 184.00 | OK | |
r-oldrel-macos-arm64 | 2.5.0 | 62.00 | OK | |||
r-oldrel-macos-x86_64 | 2.5.0 | 122.00 | OK | |||
r-oldrel-windows-x86_64 | 2.5.0 | 27.00 | 207.00 | 234.00 | OK |
Version: 2.5.0
Check: HTML version of manual
Result: NOTE
Found the following HTML validation problems:
nagelkerkeHermite.html:48:1 (nagelkerkeHermite.Rd:10): Warning: missing </ul> before </div>
pairwiseDifferences.html:48:1 (pairwiseDifferences.Rd:10): Warning: missing </ul> before </div>
pairwiseOrdinalMatrix.html:47:1 (pairwiseOrdinalMatrix.Rd:10): Warning: missing </ul> before </div>
pairwiseOrdinalPairedMatrix.html:49:1 (pairwiseOrdinalPairedMatrix.Rd:11): Warning: missing </ul> before </div>
pairwiseOrdinalPairedTest.html:47:1 (pairwiseOrdinalPairedTest.Rd:10): Warning: missing </ul> before </div>
pairwiseOrdinalTest.html:47:1 (pairwiseOrdinalTest.Rd:10): Warning: missing </ul> before </div>
pairwiseRobustMatrix.html:47:1 (pairwiseRobustMatrix.Rd:10): Warning: missing </ul> before </div>
pairwiseRobustTest.html:46:1 (pairwiseRobustTest.Rd:10): Warning: missing </ul> before </div>
pairwiseSignMatrix.html:46:1 (pairwiseSignMatrix.Rd:10): Warning: missing </ul> before </div>
pairwiseSignTest.html:46:1 (pairwiseSignTest.Rd:10): Warning: missing </ul> before </div>
Flavor: r-devel-linux-x86_64-debian-gcc