Last updated on 2025-10-21 09:48:44 CEST.
Flavor | Version | Tinstall | Tcheck | Ttotal | Status | Flags |
---|---|---|---|---|---|---|
r-devel-linux-x86_64-debian-clang | 0.3.1 | 10.17 | 90.90 | 101.07 | OK | |
r-devel-linux-x86_64-debian-gcc | 0.3.1 | 7.49 | 65.14 | 72.63 | NOTE | |
r-devel-linux-x86_64-fedora-clang | 0.3.1 | 160.05 | OK | |||
r-devel-linux-x86_64-fedora-gcc | 0.3.1 | 143.36 | OK | |||
r-devel-windows-x86_64 | 0.3.1 | 11.00 | 91.00 | 102.00 | OK | |
r-patched-linux-x86_64 | 0.3.1 | 11.19 | 82.42 | 93.61 | OK | |
r-release-linux-x86_64 | 0.3.1 | 11.01 | 83.17 | 94.18 | OK | |
r-release-macos-arm64 | 0.3.1 | 43.00 | OK | |||
r-release-macos-x86_64 | 0.3.1 | 93.00 | OK | |||
r-release-windows-x86_64 | 0.3.1 | 12.00 | 91.00 | 103.00 | OK | |
r-oldrel-macos-arm64 | 0.3.1 | 48.00 | OK | |||
r-oldrel-macos-x86_64 | 0.3.1 | 99.00 | OK | |||
r-oldrel-windows-x86_64 | 0.3.1 | 15.00 | 116.00 | 131.00 | OK |
Version: 0.3.1
Check: HTML version of manual
Result: NOTE
Found the following HTML validation problems:
REGModel.html:154:1 (REGModel.Rd:157): Warning: <h5> anchor "Usage" already defined
REGModel.html:160:1 (REGModel.Rd:161): Warning: <h5> anchor "Arguments" already defined
REGModel.html:185:1 (REGModel.Rd:176): Warning: <h5> anchor "Usage" already defined
REGModel.html:191:1 (REGModel.Rd:180): Warning: <h5> anchor "Arguments" already defined
REGModel.html:219:1 (REGModel.Rd:198): Warning: <h5> anchor "Usage" already defined
REGModel.html:225:1 (REGModel.Rd:202): Warning: <h5> anchor "Arguments" already defined
REGModel.html:248:1 (REGModel.Rd:215): Warning: <h5> anchor "Usage" already defined
REGModel.html:254:1 (REGModel.Rd:219): Warning: <h5> anchor "Arguments" already defined
REGModel.html:277:1 (REGModel.Rd:232): Warning: <h5> anchor "Usage" already defined
REGModel.html:283:1 (REGModel.Rd:236): Warning: <h5> anchor "Arguments" already defined
REGModelList.html:136:1 (REGModelList.Rd:96): Warning: <h5> anchor "Usage" already defined
REGModelList.html:149:1 (REGModelList.Rd:107): Warning: <h5> anchor "Arguments" already defined
REGModelList.html:173:1 (REGModelList.Rd:125): Warning: <h5> anchor "Returns" already defined
REGModelList.html:190:1 (REGModelList.Rd:134): Warning: <h5> anchor "Usage" already defined
REGModelList.html:202:1 (REGModelList.Rd:144): Warning: <h5> anchor "Arguments" already defined
REGModelList.html:234:1 (REGModelList.Rd:166): Warning: <h5> anchor "Usage" already defined
REGModelList.html:240:1 (REGModelList.Rd:170): Warning: <h5> anchor "Arguments" already defined
REGModelList.html:263:1 (REGModelList.Rd:183): Warning: <h5> anchor "Usage" already defined
REGModelList.html:269:1 (REGModelList.Rd:187): Warning: <h5> anchor "Arguments" already defined
Flavor: r-devel-linux-x86_64-debian-gcc