CRAN Package Check Results for Package remindR

Last updated on 2025-10-22 09:50:48 CEST.

Flavor Version Tinstall Tcheck Ttotal Status Flags
r-devel-linux-x86_64-debian-clang 0.0.1 1.64 22.11 23.75 OK
r-devel-linux-x86_64-debian-gcc 0.0.1 1.39 18.42 19.81 OK
r-devel-linux-x86_64-fedora-clang 0.0.1 36.23 OK
r-devel-linux-x86_64-fedora-gcc 0.0.1 48.61 OK
r-devel-windows-x86_64 0.0.1 3.00 42.00 45.00 OK
r-patched-linux-x86_64 0.0.1 1.75 21.24 22.99 OK
r-release-linux-x86_64 0.0.1 1.58 21.10 22.68 OK
r-release-macos-arm64 0.0.1 1.00 23.00 24.00 OK
r-release-macos-x86_64 0.0.1 1.00 36.00 37.00 OK
r-release-windows-x86_64 0.0.1 4.00 44.00 48.00 OK
r-oldrel-macos-arm64 0.0.1 1.00 19.00 20.00 NOTE
r-oldrel-macos-x86_64 0.0.1 1.00 34.00 35.00 NOTE
r-oldrel-windows-x86_64 0.0.1 3.00 48.00 51.00 NOTE

Check Details

Version: 0.0.1
Check: LazyData
Result: NOTE 'LazyData' is specified without a 'data' directory Flavors: r-oldrel-macos-arm64, r-oldrel-macos-x86_64, r-oldrel-windows-x86_64