Last updated on 2025-10-22 09:50:49 CEST.
Flavor | Version | Tinstall | Tcheck | Ttotal | Status | Flags |
---|---|---|---|---|---|---|
r-devel-linux-x86_64-debian-clang | 2.2.5 | 60.94 | 250.67 | 311.61 | NOTE | |
r-devel-linux-x86_64-debian-gcc | 2.2.5 | 44.53 | 189.70 | 234.23 | NOTE | |
r-devel-linux-x86_64-fedora-clang | 2.2.5 | 75.00 | 407.76 | 482.76 | OK | |
r-devel-linux-x86_64-fedora-gcc | 2.2.5 | 194.00 | 342.03 | 536.03 | OK | |
r-devel-windows-x86_64 | 2.2.5 | 65.00 | 305.00 | 370.00 | OK | |
r-patched-linux-x86_64 | 2.2.4 | 64.21 | 268.21 | 332.42 | WARN | |
r-release-linux-x86_64 | 2.2.5 | 66.70 | 268.20 | 334.90 | OK | |
r-release-macos-arm64 | 2.2.5 | 25.00 | 196.00 | 221.00 | OK | |
r-release-macos-x86_64 | 2.2.5 | 45.00 | 341.00 | 386.00 | OK | |
r-release-windows-x86_64 | 2.2.5 | 66.00 | 303.00 | 369.00 | OK | |
r-oldrel-macos-arm64 | 2.2.5 | 34.00 | 232.00 | 266.00 | NOTE | |
r-oldrel-macos-x86_64 | 2.2.5 | 53.00 | 322.00 | 375.00 | NOTE | |
r-oldrel-windows-x86_64 | 2.2.5 | 75.00 | 362.00 | 437.00 | OK |
Version: 2.2.5
Check: HTML version of manual
Result: NOTE
Found the following HTML validation problems:
diss_to_neighbors.html:93:1 (diss_to_neighbors.Rd:45): Warning: missing </ul> before </div>
format_xr_xu_indices.html:46:1 (format_xr_xu_indices.Rd:10): Warning: missing </ul> before </div>
ith_subsets_ortho_diss.html:62:1 (ith_subsets_ortho_diss.Rd:18): Warning: missing </ul> before </div>
local_ortho_diss.html:86:1 (local_ortho_diss.Rd:36): Warning: missing </ul> before </div>
pkg_info.html:46:1 (pkg_info.Rd:10): Warning: missing </ul> before </div>
sub-.local_ortho_diss.html:63:1 (sub-.local_ortho_diss.Rd:18): Warning: missing </ul> before </div>
Flavors: r-devel-linux-x86_64-debian-clang, r-devel-linux-x86_64-debian-gcc
Version: 2.2.4
Check: whether package can be installed
Result: WARN
Found the following significant warnings:
diss_helpers.cpp:233:10: warning: ‘eT arma::Mat<eT>::min(arma::uword&) const [with eT = double; arma::uword = unsigned int]’ is deprecated: use .index_min() instead [-Wdeprecated-declarations]
diss_helpers.cpp:280:10: warning: ‘eT arma::Mat<eT>::min(arma::uword&) const [with eT = double; arma::uword = unsigned int]’ is deprecated: use .index_min() instead [-Wdeprecated-declarations]
regression_methods.cpp:163:47: warning: ‘static out_eT arma::conv_to<out_eT>::from(const arma::Base<eT2, expr>&, const typename arma::arma_not_cx<in_eT>::result*) [with in_eT = double; T1 = arma::Glue<arma::Mat<double>, arma::eGlue<arma::subview_col<double>, arma::subview_col<double>, arma::eglue_minus>, arma::glue_cor>; out_eT = double; typename arma::arma_not_cx<in_eT>::result = double]’ is deprecated: replace conv_to<...>::from(X) with as_scalar(X) [-Wdeprecated-declarations]
regression_methods.cpp:164:47: warning: ‘static out_eT arma::conv_to<out_eT>::from(const arma::Base<eT2, expr>&, const typename arma::arma_not_cx<in_eT>::result*) [with in_eT = double; T1 = arma::Glue<arma::Mat<double>, arma::eGlue<arma::subview_col<double>, arma::subview_col<double>, arma::eglue_minus>, arma::glue_cor>; out_eT = double; typename arma::arma_not_cx<in_eT>::result = double]’ is deprecated: replace conv_to<...>::from(X) with as_scalar(X) [-Wdeprecated-declarations]
See ‘/home/hornik/tmp/R.check/r-patched-gcc/Work/PKGS/resemble.Rcheck/00install.out’ for details.
* used C++ compiler: ‘g++-14 (Debian 14.3.0-8) 14.3.0’
Flavor: r-patched-linux-x86_64
Version: 2.2.5
Check: installed package size
Result: NOTE
installed size is 9.5Mb
sub-directories of 1Mb or more:
doc 1.9Mb
libs 7.0Mb
Flavors: r-oldrel-macos-arm64, r-oldrel-macos-x86_64