CRAN Package Check Results for Package reslr

Last updated on 2025-10-22 09:50:49 CEST.

Flavor Version Tinstall Tcheck Ttotal Status Flags
r-devel-linux-x86_64-debian-clang 0.1.1 6.53 456.58 463.11 NOTE
r-devel-linux-x86_64-debian-gcc 0.1.1 4.27 303.43 307.70 NOTE
r-devel-linux-x86_64-fedora-clang 0.1.1 14.00 715.79 729.79 OK
r-devel-linux-x86_64-fedora-gcc 0.1.1 17.00 756.80 773.80 OK
r-devel-windows-x86_64 0.1.1 8.00 491.00 499.00 OK
r-patched-linux-x86_64 0.1.1 6.95 442.81 449.76 OK
r-release-linux-x86_64 0.1.1 6.88 448.38 455.26 OK
r-release-macos-arm64 0.1.1 3.00 254.00 257.00 OK
r-release-macos-x86_64 0.1.1 5.00 878.00 883.00 OK
r-release-windows-x86_64 0.1.1 9.00 494.00 503.00 OK
r-oldrel-macos-arm64 0.1.1 3.00 243.00 246.00 OK
r-oldrel-macos-x86_64 0.1.1 4.00 406.00 410.00 OK
r-oldrel-windows-x86_64 0.1.1 11.00 655.00 666.00 OK

Check Details

Version: 0.1.1
Check: CRAN incoming feasibility
Result: NOTE Maintainer: ‘Maeve Upton <uptonmaeve010@gmail.com>’ The Description field contains et al 2023) <arXiv:2301.09556>, spatio-temporal splines (Upton et al 2023) <arXiv:2301.09556> and generalised additive models (Upton et al 2023) <arXiv:2301.09556>. This package facilitates data loading, model Please refer to arXiv e-prints via their arXiv DOI <doi:10.48550/arXiv.YYMM.NNNNN>. Flavors: r-devel-linux-x86_64-debian-clang, r-devel-linux-x86_64-debian-gcc