Last updated on 2025-10-21 09:48:44 CEST.
Flavor | Version | Tinstall | Tcheck | Ttotal | Status | Flags |
---|---|---|---|---|---|---|
r-devel-linux-x86_64-debian-clang | 1.4.0 | 23.40 | 41.98 | 65.38 | NOTE | |
r-devel-linux-x86_64-debian-gcc | 1.4.0 | 11.91 | 33.47 | 45.38 | NOTE | |
r-devel-linux-x86_64-fedora-clang | 1.4.0 | 95.66 | OK | |||
r-devel-linux-x86_64-fedora-gcc | 1.4.0 | 112.51 | OK | |||
r-devel-windows-x86_64 | 1.4.0 | 21.00 | 75.00 | 96.00 | OK | |
r-patched-linux-x86_64 | 1.4.0 | 22.62 | 37.96 | 60.58 | OK | |
r-release-linux-x86_64 | 1.4.0 | 20.61 | 38.25 | 58.86 | OK | |
r-release-macos-arm64 | 1.4.0 | 45.00 | OK | |||
r-release-macos-x86_64 | 1.4.0 | 69.00 | OK | |||
r-release-windows-x86_64 | 1.4.0 | 22.00 | 77.00 | 99.00 | OK | |
r-oldrel-macos-arm64 | 1.4.0 | 39.00 | OK | |||
r-oldrel-macos-x86_64 | 1.4.0 | 59.00 | OK | |||
r-oldrel-windows-x86_64 | 1.4.0 | 28.00 | 84.00 | 112.00 | OK |
Version: 1.4.0
Check: CRAN incoming feasibility
Result: NOTE
Maintainer: ‘Yannick Marcon <yannick.marcon@obiba.org>’
The BugReports field in DESCRIPTION has
https://github.com/obiba/resourcer
which should likely be
https://github.com/obiba/resourcer/issues
instead.
Flavors: r-devel-linux-x86_64-debian-clang, r-devel-linux-x86_64-debian-gcc
Version: 1.4.0
Check: HTML version of manual
Result: NOTE
Found the following HTML validation problems:
CommandResourceClient.html:147:1 (CommandResourceClient.Rd:78): Warning: missing </ul> before </div>
CommandResourceClient.html:124:1 (CommandResourceClient.Rd:67): Warning: <h5> anchor "Usage" already defined
CommandResourceClient.html:130:1 (CommandResourceClient.Rd:71): Warning: <h5> anchor "Arguments" already defined
DBIResourceConnector.html:338:1 (DBIResourceConnector.Rd:178): Warning: missing </ul> before </div>
DBIResourceConnector.html:109:1 (DBIResourceConnector.Rd:49): Warning: <h5> anchor "Usage" already defined
DBIResourceConnector.html:128:1 (DBIResourceConnector.Rd:60): Warning: <h5> anchor "Returns" already defined
DBIResourceConnector.html:145:1 (DBIResourceConnector.Rd:69): Warning: <h5> anchor "Usage" already defined
DBIResourceConnector.html:151:1 (DBIResourceConnector.Rd:73): Warning: <h5> anchor "Arguments" already defined
DBIResourceConnector.html:174:1 (DBIResourceConnector.Rd:86): Warning: <h5> anchor "Usage" already defined
DBIResourceConnector.html:180:1 (DBIResourceConnector.Rd:90): Warning: <h5> anchor "Arguments" already defined
DBIResourceConnector.html:193:1 (DBIResourceConnector.Rd:97): Warning: <h5> anchor "Returns" already defined
DBIResourceConnector.html:210:1 (DBIResourceConnector.Rd:106): Warning: <h5> anchor "Usage" already defined
DBIResourceConnector.html:216:1 (DBIResourceConnector.Rd:110): Warning: <h5> anchor "Arguments" already defined
DBIResourceConnector.html:231:1 (DBIResourceConnector.Rd:119): Warning: <h5> anchor "Returns" already defined
DBIResourceConnector.html:248:1 (DBIResourceConnector.Rd:128): Warning: <h5> anchor "Usage" already defined
DBIResourceConnector.html:254:1 (DBIResourceConnector.Rd:132): Warning: <h5> anchor "Arguments" already defined
DBIResourceConnector.html:269:1 (DBIResourceConnector.Rd:141): Warning: <h5> anchor "Returns" already defined
DBIResourceConnector.html:286:1 (DBIResourceConnector.Rd:150): Warning: <h5> anchor "Usage" already defined
DBIResourceConnector.html:292:1 (DBIResourceConnector.Rd:154): Warning: <h5> anchor "Arguments" already defined
DBIResourceConnector.html:315:1 (DBIResourceConnector.Rd:167): Warning: <h5> anchor "Usage" already defined
DBIResourceConnector.html:321:1 (DBIResourceConnector.Rd:171): Warning: <h5> anchor "Arguments" already defined
FileResourceClient.html:191:1 (FileResourceClient.Rd:102): Warning: missing </ul> before </div>
FileResourceClient.html:129:1 (FileResourceClient.Rd:68): Warning: <h5> anchor "Usage" already defined
FileResourceClient.html:135:1 (FileResourceClient.Rd:72): Warning: <h5> anchor "Returns" already defined
FileResourceClient.html:152:1 (FileResourceClient.Rd:81): Warning: <h5> anchor "Usage" already defined
FileResourceClient.html:168:1 (FileResourceClient.Rd:91): Warning: <h5> anchor "Usage" already defined
FileResourceClient.html:174:1 (FileResourceClient.Rd:95): Warning: <h5> anchor "Arguments" already defined
FileResourceGetter.html:261:1 (FileResourceGetter.Rd:135): Warning: missing </ul> before </div>
FileResourceGetter.html:105:1 (FileResourceGetter.Rd:49): Warning: <h5> anchor "Usage" already defined
FileResourceGetter.html:124:1 (FileResourceGetter.Rd:60): Warning: <h5> anchor "Returns" already defined
FileResourceGetter.html:141:1 (FileResourceGetter.Rd:69): Warning: <h5> anchor "Usage" already defined
FileResourceGetter.html:147:1 (FileResourceGetter.Rd:73): Warning: <h5> anchor "Arguments" already defined
FileResourceGetter.html:162:1 (FileResourceGetter.Rd:82): Warning: <h5> anchor "Returns" already defined
FileResourceGetter.html:179:1 (FileResourceGetter.Rd:91): Warning: <h5> anchor "Usage" already defined
FileResourceGetter.html:185:1 (FileResourceGetter.Rd:95): Warning: <h5> anchor "Arguments" already defined
FileResourceGetter.html:198:1 (FileResourceGetter.Rd:102): Warning: <h5> anchor "Returns" already defined
FileResourceGetter.html:215:1 (FileResourceGetter.Rd:111): Warning: <h5> anchor "Usage" already defined
FileResourceGetter.html:221:1 (FileResourceGetter.Rd:115): Warning: <h5> anchor "Returns" already defined
FileResourceGetter.html:238:1 (FileResourceGetter.Rd:124): Warning: <h5> anchor "Usage" already defined
FileResourceGetter.html:244:1 (FileResourceGetter.Rd:128): Warning: <h5> anchor "Arguments" already defined
GridFsFileResourceGetter.html:208:1 (GridFsFileResourceGetter.Rd:109): Warning: missing </ul> before </div>
GridFsFileResourceGetter.html:111:1 (GridFsFileResourceGetter.Rd:56): Warning: <h5> anchor "Usage" already defined
GridFsFileResourceGetter.html:130:1 (GridFsFileResourceGetter.Rd:67): Warning: <h5> anchor "Returns" already defined
GridFsFileResourceGetter.html:147:1 (GridFsFileResourceGetter.Rd:76): Warning: <h5> anchor "Usage" already defined
GridFsFileResourceGetter.html:153:1 (GridFsFileResourceGetter.Rd:80): Warning: <h5> anchor "Arguments" already defined
GridFsFileResourceGetter.html:168:1 (GridFsFileResourceGetter.Rd:89): Warning: <h5> anchor "Returns" already defined
GridFsFileResourceGetter.html:185:1 (GridFsFileResourceGetter.Rd:98): Warning: <h5> anchor "Usage" already defined
GridFsFileResourceGetter.html:191:1 (GridFsFileResourceGetter.Rd:102): Warning: <h5> anchor "Arguments" already defined
HttpFileResourceGetter.html:209:1 (HttpFileResourceGetter.Rd:110): Warning: missing </ul> before </div>
HttpFileResourceGetter.html:112:1 (HttpFileResourceGetter.Rd:57): Warning: <h5> anchor "Usage" already defined
HttpFileResourceGetter.html:131:1 (HttpFileResourceGetter.Rd:68): Warning: <h5> anchor "Returns" already defined
HttpFileResourceGetter.html:148:1 (HttpFileResourceGetter.Rd:77): Warning: <h5> anchor "Usage" already defined
HttpFileResourceGetter.html:154:1 (HttpFileResourceGetter.Rd:81): Warning: <h5> anchor "Arguments" already defined
HttpFileResourceGetter.html:169:1 (HttpFileResourceGetter.Rd:90): Warning: <h5> anchor "Returns" already defined
HttpFileResourceGetter.html:186:1 (HttpFileResourceGetter.Rd:99): Warning: <h5> anchor "Usage" already defined
HttpFileResourceGetter.html:192:1 (HttpFileResourceGetter.Rd:103): Warning: <h5> anchor "Arguments" already defined
LocalFileResourceGetter.html:208:1 (LocalFileResourceGetter.Rd:109): Warning: missing </ul> before </div>
LocalFileResourceGetter.html:111:1 (LocalFileResourceGetter.Rd:56): Warning: <h5> anchor "Usage" already defined
LocalFileResourceGetter.html:130:1 (LocalFileResourceGetter.Rd:67): Warning: <h5> anchor "Returns" already defined
LocalFileResourceGetter.html:147:1 (LocalFileResourceGetter.Rd:76): Warning: <h5> anchor "Usage" already defined
LocalFileResourceGetter.html:153:1 (LocalFileResourceGetter.Rd:80): Warning: <h5> anchor "Arguments" already defined
LocalFileResourceGetter.html:168:1 (LocalFileResourceGetter.Rd:89): Warning: <h5> anchor "Returns" already defined
LocalFileResourceGetter.html:185:1 (LocalFileResourceGetter.Rd:98): Warning: <h5> anchor "Usage" already defined
LocalFileResourceGetter.html:191:1 (LocalFileResourceGetter.Rd:102): Warning: <h5> anchor "Arguments" already defined
MariaDBResourceConnector.html:208:1 (MariaDBResourceConnector.Rd:109): Warning: missing </ul> before </div>
MariaDBResourceConnector.html:113:1 (MariaDBResourceConnector.Rd:58): Warning: <h5> anchor "Usage" already defined
MariaDBResourceConnector.html:132:1 (MariaDBResourceConnector.Rd:69): Warning: <h5> anchor "Returns" already defined
MariaDBResourceConnector.html:149:1 (MariaDBResourceConnector.Rd:78): Warning: <h5> anchor "Usage" already defined
MariaDBResourceConnector.html:155:1 (MariaDBResourceConnector.Rd:82): Warning: <h5> anchor "Arguments" already defined
MariaDBResourceConnector.html:168:1 (MariaDBResourceConnector.Rd:89): Warning: <h5> anchor "Returns" already defined
MariaDBResourceConnector.html:185:1 (MariaDBResourceConnector.Rd:98): Warning: <h5> anchor "Usage" already defined
MariaDBResourceConnector.html:191:1 (MariaDBResourceConnector.Rd:102): Warning: <h5> anchor "Arguments" already defined
NoSQLResourceClient.html:266:1 (NoSQLResourceClient.Rd:141): Warning: missing </ul> before </div>
NoSQLResourceClient.html:135:1 (NoSQLResourceClient.Rd:68): Warning: <h5> anchor "Usage" already defined
NoSQLResourceClient.html:141:1 (NoSQLResourceClient.Rd:72): Warning: <h5> anchor "Returns" already defined
NoSQLResourceClient.html:158:1 (NoSQLResourceClient.Rd:81): Warning: <h5> anchor "Usage" already defined
NoSQLResourceClient.html:164:1 (NoSQLResourceClient.Rd:85): Warning: <h5> anchor "Returns" already defined
NoSQLResourceClient.html:181:1 (NoSQLResourceClient.Rd:94): Warning: <h5> anchor "Usage" already defined
NoSQLResourceClient.html:187:1 (NoSQLResourceClient.Rd:98): Warning: <h5> anchor "Returns" already defined
NoSQLResourceClient.html:204:1 (NoSQLResourceClient.Rd:107): Warning: <h5> anchor "Usage" already defined
NoSQLResourceClient.html:210:1 (NoSQLResourceClient.Rd:111): Warning: <h5> anchor "Returns" already defined
NoSQLResourceClient.html:227:1 (NoSQLResourceClient.Rd:120): Warning: <h5> anchor "Usage" already defined
NoSQLResourceClient.html:243:1 (NoSQLResourceClient.Rd:130): Warning: <h5> anchor "Usage" already defined
NoSQLResourceClient.html:249:1 (NoSQLResourceClient.Rd:134): Warning: <h5> anchor "Arguments" already defined
NoSQLResourceResolver.html:179:1 (NoSQLResourceResolver.Rd:92): Warning: missing </ul> before </div>
NoSQLResourceResolver.html:120:1 (NoSQLResourceResolver.Rd:61): Warning: <h5> anchor "Usage" already defined
NoSQLResourceResolver.html:126:1 (NoSQLResourceResolver.Rd:65): Warning: <h5> anchor "Arguments" already defined
NoSQLResourceResolver.html:139:1 (NoSQLResourceResolver.Rd:72): Warning: <h5> anchor "Returns" already defined
NoSQLResourceResolver.html:156:1 (NoSQLResourceResolver.Rd:81): Warning: <h5> anchor "Usage" already defined
NoSQLResourceResolver.html:162:1 (NoSQLResourceResolver.Rd:85): Warning: <h5> anchor "Arguments" already defined
OpalFileResourceGetter.html:209:1 (OpalFileResourceGetter.Rd:110): Warning: missing </ul> before </div>
OpalFileResourceGetter.html:112:1 (OpalFileResourceGetter.Rd:57): Warning: <h5> anchor "Usage" already defined
OpalFileResourceGetter.html:131:1 (OpalFileResourceGetter.Rd:68): Warning: <h5> anchor "Returns" already defined
OpalFileResourceGetter.html:148:1 (OpalFileResourceGetter.Rd:77): Warning: <h5> anchor "Usage" already defined
OpalFileResourceGetter.html:154:1 (OpalFileResourceGetter.Rd:81): Warning: <h5> anchor "Arguments" already defined
OpalFileResourceGetter.html:169:1 (OpalFileResourceGetter.Rd:90): Warning: <h5> anchor "Returns" already defined
OpalFileResourceGetter.html:186:1 (OpalFileResourceGetter.Rd:99): Warning: <h5> anchor "Usage" already defined
OpalFileResourceGetter.html:192:1 (OpalFileResourceGetter.Rd:103): Warning: <h5> anchor "Arguments" already defined
PostgresResourceConnector.html:208:1 (PostgresResourceConnector.Rd:109): Warning: missing </ul> before </div>
PostgresResourceConnector.html:113:1 (PostgresResourceConnector.Rd:58): Warning: <h5> anchor "Usage" already defined
PostgresResourceConnector.html:132:1 (PostgresResourceConnector.Rd:69): Warning: <h5> anchor "Returns" already defined
PostgresResourceConnector.html:149:1 (PostgresResourceConnector.Rd:78): Warning: <h5> anchor "Usage" already defined
PostgresResourceConnector.html:155:1 (PostgresResourceConnector.Rd:82): Warning: <h5> anchor "Arguments" already defined
PostgresResourceConnector.html:168:1 (PostgresResourceConnector.Rd:89): Warning: <h5> anchor "Returns" already defined
PostgresResourceConnector.html:185:1 (PostgresResourceConnector.Rd:98): Warning: <h5> anchor "Usage" already defined
PostgresResourceConnector.html:191:1 (PostgresResourceConnector.Rd:102): Warning: <h5> anchor "Arguments" already defined
PrestoResourceConnector.html:208:1 (PrestoResourceConnector.Rd:109): Warning: missing </ul> before </div>
PrestoResourceConnector.html:113:1 (PrestoResourceConnector.Rd:58): Warning: <h5> anchor "Usage" already defined
PrestoResourceConnector.html:132:1 (PrestoResourceConnector.Rd:69): Warning: <h5> anchor "Returns" already defined
PrestoResourceConnector.html:149:1 (PrestoResourceConnector.Rd:78): Warning: <h5> anchor "Usage" already defined
PrestoResourceConnector.html:155:1 (PrestoResourceConnector.Rd:82): Warning: <h5> anchor "Arguments" already defined
PrestoResourceConnector.html:168:1 (PrestoResourceConnector.Rd:89): Warning: <h5> anchor "Returns" already defined
PrestoResourceConnector.html:185:1 (PrestoResourceConnector.Rd:98): Warning: <h5> anchor "Usage" already defined
PrestoResourceConnector.html:191:1 (PrestoResourceConnector.Rd:102): Warning: <h5> anchor "Arguments" already defined
RDSFileResourceClient.html:224:1 (RDSFileResourceClient.Rd:119): Warning: missing </ul> before </div>
RDSFileResourceClient.html:129:1 (RDSFileResourceClient.Rd:68): Warning: <h5> anchor "Usage" already defined
RDSFileResourceClient.html:135:1 (RDSFileResourceClient.Rd:72): Warning: <h5> anchor "Arguments" already defined
RDSFileResourceClient.html:148:1 (RDSFileResourceClient.Rd:79): Warning: <h5> anchor "Returns" already defined
RDSFileResourceClient.html:165:1 (RDSFileResourceClient.Rd:88): Warning: <h5> anchor "Usage" already defined
RDSFileResourceClient.html:171:1 (RDSFileResourceClient.Rd:92): Warning: <h5> anchor "Arguments" already defined
RDSFileResourceClient.html:184:1 (RDSFileResourceClient.Rd:99): Warning: <h5> anchor "Returns" already defined
RDSFileResourceClient.html:201:1 (RDSFileResourceClient.Rd:108): Warning: <h5> anchor "Usage" already defined
RDSFileResourceClient.html:207:1 (RDSFileResourceClient.Rd:112): Warning: <h5> anchor "Arguments" already defined
RDSFileResourceResolver.html:181:1 (RDSFileResourceResolver.Rd:94): Warning: missing </ul> before </div>
RDSFileResourceResolver.html:122:1 (RDSFileResourceResolver.Rd:63): Warning: <h5> anchor "Usage" already defined
RDSFileResourceResolver.html:128:1 (RDSFileResourceResolver.Rd:67): Warning: <h5> anchor "Arguments" already defined
RDSFileResourceResolver.html:141:1 (RDSFileResourceResolver.Rd:74): Warning: <h5> anchor "Returns" already defined
RDSFileResourceResolver.html:158:1 (RDSFileResourceResolver.Rd:83): Warning: <h5> anchor "Usage" already defined
RDSFileResourceResolver.html:164:1 (RDSFileResourceResolver.Rd:87): Warning: <h5> anchor "Arguments" already defined
RDataFileResourceClient.html:223:1 (RDataFileResourceClient.Rd:118): Warning: missing </ul> before </div>
RDataFileResourceClient.html:128:1 (RDataFileResourceClient.Rd:67): Warning: <h5> anchor "Usage" already defined
RDataFileResourceClient.html:134:1 (RDataFileResourceClient.Rd:71): Warning: <h5> anchor "Arguments" already defined
RDataFileResourceClient.html:147:1 (RDataFileResourceClient.Rd:78): Warning: <h5> anchor "Returns" already defined
RDataFileResourceClient.html:164:1 (RDataFileResourceClient.Rd:87): Warning: <h5> anchor "Usage" already defined
RDataFileResourceClient.html:170:1 (RDataFileResourceClient.Rd:91): Warning: <h5> anchor "Arguments" already defined
RDataFileResourceClient.html:183:1 (RDataFileResourceClient.Rd:98): Warning: <h5> anchor "Returns" already defined
RDataFileResourceClient.html:200:1 (RDataFileResourceClient.Rd:107): Warning: <h5> anchor "Usage" already defined
RDataFileResourceClient.html:206:1 (RDataFileResourceClient.Rd:111): Warning: <h5> anchor "Arguments" already defined
RDataFileResourceResolver.html:181:1 (RDataFileResourceResolver.Rd:94): Warning: missing </ul> before </div>
RDataFileResourceResolver.html:122:1 (RDataFileResourceResolver.Rd:63): Warning: <h5> anchor "Usage" already defined
RDataFileResourceResolver.html:128:1 (RDataFileResourceResolver.Rd:67): Warning: <h5> anchor "Arguments" already defined
RDataFileResourceResolver.html:141:1 (RDataFileResourceResolver.Rd:74): Warning: <h5> anchor "Returns" already defined
RDataFileResourceResolver.html:158:1 (RDataFileResourceResolver.Rd:83): Warning: <h5> anchor "Usage" already defined
RDataFileResourceResolver.html:164:1 (RDataFileResourceResolver.Rd:87): Warning: <h5> anchor "Arguments" already defined
ResourceClient.html:354:1 (ResourceClient.Rd:184): Warning: missing </ul> before </div>
ResourceClient.html:125:1 (ResourceClient.Rd:57): Warning: <h5> anchor "Usage" already defined
ResourceClient.html:131:1 (ResourceClient.Rd:61): Warning: <h5> anchor "Returns" already defined
ResourceClient.html:148:1 (ResourceClient.Rd:70): Warning: <h5> anchor "Usage" already defined
ResourceClient.html:154:1 (ResourceClient.Rd:74): Warning: <h5> anchor "Returns" already defined
ResourceClient.html:171:1 (ResourceClient.Rd:83): Warning: <h5> anchor "Usage" already defined
ResourceClient.html:177:1 (ResourceClient.Rd:87): Warning: <h5> anchor "Arguments" already defined
ResourceClient.html:190:1 (ResourceClient.Rd:94): Warning: <h5> anchor "Returns" already defined
ResourceClient.html:207:1 (ResourceClient.Rd:103): Warning: <h5> anchor "Usage" already defined
ResourceClient.html:213:1 (ResourceClient.Rd:107): Warning: <h5> anchor "Arguments" already defined
ResourceClient.html:226:1 (ResourceClient.Rd:114): Warning: <h5> anchor "Returns" already defined
ResourceClient.html:243:1 (ResourceClient.Rd:123): Warning: <h5> anchor "Usage" already defined
ResourceClient.html:249:1 (ResourceClient.Rd:127): Warning: <h5> anchor "Arguments" already defined
ResourceClient.html:262:1 (ResourceClient.Rd:134): Warning: <h5> anchor "Returns" already defined
ResourceClient.html:279:1 (ResourceClient.Rd:143): Warning: <h5> anchor "Usage" already defined
ResourceClient.html:285:1 (ResourceClient.Rd:147): Warning: <h5> anchor "Arguments" already defined
ResourceClient.html:298:1 (ResourceClient.Rd:154): Warning: <h5> anchor "Returns" already defined
ResourceClient.html:315:1 (ResourceClient.Rd:163): Warning: <h5> anchor "Usage" already defined
ResourceClient.html:331:1 (ResourceClient.Rd:173): Warning: <h5> anchor "Usage" already defined
ResourceClient.html:337:1 (ResourceClient.Rd:177): Warning: <h5> anchor "Arguments" already defined
ResourceResolver.html:193:1 (ResourceResolver.Rd:97): Warning: missing </ul> before </div>
ResourceResolver.html:98:1 (ResourceResolver.Rd:46): Warning: <h5> anchor "Usage" already defined
ResourceResolver.html:117:1 (ResourceResolver.Rd:57): Warning: <h5> anchor "Returns" already defined
ResourceResolver.html:134:1 (ResourceResolver.Rd:66): Warning: <h5> anchor "Usage" already defined
ResourceResolver.html:140:1 (ResourceResolver.Rd:70): Warning: <h5> anchor "Arguments" already defined
ResourceResolver.html:153:1 (ResourceResolver.Rd:77): Warning: <h5> anchor "Returns" already defined
ResourceResolver.html:170:1 (ResourceResolver.Rd:86): Warning: <h5> anchor "Usage" already defined
ResourceResolver.html:176:1 (ResourceResolver.Rd:90): Warning: <h5> anchor "Arguments" already defined
SQLResourceClient.html:254:1 (SQLResourceClient.Rd:135): Warning: missing </ul> before </div>
SQLResourceClient.html:133:1 (SQLResourceClient.Rd:68): Warning: <h5> anchor "Usage" already defined
SQLResourceClient.html:139:1 (SQLResourceClient.Rd:72): Warning: <h5> anchor "Returns" already defined
SQLResourceClient.html:156:1 (SQLResourceClient.Rd:81): Warning: <h5> anchor "Usage" already defined
SQLResourceClient.html:162:1 (SQLResourceClient.Rd:85): Warning: <h5> anchor "Arguments" already defined
SQLResourceClient.html:175:1 (SQLResourceClient.Rd:92): Warning: <h5> anchor "Returns" already defined
SQLResourceClient.html:192:1 (SQLResourceClient.Rd:101): Warning: <h5> anchor "Usage" already defined
SQLResourceClient.html:198:1 (SQLResourceClient.Rd:105): Warning: <h5> anchor "Returns" already defined
SQLResourceClient.html:215:1 (SQLResourceClient.Rd:114): Warning: <h5> anchor "Usage" already defined
SQLResourceClient.html:231:1 (SQLResourceClient.Rd:124): Warning: <h5> anchor "Usage" already defined
SQLResourceClient.html:237:1 (SQLResourceClient.Rd:128): Warning: <h5> anchor "Arguments" already defined
SQLResourceResolver.html:179:1 (SQLResourceResolver.Rd:92): Warning: missing </ul> before </div>
SQLResourceResolver.html:120:1 (SQLResourceResolver.Rd:61): Warning: <h5> anchor "Usage" already defined
SQLResourceResolver.html:126:1 (SQLResourceResolver.Rd:65): Warning: <h5> anchor "Arguments" already defined
SQLResourceResolver.html:139:1 (SQLResourceResolver.Rd:72): Warning: <h5> anchor "Returns" already defined
SQLResourceResolver.html:156:1 (SQLResourceResolver.Rd:81): Warning: <h5> anchor "Usage" already defined
SQLResourceResolver.html:162:1 (SQLResourceResolver.Rd:85): Warning: <h5> anchor "Arguments" already defined
ScpFileResourceGetter.html:208:1 (ScpFileResourceGetter.Rd:109): Warning: missing </ul> before </div>
ScpFileResourceGetter.html:111:1 (ScpFileResourceGetter.Rd:56): Warning: <h5> anchor "Usage" already defined
ScpFileResourceGetter.html:130:1 (ScpFileResourceGetter.Rd:67): Warning: <h5> anchor "Returns" already defined
ScpFileResourceGetter.html:147:1 (ScpFileResourceGetter.Rd:76): Warning: <h5> anchor "Usage" already defined
ScpFileResourceGetter.html:153:1 (ScpFileResourceGetter.Rd:80): Warning: <h5> anchor "Arguments" already defined
ScpFileResourceGetter.html:168:1 (ScpFileResourceGetter.Rd:89): Warning: <h5> anchor "Returns" already defined
ScpFileResourceGetter.html:185:1 (ScpFileResourceGetter.Rd:98): Warning: <h5> anchor "Usage" already defined
ScpFileResourceGetter.html:191:1 (ScpFileResourceGetter.Rd:102): Warning: <h5> anchor "Arguments" already defined
ShellResourceClient.html:257:1 (ShellResourceClient.Rd:140): Warning: missing </ul> before </div>
ShellResourceClient.html:131:1 (ShellResourceClient.Rd:68): Warning: <h5> anchor "Usage" already defined
ShellResourceClient.html:137:1 (ShellResourceClient.Rd:72): Warning: <h5> anchor "Returns" already defined
ShellResourceClient.html:154:1 (ShellResourceClient.Rd:81): Warning: <h5> anchor "Usage" already defined
ShellResourceClient.html:160:1 (ShellResourceClient.Rd:85): Warning: <h5> anchor "Arguments" already defined
ShellResourceClient.html:177:1 (ShellResourceClient.Rd:96): Warning: <h5> anchor "Returns" already defined
ShellResourceClient.html:194:1 (ShellResourceClient.Rd:105): Warning: <h5> anchor "Usage" already defined
ShellResourceClient.html:200:1 (ShellResourceClient.Rd:109): Warning: <h5> anchor "Arguments" already defined
ShellResourceClient.html:217:1 (ShellResourceClient.Rd:120): Warning: <h5> anchor "Returns" already defined
ShellResourceClient.html:234:1 (ShellResourceClient.Rd:129): Warning: <h5> anchor "Usage" already defined
ShellResourceClient.html:240:1 (ShellResourceClient.Rd:133): Warning: <h5> anchor "Arguments" already defined
ShellResourceResolver.html:179:1 (ShellResourceResolver.Rd:92): Warning: missing </ul> before </div>
ShellResourceResolver.html:120:1 (ShellResourceResolver.Rd:61): Warning: <h5> anchor "Usage" already defined
ShellResourceResolver.html:126:1 (ShellResourceResolver.Rd:65): Warning: <h5> anchor "Arguments" already defined
ShellResourceResolver.html:139:1 (ShellResourceResolver.Rd:72): Warning: <h5> anchor "Returns" already defined
ShellResourceResolver.html:156:1 (ShellResourceResolver.Rd:81): Warning: <h5> anchor "Usage" already defined
ShellResourceResolver.html:162:1 (ShellResourceResolver.Rd:85): Warning: <h5> anchor "Arguments" already defined
SparkResourceConnector.html:240:1 (SparkResourceConnector.Rd:127): Warning: missing </ul> before </div>
SparkResourceConnector.html:116:1 (SparkResourceConnector.Rd:59): Warning: <h5> anchor "Usage" already defined
SparkResourceConnector.html:135:1 (SparkResourceConnector.Rd:70): Warning: <h5> anchor "Returns" already defined
SparkResourceConnector.html:152:1 (SparkResourceConnector.Rd:79): Warning: <h5> anchor "Usage" already defined
SparkResourceConnector.html:158:1 (SparkResourceConnector.Rd:83): Warning: <h5> anchor "Arguments" already defined
SparkResourceConnector.html:171:1 (SparkResourceConnector.Rd:90): Warning: <h5> anchor "Returns" already defined
SparkResourceConnector.html:188:1 (SparkResourceConnector.Rd:99): Warning: <h5> anchor "Usage" already defined
SparkResourceConnector.html:194:1 (SparkResourceConnector.Rd:103): Warning: <h5> anchor "Arguments" already defined
SparkResourceConnector.html:217:1 (SparkResourceConnector.Rd:116): Warning: <h5> anchor "Usage" already defined
SparkResourceConnector.html:223:1 (SparkResourceConnector.Rd:120): Warning: <h5> anchor "Arguments" already defined
SshResourceClient.html:387:1 (SshResourceClient.Rd:212): Warning: missing </ul> before </div>
SshResourceClient.html:143:1 (SshResourceClient.Rd:70): Warning: <h5> anchor "Usage" already defined
SshResourceClient.html:149:1 (SshResourceClient.Rd:74): Warning: <h5> anchor "Returns" already defined
SshResourceClient.html:166:1 (SshResourceClient.Rd:83): Warning: <h5> anchor "Usage" already defined
SshResourceClient.html:172:1 (SshResourceClient.Rd:87): Warning: <h5> anchor "Returns" already defined
SshResourceClient.html:189:1 (SshResourceClient.Rd:96): Warning: <h5> anchor "Usage" already defined
SshResourceClient.html:195:1 (SshResourceClient.Rd:100): Warning: <h5> anchor "Arguments" already defined
SshResourceClient.html:212:1 (SshResourceClient.Rd:111): Warning: <h5> anchor "Returns" already defined
SshResourceClient.html:229:1 (SshResourceClient.Rd:120): Warning: <h5> anchor "Usage" already defined
SshResourceClient.html:235:1 (SshResourceClient.Rd:124): Warning: <h5> anchor "Arguments" already defined
SshResourceClient.html:252:1 (SshResourceClient.Rd:135): Warning: <h5> anchor "Returns" already defined
SshResourceClient.html:269:1 (SshResourceClient.Rd:144): Warning: <h5> anchor "Usage" already defined
SshResourceClient.html:275:1 (SshResourceClient.Rd:148): Warning: <h5> anchor "Returns" already defined
SshResourceClient.html:292:1 (SshResourceClient.Rd:157): Warning: <h5> anchor "Usage" already defined
SshResourceClient.html:308:1 (SshResourceClient.Rd:167): Warning: <h5> anchor "Usage" already defined
SshResourceClient.html:314:1 (SshResourceClient.Rd:171): Warning: <h5> anchor "Arguments" already defined
SshResourceClient.html:331:1 (SshResourceClient.Rd:182): Warning: <h5> anchor "Returns" already defined
SshResourceClient.html:348:1 (SshResourceClient.Rd:191): Warning: <h5> anchor "Usage" already defined
SshResourceClient.html:364:1 (SshResourceClient.Rd:201): Warning: <h5> anchor "Usage" already defined
SshResourceClient.html:370:1 (SshResourceClient.Rd:205): Warning: <h5> anchor "Arguments" already defined
SshResourceResolver.html:179:1 (SshResourceResolver.Rd:92): Warning: missing </ul> before </div>
SshResourceResolver.html:120:1 (SshResourceResolver.Rd:61): Warning: <h5> anchor "Usage" already defined
SshResourceResolver.html:126:1 (SshResourceResolver.Rd:65): Warning: <h5> anchor "Arguments" already defined
SshResourceResolver.html:139:1 (SshResourceResolver.Rd:72): Warning: <h5> anchor "Returns" already defined
SshResourceResolver.html:156:1 (SshResourceResolver.Rd:81): Warning: <h5> anchor "Usage" already defined
SshResourceResolver.html:162:1 (SshResourceResolver.Rd:85): Warning: <h5> anchor "Arguments" already defined
TidyFileResourceClient.html:184:1 (TidyFileResourceClient.Rd:97): Warning: missing </ul> before </div>
TidyFileResourceClient.html:125:1 (TidyFileResourceClient.Rd:66): Warning: <h5> anchor "Usage" already defined
TidyFileResourceClient.html:131:1 (TidyFileResourceClient.Rd:70): Warning: <h5> anchor "Arguments" already defined
TidyFileResourceClient.html:144:1 (TidyFileResourceClient.Rd:77): Warning: <h5> anchor "Returns" already defined
TidyFileResourceClient.html:161:1 (TidyFileResourceClient.Rd:86): Warning: <h5> anchor "Usage" already defined
TidyFileResourceClient.html:167:1 (TidyFileResourceClient.Rd:90): Warning: <h5> anchor "Arguments" already defined
TidyFileResourceResolver.html:192:1 (TidyFileResourceResolver.Rd:105): Warning: missing </ul> before </div>
TidyFileResourceResolver.html:58:1 (TidyFileResourceResolver.Rd:32): Warning: <h3> anchor "Methods" already defined
TidyFileResourceResolver.html:133:1 (TidyFileResourceResolver.Rd:74): Warning: <h5> anchor "Usage" already defined
TidyFileResourceResolver.html:139:1 (TidyFileResourceResolver.Rd:78): Warning: <h5> anchor "Arguments" already defined
TidyFileResourceResolver.html:152:1 (TidyFileResourceResolver.Rd:85): Warning: <h5> anchor "Returns" already defined
TidyFileResourceResolver.html:169:1 (TidyFileResourceResolver.Rd:94): Warning: <h5> anchor "Usage" already defined
TidyFileResourceResolver.html:175:1 (TidyFileResourceResolver.Rd:98): Warning: <h5> anchor "Arguments" already defined
registerDBIResourceConnector.html:47:1 (registerDBIResourceConnector.Rd:10): Warning: missing </ul> before </div>
registerFileResourceGetter.html:47:1 (registerFileResourceGetter.Rd:10): Warning: missing </ul> before </div>
unregisterDBIResourceConnector.html:46:1 (unregisterDBIResourceConnector.Rd:10): Warning: missing </ul> before </div>
unregisterFileResourceGetter.html:46:1 (unregisterFileResourceGetter.Rd:10): Warning: missing </ul> before </div>
Flavor: r-devel-linux-x86_64-debian-gcc