Last updated on 2025-10-22 09:50:49 CEST.
Flavor | Version | Tinstall | Tcheck | Ttotal | Status | Flags |
---|---|---|---|---|---|---|
r-devel-linux-x86_64-debian-clang | 1.43.0 | 34.51 | 115.54 | 150.05 | NOTE | |
r-devel-linux-x86_64-debian-gcc | 1.43.0 | 28.43 | 83.56 | 111.99 | NOTE | |
r-devel-linux-x86_64-fedora-clang | 1.43.0 | 92.00 | 151.67 | 243.67 | OK | |
r-devel-linux-x86_64-fedora-gcc | 1.43.0 | 174.00 | 99.66 | 273.66 | OK | |
r-devel-windows-x86_64 | 1.43.0 | 54.00 | 146.00 | 200.00 | OK | |
r-patched-linux-x86_64 | 1.43.0 | 41.92 | 109.38 | 151.30 | OK | |
r-release-linux-x86_64 | 1.43.0 | 39.92 | 109.93 | 149.85 | OK | |
r-release-macos-arm64 | 1.43.0 | 19.00 | 67.00 | 86.00 | OK | |
r-release-macos-x86_64 | 1.43.0 | 26.00 | 112.00 | 138.00 | OK | |
r-release-windows-x86_64 | 1.43.0 | 56.00 | 148.00 | 204.00 | OK | |
r-oldrel-macos-arm64 | 1.43.0 | 18.00 | 51.00 | 69.00 | NOTE | |
r-oldrel-macos-x86_64 | 1.43.0 | 24.00 | 126.00 | 150.00 | NOTE | |
r-oldrel-windows-x86_64 | 1.43.0 | 68.00 | 178.00 | 246.00 | OK |
Version: 1.43.0
Check: HTML version of manual
Result: NOTE
Found the following HTML validation problems:
eng_python.html:154:1 (eng_python.Rd:81): Warning: missing </ul> before </div>
miniconda-params.html:42:1 (miniconda-params.Rd:9): Warning: missing </ul> before </div>
py_config_error_message.html:46:1 (py_config_error_message.Rd:10): Warning: missing </ul> before </div>
py_del_attr.html:50:1 (py_del_attr.Rd:12): Warning: missing </ul> before </div>
py_help.html:46:1 (py_help.Rd:10): Warning: missing </ul> before </div>
py_require.html:241:1 (py_require.Rd:164): Warning: missing </ul> before </div>
py_set_attr.html:54:1 (py_set_attr.Rd:14): Warning: missing </ul> before </div>
py_to_r_wrapper.html:48:1 (py_to_r_wrapper.Rd:10): Warning: missing </ul> before </div>
register_class_filter.html:47:1 (register_class_filter.Rd:11): Warning: missing </ul> before </div>
register_help_topics.html:50:1 (register_help_topics.Rd:12): Warning: missing </ul> before </div>
with-as-operator.html:50:1 (with-as-operator.Rd:13): Warning: missing </ul> before </div>
with.python.builtin.object.html:64:1 (with.python.builtin.object.Rd:17): Warning: missing </ul> before </div>
Flavors: r-devel-linux-x86_64-debian-clang, r-devel-linux-x86_64-debian-gcc
Version: 1.43.0
Check: installed package size
Result: NOTE
installed size is 6.2Mb
sub-directories of 1Mb or more:
libs 3.7Mb
Flavors: r-oldrel-macos-arm64, r-oldrel-macos-x86_64