Last updated on 2025-10-22 09:50:49 CEST.
Flavor | Version | Tinstall | Tcheck | Ttotal | Status | Flags |
---|---|---|---|---|---|---|
r-devel-linux-x86_64-debian-clang | 0.1.0 | 232.03 | 44.68 | 276.71 | OK | |
r-devel-linux-x86_64-debian-gcc | 0.1.0 | 160.61 | 39.34 | 199.95 | OK | |
r-devel-linux-x86_64-fedora-clang | 0.1.0 | 581.00 | -31.78 | 549.22 | OK | |
r-devel-linux-x86_64-fedora-gcc | 0.1.0 | 660.00 | -93.16 | 566.84 | OK | |
r-devel-windows-x86_64 | 0.1.0 | 307.00 | 112.00 | 419.00 | OK | |
r-patched-linux-x86_64 | 0.1.0 | 238.71 | 50.99 | 289.70 | OK | |
r-release-linux-x86_64 | 0.1.0 | 240.01 | 50.90 | 290.91 | OK | |
r-release-macos-arm64 | 0.1.0 | 92.00 | 26.00 | 118.00 | OK | |
r-release-macos-x86_64 | 0.1.0 | 70.00 | 43.00 | 113.00 | OK | |
r-release-windows-x86_64 | 0.1.0 | 311.00 | 121.00 | 432.00 | OK | |
r-oldrel-macos-arm64 | 0.1.0 | 78.00 | 28.00 | 106.00 | NOTE | |
r-oldrel-macos-x86_64 | 0.1.0 | 80.00 | 39.00 | 119.00 | NOTE | |
r-oldrel-windows-x86_64 | 0.1.0 | 356.00 | 138.00 | 494.00 | OK |
Version: 0.1.0
Check: installed package size
Result: NOTE
installed size is 28.6Mb
sub-directories of 1Mb or more:
libs 27.4Mb
Flavors: r-oldrel-macos-arm64, r-oldrel-macos-x86_64