CRAN Package Check Results for Package rgw

Last updated on 2025-07-04 09:50:01 CEST.

Flavor Version Tinstall Tcheck Ttotal Status Flags
r-devel-linux-x86_64-debian-clang 0.3.0 1.77 18.28 20.05 NOTE
r-devel-linux-x86_64-debian-gcc 0.3.0 1.35 15.20 16.55 NOTE
r-devel-linux-x86_64-fedora-clang 0.3.0 31.00 OK
r-devel-linux-x86_64-fedora-gcc 0.3.0 29.35 OK
r-devel-windows-x86_64 0.3.0 2.00 40.00 42.00 OK
r-patched-linux-x86_64 0.3.0 1.85 17.36 19.21 OK
r-release-linux-x86_64 0.3.0 1.74 17.24 18.98 OK
r-release-macos-arm64 0.3.0 14.00 OK
r-release-macos-x86_64 0.3.0 23.00 OK
r-release-windows-x86_64 0.3.0 3.00 46.00 49.00 OK
r-oldrel-macos-arm64 0.3.0 14.00 OK
r-oldrel-macos-x86_64 0.3.0 21.00 OK
r-oldrel-windows-x86_64 0.3.0 2.00 38.00 40.00 OK

Check Details

Version: 0.3.0
Check: CRAN incoming feasibility
Result: NOTE Maintainer: ‘Adam Mantz <amantz@slac.stanford.edu>’ No Authors@R field in DESCRIPTION. Please add one, modifying Authors@R: person(given = "Adam", family = "Mantz", role = c("aut", "cre"), email = "amantz@slac.stanford.edu") as necessary. Flavors: r-devel-linux-x86_64-debian-clang, r-devel-linux-x86_64-debian-gcc