Last updated on 2025-10-22 09:50:49 CEST.
Flavor | Version | Tinstall | Tcheck | Ttotal | Status | Flags |
---|---|---|---|---|---|---|
r-devel-linux-x86_64-debian-clang | 1.3.1 | 21.06 | 91.62 | 112.68 | NOTE | |
r-devel-linux-x86_64-debian-gcc | 1.3.1 | 15.10 | 68.37 | 83.47 | NOTE | |
r-devel-linux-x86_64-fedora-clang | 1.3.1 | 114.00 | 81.13 | 195.13 | OK | |
r-devel-linux-x86_64-fedora-gcc | 1.3.1 | 86.00 | 115.20 | 201.20 | OK | |
r-devel-windows-x86_64 | 1.3.1 | 30.00 | 157.00 | 187.00 | OK | |
r-patched-linux-x86_64 | 1.3.0.3 | 23.21 | 85.98 | 109.19 | OK | |
r-release-linux-x86_64 | 1.3.1 | 23.52 | 88.20 | 111.72 | OK | |
r-release-macos-arm64 | 1.3.1 | 9.00 | 57.00 | 66.00 | OK | |
r-release-macos-x86_64 | 1.3.1 | 15.00 | 142.00 | 157.00 | OK | |
r-release-windows-x86_64 | 1.3.1 | 29.00 | 156.00 | 185.00 | OK | |
r-oldrel-macos-arm64 | 1.3.1 | 9.00 | 61.00 | 70.00 | OK | |
r-oldrel-macos-x86_64 | 1.3.1 | 14.00 | 135.00 | 149.00 | OK | |
r-oldrel-windows-x86_64 | 1.3.1 | 35.00 | 190.00 | 225.00 | OK |
Version: 1.3.1
Check: HTML version of manual
Result: NOTE
Found the following HTML validation problems:
cash-.rating.set.html:51:1 (cash-.rating.set.Rd:12): Warning: missing </ul> before </div>
contingency_table.html:58:1 (contingency_table.Rd:16): Warning: missing </ul> before </div>
kappa_ct.html:46:1 (kappa_ct.Rd:10): Warning: missing </ul> before </div>
random_contingency_table.html:73:1 (random_contingency_table.Rd:27): Warning: missing </ul> before </div>
sample_contingency_table.html:54:1 (sample_contingency_table.Rd:14): Warning: missing </ul> before </div>
Flavors: r-devel-linux-x86_64-debian-clang, r-devel-linux-x86_64-debian-gcc