Last updated on 2025-10-21 09:48:44 CEST.
Flavor | Version | Tinstall | Tcheck | Ttotal | Status | Flags |
---|---|---|---|---|---|---|
r-devel-linux-x86_64-debian-clang | 2.0.1 | 10.82 | 47.72 | 58.54 | OK | |
r-devel-linux-x86_64-debian-gcc | 2.0.1 | 7.09 | 34.56 | 41.65 | NOTE | |
r-devel-linux-x86_64-fedora-clang | 2.0.1 | 89.74 | OK | |||
r-devel-linux-x86_64-fedora-gcc | 2.0.1 | 90.22 | OK | |||
r-devel-windows-x86_64 | 2.0.1 | 13.00 | 64.00 | 77.00 | OK | |
r-patched-linux-x86_64 | 2.0.1 | 11.71 | 44.84 | 56.55 | OK | |
r-release-linux-x86_64 | 2.0.1 | 10.61 | 44.91 | 55.52 | OK | |
r-release-macos-arm64 | 2.0.1 | 35.00 | OK | |||
r-release-macos-x86_64 | 2.0.1 | 56.00 | OK | |||
r-release-windows-x86_64 | 2.0.1 | 13.00 | 67.00 | 80.00 | OK | |
r-oldrel-macos-arm64 | 2.0.1 | 35.00 | OK | |||
r-oldrel-macos-x86_64 | 2.0.1 | 64.00 | OK | |||
r-oldrel-windows-x86_64 | 2.0.1 | 17.00 | 76.00 | 93.00 | OK |
Version: 2.0.1
Check: HTML version of manual
Result: NOTE
Found the following HTML validation problems:
check.html:46:1 (check.Rd:10): Warning: missing </ul> before </div>
check_for_cran.html:46:1 (check_for_cran.Rd:10): Warning: missing </ul> before </div>
check_shortcuts.html:72:1 (check_shortcuts.Rd:49): Warning: missing </ul> before </div>
get_check.html:46:1 (get_check.Rd:10): Warning: missing </ul> before </div>
last_check.html:46:1 (last_check.Rd:10): Warning: missing </ul> before </div>
list_my_checks.html:46:1 (list_my_checks.Rd:10): Warning: missing </ul> before </div>
list_package_checks.html:46:1 (list_package_checks.Rd:10): Warning: missing </ul> before </div>
list_validated_emails.html:46:1 (list_validated_emails.Rd:10): Warning: missing </ul> before </div>
local_check_linux.html:46:1 (local_check_linux.Rd:10): Warning: missing </ul> before </div>
local_check_linux_images.html:46:1 (local_check_linux_images.Rd:10): Warning: missing </ul> before </div>
platforms.html:46:1 (platforms.Rd:10): Warning: missing </ul> before </div>
rhub-package.html:328:1 (rhub-package.Rd:261): Warning: missing </ul> before </div>
rhub_doctor.html:49:1 (rhub_doctor.Rd:12): Warning: missing </ul> before </div>
rhubv2.html:205:1 (rhubv2.Rd:129): Warning: missing </ul> before </div>
validate_email.html:46:1 (validate_email.Rd:10): Warning: missing </ul> before </div>
Flavor: r-devel-linux-x86_64-debian-gcc