CRAN Package Check Results for Package ricu

Last updated on 2025-10-22 09:50:49 CEST.

Flavor Version Tinstall Tcheck Ttotal Status Flags
r-devel-linux-x86_64-debian-clang 0.6.3 14.15 167.66 181.81 NOTE
r-devel-linux-x86_64-debian-gcc 0.6.3 8.99 117.66 126.65 NOTE
r-devel-linux-x86_64-fedora-clang 0.6.3 104.00 159.73 263.73 OK
r-devel-linux-x86_64-fedora-gcc 0.6.3 65.00 219.21 284.21 OK
r-devel-windows-x86_64 0.6.3 16.00 172.00 188.00 OK
r-patched-linux-x86_64 0.6.3 16.36 154.87 171.23 OK
r-release-linux-x86_64 0.6.3 12.02 161.12 173.14 OK
r-release-macos-arm64 0.6.3 6.00 86.00 92.00 OK
r-release-macos-x86_64 0.6.3 17.00 172.00 189.00 OK
r-release-windows-x86_64 0.6.3 18.00 173.00 191.00 OK
r-oldrel-macos-arm64 0.6.3 8.00 69.00 77.00 NOTE
r-oldrel-macos-x86_64 0.6.3 16.00 163.00 179.00 NOTE
r-oldrel-windows-x86_64 0.6.3 22.00 210.00 232.00 NOTE

Check Details

Version: 0.6.3
Check: HTML version of manual
Result: NOTE Found the following HTML validation problems: col_renamer.html:60:1 (col_renamer.Rd:18): Warning: missing </ul> before </div> label_sirs.html:88:1 (label_sirs.Rd:48): Warning: missing </ul> before </div> Flavors: r-devel-linux-x86_64-debian-clang, r-devel-linux-x86_64-debian-gcc

Version: 0.6.3
Check: package dependencies
Result: NOTE Packages suggested but not available for checking: 'mimic.demo', 'eicu.demo' Flavors: r-oldrel-macos-arm64, r-oldrel-macos-x86_64, r-oldrel-windows-x86_64