Last updated on 2025-10-21 09:48:44 CEST.
Flavor | Version | Tinstall | Tcheck | Ttotal | Status | Flags |
---|---|---|---|---|---|---|
r-devel-linux-x86_64-debian-clang | 2.0.1 | 6.87 | 96.34 | 103.21 | OK | |
r-devel-linux-x86_64-debian-gcc | 2.0.1 | 4.01 | 71.14 | 75.15 | NOTE | |
r-devel-linux-x86_64-fedora-clang | 2.0.1 | 157.18 | OK | |||
r-devel-linux-x86_64-fedora-gcc | 2.0.1 | 190.22 | NOTE | |||
r-devel-windows-x86_64 | 2.0.1 | 12.00 | 145.00 | 157.00 | OK | |
r-patched-linux-x86_64 | 2.0.1 | 7.45 | 90.22 | 97.67 | OK | |
r-release-linux-x86_64 | 2.0.1 | 6.48 | 90.39 | 96.87 | OK | |
r-release-macos-arm64 | 2.0.1 | 612.00 | OK | |||
r-release-macos-x86_64 | 2.0.1 | 818.00 | OK | |||
r-release-windows-x86_64 | 2.0.1 | 12.00 | 146.00 | 158.00 | OK | |
r-oldrel-macos-arm64 | 2.0.1 | 632.00 | OK | |||
r-oldrel-macos-x86_64 | 2.0.1 | 670.00 | OK | |||
r-oldrel-windows-x86_64 | 2.0.1 | 12.00 | 170.00 | 182.00 | OK |
Version: 2.0.1
Check: HTML version of manual
Result: NOTE
Found the following HTML validation problems:
add_default_risk_weights.html:46:1 (add_default_risk_weights.Rd:10): Warning: missing </ul> before </div>
assess_exports.html:46:1 (assess_exports.Rd:10): Warning: missing </ul> before </div>
calc_dependencies.html:46:1 (calc_dependencies.Rd:10): Warning: missing </ul> before </div>
calc_reverse_dependencies.html:46:1 (calc_reverse_dependencies.Rd:10): Warning: missing </ul> before </div>
check_ggproto.html:46:1 (check_ggproto.Rd:10): Warning: missing </ul> before </div>
check_risk_weights.html:46:1 (check_risk_weights.Rd:10): Warning: missing </ul> before </div>
create_file_coverage_df.html:58:1 (create_file_coverage_df.Rd:16): Warning: missing </ul> before </div>
create_items_matched.html:51:1 (create_items_matched.Rd:12): Warning: missing </ul> before </div>
extract_ggproto_methods.html:46:1 (extract_ggproto_methods.Rd:10): Warning: missing </ul> before </div>
filter_symbol_functions.html:50:1 (filter_symbol_functions.Rd:12): Warning: missing </ul> before </div>
find_reverse_dependencies.html:46:1 (find_reverse_dependencies.Rd:10): Warning: missing </ul> before </div>
function_is_ggproto.html:46:1 (function_is_ggproto.Rd:10): Warning: missing </ul> before </div>
generate_coverage_section.html:46:1 (generate_coverage_section.Rd:10): Warning: missing </ul> before </div>
generate_deps_section.html:46:1 (generate_deps_section.Rd:10): Warning: missing </ul> before </div>
generate_doc_metrics_section.html:46:1 (generate_doc_metrics_section.Rd:10): Warning: missing </ul> before </div>
generate_rcmd_check_section.html:46:1 (generate_rcmd_check_section.Rd:10): Warning: missing </ul> before </div>
generate_rev_deps_section.html:46:1 (generate_rev_deps_section.Rd:10): Warning: missing </ul> before </div>
generate_risk_details.html:46:1 (generate_risk_details.Rd:10): Warning: missing </ul> before </div>
generate_risk_summary.html:46:1 (generate_risk_summary.Rd:10): Warning: missing </ul> before </div>
generate_trace_matrix_section.html:46:1 (generate_trace_matrix_section.Rd:10): Warning: missing </ul> before </div>
get_func_descriptions.html:46:1 (get_func_descriptions.Rd:10): Warning: missing </ul> before </div>
get_regular_function_body.html:50:1 (get_regular_function_body.Rd:12): Warning: missing </ul> before </div>
get_s3_method.html:54:1 (get_s3_method.Rd:14): Warning: missing </ul> before </div>
parse_dcf_dependencies.html:46:1 (parse_dcf_dependencies.Rd:10): Warning: missing </ul> before </div>
preprocess_func_full_name.html:46:1 (preprocess_func_full_name.Rd:10): Warning: missing </ul> before </div>
remove_base_packages.html:46:1 (remove_base_packages.Rd:10): Warning: missing </ul> before </div>
run_covr.html:50:1 (run_covr.Rd:12): Warning: missing </ul> before </div>
standardize_risk_weights.html:50:1 (standardize_risk_weights.Rd:12): Warning: missing </ul> before </div>
unpack_tarball.html:50:1 (unpack_tarball.Rd:12): Warning: missing </ul> before </div>
Flavor: r-devel-linux-x86_64-debian-gcc
Version: 2.0.1
Check: for non-standard things in the check directory
Result: NOTE
Found the following files/directories:
‘test.package.0001’ ‘test.package.0005’ ‘test.package.0006’
‘test.package.0009’ ‘test.package.0010’
Flavor: r-devel-linux-x86_64-fedora-gcc