Last updated on 2025-07-04 09:50:01 CEST.
Flavor | Version | Tinstall | Tcheck | Ttotal | Status | Flags |
---|---|---|---|---|---|---|
r-devel-linux-x86_64-debian-clang | 0.5.0 | 5.74 | 37.02 | 42.76 | NOTE | |
r-devel-linux-x86_64-debian-gcc | 0.5.0 | 4.95 | 29.19 | 34.14 | NOTE | |
r-devel-linux-x86_64-fedora-clang | 0.5.0 | 68.29 | OK | |||
r-devel-linux-x86_64-fedora-gcc | 0.5.0 | 63.90 | OK | |||
r-devel-windows-x86_64 | 0.5.0 | 7.00 | 58.00 | 65.00 | NOTE | |
r-patched-linux-x86_64 | 0.5.0 | 8.79 | 34.69 | 43.48 | NOTE | |
r-release-linux-x86_64 | 0.5.0 | 6.24 | 35.58 | 41.82 | NOTE | |
r-release-macos-arm64 | 0.5.0 | 26.00 | OK | |||
r-release-macos-x86_64 | 0.5.0 | 42.00 | OK | |||
r-release-windows-x86_64 | 0.5.0 | 10.00 | 59.00 | 69.00 | NOTE | |
r-oldrel-macos-arm64 | 0.5.0 | 25.00 | OK | |||
r-oldrel-macos-x86_64 | 0.5.0 | 35.00 | OK | |||
r-oldrel-windows-x86_64 | 0.5.0 | 10.00 | 67.00 | 77.00 | OK |
Version: 0.5.0
Check: Rd cross-references
Result: NOTE
Found the following Rd file(s) with Rd \link{} targets missing package
anchors:
chartEvent.Rd: App
Please provide package anchors for all Rd \link{} targets not in the
package itself and the base packages.
Flavors: r-devel-linux-x86_64-debian-clang, r-devel-linux-x86_64-debian-gcc, r-devel-windows-x86_64, r-patched-linux-x86_64, r-release-linux-x86_64, r-release-windows-x86_64