Last updated on 2025-07-04 09:50:01 CEST.
Flavor | Version | Tinstall | Tcheck | Ttotal | Status | Flags |
---|---|---|---|---|---|---|
r-devel-linux-x86_64-debian-clang | 0.5 | 35.78 | 95.57 | 131.35 | NOTE | |
r-devel-linux-x86_64-debian-gcc | 0.5 | 23.35 | 70.05 | 93.40 | NOTE | |
r-devel-linux-x86_64-fedora-clang | 0.5 | 213.91 | OK | |||
r-devel-linux-x86_64-fedora-gcc | 0.5 | 200.73 | OK | |||
r-devel-windows-x86_64 | 0.5 | 41.00 | 117.00 | 158.00 | OK | |
r-patched-linux-x86_64 | 0.5 | 36.11 | 91.67 | 127.78 | OK | |
r-release-linux-x86_64 | 0.5 | 33.72 | 91.68 | 125.40 | OK | |
r-release-macos-arm64 | 0.5 | 56.00 | OK | |||
r-release-macos-x86_64 | 0.5 | 109.00 | OK | |||
r-release-windows-x86_64 | 0.5 | 40.00 | 118.00 | 158.00 | OK | |
r-oldrel-macos-arm64 | 0.5 | 50.00 | OK | |||
r-oldrel-macos-x86_64 | 0.5 | 83.00 | OK | |||
r-oldrel-windows-x86_64 | 0.5 | 48.00 | 151.00 | 199.00 | OK |
Version: 0.5
Check: CRAN incoming feasibility
Result: NOTE
Maintainer: ‘Yusuf Bilgic <bilgic@geneseo.edu>’
No Authors@R field in DESCRIPTION.
Please add one, modifying
Authors@R: c(person(given = "Yusuf",
family = "Bilgic",
role = c("aut", "cre"),
email = "bilgic@geneseo.edu"),
person(given = "Herb",
family = "Susmann",
role = "aut"),
person(given = "Joseph",
family = "McKean",
role = "aut"))
as necessary.
Flavors: r-devel-linux-x86_64-debian-clang, r-devel-linux-x86_64-debian-gcc