Last updated on 2025-10-21 09:48:45 CEST.
Flavor | Version | Tinstall | Tcheck | Ttotal | Status | Flags |
---|---|---|---|---|---|---|
r-devel-linux-x86_64-debian-clang | 2.30 | 9.71 | 74.27 | 83.98 | OK | |
r-devel-linux-x86_64-debian-gcc | 2.30 | 7.10 | 52.35 | 59.45 | NOTE | |
r-devel-linux-x86_64-fedora-clang | 2.30 | 122.47 | OK | |||
r-devel-linux-x86_64-fedora-gcc | 2.30 | 140.65 | OK | |||
r-devel-windows-x86_64 | 2.30 | 14.00 | 91.00 | 105.00 | OK | |
r-patched-linux-x86_64 | 2.30 | 11.70 | 68.19 | 79.89 | OK | |
r-release-linux-x86_64 | 2.30 | 9.06 | 67.82 | 76.88 | OK | |
r-release-macos-arm64 | 2.30 | 103.00 | OK | |||
r-release-macos-x86_64 | 2.30 | 193.00 | OK | |||
r-release-windows-x86_64 | 2.30 | 15.00 | 94.00 | 109.00 | OK | |
r-oldrel-macos-arm64 | 2.30 | 50.00 | NOTE | |||
r-oldrel-macos-x86_64 | 2.30 | 187.00 | NOTE | |||
r-oldrel-windows-x86_64 | 2.30 | 21.00 | 110.00 | 131.00 | NOTE |
Version: 2.30
Check: HTML version of manual
Result: NOTE
Found the following HTML validation problems:
html-dependencies.html:93:1 (html-dependencies.Rd:52): Warning: missing </ul> before </div>
html_notebook_metadata.html:48:1 (html_notebook_metadata.Rd:10): Warning: missing </ul> before </div>
latex-dependencies.html:55:1 (latex-dependencies.Rd:15): Warning: missing </ul> before </div>
latex_dependency.html:54:1 (latex_dependency.Rd:14): Warning: missing </ul> before </div>
shiny_prerendered_chunk.html:56:1 (shiny_prerendered_chunk.Rd:15): Warning: missing </ul> before </div>
shiny_prerendered_clean.html:47:1 (shiny_prerendered_clean.Rd:10): Warning: missing </ul> before </div>
shiny_prerendered_server_start_code.html:46:1 (shiny_prerendered_server_start_code.Rd:10): Warning: missing </ul> before </div>
yaml_front_matter.html:50:1 (yaml_front_matter.Rd:12): Warning: missing </ul> before </div>
Flavor: r-devel-linux-x86_64-debian-gcc
Version: 2.30
Check: installed package size
Result: NOTE
installed size is 7.1Mb
sub-directories of 1Mb or more:
rmd 6.0Mb
Flavors: r-oldrel-macos-arm64, r-oldrel-macos-x86_64, r-oldrel-windows-x86_64