Last updated on 2025-10-22 09:50:49 CEST.
Flavor | Version | Tinstall | Tcheck | Ttotal | Status | Flags |
---|---|---|---|---|---|---|
r-devel-linux-x86_64-debian-clang | 1.4-2 | 122.08 | 225.80 | 347.88 | OK | |
r-devel-linux-x86_64-debian-gcc | 1.4-2 | 77.13 | 146.87 | 224.00 | OK | |
r-devel-linux-x86_64-fedora-clang | 1.4-2 | 183.00 | 404.24 | 587.24 | OK | |
r-devel-linux-x86_64-fedora-gcc | 1.4-2 | 446.00 | 172.67 | 618.67 | OK | |
r-devel-windows-x86_64 | 1.4-2 | 124.00 | 240.00 | 364.00 | OK | |
r-patched-linux-x86_64 | 1.4-2 | 117.81 | 218.95 | 336.76 | OK | |
r-release-linux-x86_64 | 1.4-2 | 123.72 | 216.50 | 340.22 | OK | |
r-release-macos-arm64 | 1.4-2 | 46.00 | 89.00 | 135.00 | OK | |
r-release-macos-x86_64 | 1.4-2 | 73.00 | 189.00 | 262.00 | OK | |
r-release-windows-x86_64 | 1.4-2 | 124.00 | 244.00 | 368.00 | OK | |
r-oldrel-macos-arm64 | 1.4-2 | 43.00 | 94.00 | 137.00 | NOTE | |
r-oldrel-macos-x86_64 | 1.4-2 | 82.00 | 210.00 | 292.00 | NOTE | |
r-oldrel-windows-x86_64 | 1.4-2 | 159.00 | 303.00 | 462.00 | OK |
Version: 1.4-2
Check: installed package size
Result: NOTE
installed size is 9.8Mb
sub-directories of 1Mb or more:
R 3.1Mb
libs 6.0Mb
Flavors: r-oldrel-macos-arm64, r-oldrel-macos-x86_64