Last updated on 2025-10-21 09:48:45 CEST.
Flavor | Version | Tinstall | Tcheck | Ttotal | Status | Flags |
---|---|---|---|---|---|---|
r-devel-linux-x86_64-debian-clang | 0.7.15 | 2.51 | 40.56 | 43.07 | OK | |
r-devel-linux-x86_64-debian-gcc | 0.7.15 | 1.78 | 29.90 | 31.68 | NOTE | |
r-devel-linux-x86_64-fedora-clang | 0.7.15 | 65.81 | OK | |||
r-devel-linux-x86_64-fedora-gcc | 0.7.15 | 82.87 | OK | |||
r-devel-windows-x86_64 | 0.7.15 | 5.00 | 60.00 | 65.00 | OK | |
r-patched-linux-x86_64 | 0.7.15 | 3.04 | 38.83 | 41.87 | OK | |
r-release-linux-x86_64 | 0.7.15 | 2.38 | 38.52 | 40.90 | OK | |
r-release-macos-arm64 | 0.7.15 | 37.00 | OK | |||
r-release-macos-x86_64 | 0.7.15 | 82.00 | OK | |||
r-release-windows-x86_64 | 0.7.15 | 4.00 | 64.00 | 68.00 | OK | |
r-oldrel-macos-arm64 | 0.7.15 | 28.00 | OK | |||
r-oldrel-macos-x86_64 | 0.7.15 | 59.00 | OK | |||
r-oldrel-windows-x86_64 | 0.7.15 | 6.00 | 75.00 | 81.00 | OK |
Version: 0.7.15
Check: HTML version of manual
Result: NOTE
Found the following HTML validation problems:
as.list.robotstxt_text.html:51:1 (as.list.robotstxt_text.Rd:12): Warning: missing </ul> before </div>
fix_url.html:46:1 (fix_url.Rd:10): Warning: missing </ul> before </div>
get_robotstxt.html:132:1 (get_robotstxt.Rd:66): Warning: missing </ul> before </div>
get_robotstxts.html:136:1 (get_robotstxts.Rd:70): Warning: missing </ul> before </div>
guess_domain.html:46:1 (guess_domain.Rd:10): Warning: missing </ul> before </div>
is_suspect_robotstxt.html:46:1 (is_suspect_robotstxt.Rd:10): Warning: missing </ul> before </div>
is_valid_robotstxt.html:50:1 (is_valid_robotstxt.Rd:12): Warning: missing </ul> before </div>
named_list.html:46:1 (named_list.Rd:10): Warning: missing </ul> before </div>
null_to_defeault.html:50:1 (null_to_defeault.Rd:12): Warning: missing </ul> before </div>
paths_allowed.html:160:1 (paths_allowed.Rd:86): Warning: missing </ul> before </div>
paths_allowed_worker_spiderbar.html:62:1 (paths_allowed_worker_spiderbar.Rd:20): Warning: missing </ul> before </div>
print.robotstxt.html:51:1 (print.robotstxt.Rd:12): Warning: missing </ul> before </div>
print.robotstxt_text.html:51:1 (print.robotstxt_text.Rd:12): Warning: missing </ul> before </div>
remove_domain.html:46:1 (remove_domain.Rd:10): Warning: missing </ul> before </div>
rt_get_comments.html:46:1 (rt_get_comments.Rd:10): Warning: missing </ul> before </div>
rt_get_fields.html:54:1 (rt_get_fields.Rd:14): Warning: missing </ul> before </div>
rt_get_fields_worker.html:59:1 (rt_get_fields_worker.Rd:17): Warning: missing </ul> before </div>
rt_get_rtxt.html:47:1 (rt_get_rtxt.Rd:10): Warning: missing </ul> before </div>
rt_get_useragent.html:46:1 (rt_get_useragent.Rd:10): Warning: missing </ul> before </div>
Flavor: r-devel-linux-x86_64-debian-gcc