Last updated on 2025-10-21 09:48:45 CEST.
Flavor | Version | Tinstall | Tcheck | Ttotal | Status | Flags |
---|---|---|---|---|---|---|
r-devel-linux-x86_64-debian-clang | 0.3.2 | 4.71 | 81.00 | 85.71 | OK | |
r-devel-linux-x86_64-debian-gcc | 0.3.2 | 3.36 | 60.28 | 63.64 | NOTE | |
r-devel-linux-x86_64-fedora-clang | 0.3.2 | 125.73 | OK | |||
r-devel-linux-x86_64-fedora-gcc | 0.3.2 | 146.67 | OK | |||
r-devel-windows-x86_64 | 0.3.2 | 7.00 | 109.00 | 116.00 | OK | |
r-patched-linux-x86_64 | 0.3.2 | 8.22 | 75.71 | 83.93 | OK | |
r-release-linux-x86_64 | 0.3.2 | 4.65 | 75.42 | 80.07 | OK | |
r-release-macos-arm64 | 0.3.2 | 51.00 | OK | |||
r-release-macos-x86_64 | 0.3.2 | 117.00 | OK | |||
r-release-windows-x86_64 | 0.3.2 | 7.00 | 111.00 | 118.00 | OK | |
r-oldrel-macos-arm64 | 0.3.2 | 96.00 | OK | |||
r-oldrel-macos-x86_64 | 0.3.2 | 87.00 | OK | |||
r-oldrel-windows-x86_64 | 0.3.2 | 7.00 | 127.00 | 134.00 | OK |
Version: 0.3.2
Check: HTML version of manual
Result: NOTE
Found the following HTML validation problems:
rocker-R6-class.html:247:1 (rocker-R6-class.Rd:597): Warning: <h5> anchor "Usage" already defined
rocker-R6-class.html:253:1 (rocker-R6-class.Rd:601): Warning: <h5> anchor "Returns" already defined
rocker-R6-class.html:270:1 (rocker-R6-class.Rd:610): Warning: <h5> anchor "Usage" already defined
rocker-R6-class.html:276:1 (rocker-R6-class.Rd:614): Warning: <h5> anchor "Arguments" already defined
rocker-R6-class.html:293:1 (rocker-R6-class.Rd:625): Warning: <h5> anchor "Returns" already defined
rocker-R6-class.html:325:1 (rocker-R6-class.Rd:648): Warning: <h5> anchor "Usage" already defined
rocker-R6-class.html:339:1 (rocker-R6-class.Rd:660): Warning: <h5> anchor "Arguments" already defined
rocker-R6-class.html:364:1 (rocker-R6-class.Rd:679): Warning: <h5> anchor "Returns" already defined
rocker-R6-class.html:371:1 (rocker-R6-class.Rd:682): Warning: <h5> anchor "Examples" already defined
rocker-R6-class.html:396:1 (rocker-R6-class.Rd:702): Warning: <h5> anchor "Usage" already defined
rocker-R6-class.html:410:1 (rocker-R6-class.Rd:714): Warning: <h5> anchor "Arguments" already defined
rocker-R6-class.html:435:1 (rocker-R6-class.Rd:733): Warning: <h5> anchor "Returns" already defined
rocker-R6-class.html:442:1 (rocker-R6-class.Rd:736): Warning: <h5> anchor "Examples" already defined
rocker-R6-class.html:467:1 (rocker-R6-class.Rd:756): Warning: <h5> anchor "Usage" already defined
rocker-R6-class.html:473:1 (rocker-R6-class.Rd:760): Warning: <h5> anchor "Arguments" already defined
rocker-R6-class.html:490:1 (rocker-R6-class.Rd:771): Warning: <h5> anchor "Returns" already defined
rocker-R6-class.html:497:1 (rocker-R6-class.Rd:774): Warning: <h5> anchor "Examples" already defined
rocker-R6-class.html:520:1 (rocker-R6-class.Rd:792): Warning: <h5> anchor "Usage" already defined
rocker-R6-class.html:526:1 (rocker-R6-class.Rd:796): Warning: <h5> anchor "Arguments" already defined
rocker-R6-class.html:539:1 (rocker-R6-class.Rd:803): Warning: <h5> anchor "Returns" already defined
rocker-R6-class.html:546:1 (rocker-R6-class.Rd:806): Warning: <h5> anchor "Examples" already defined
rocker-R6-class.html:567:1 (rocker-R6-class.Rd:822): Warning: <h5> anchor "Usage" already defined
rocker-R6-class.html:573:1 (rocker-R6-class.Rd:826): Warning: <h5> anchor "Arguments" already defined
rocker-R6-class.html:586:1 (rocker-R6-class.Rd:833): Warning: <h5> anchor "Returns" already defined
rocker-R6-class.html:593:1 (rocker-R6-class.Rd:836): Warning: <h5> anchor "Examples" already defined
rocker-R6-class.html:615:1 (rocker-R6-class.Rd:853): Warning: <h5> anchor "Usage" already defined
rocker-R6-class.html:621:1 (rocker-R6-class.Rd:857): Warning: <h5> anchor "Arguments" already defined
rocker-R6-class.html:634:1 (rocker-R6-class.Rd:864): Warning: <h5> anchor "Returns" already defined
rocker-R6-class.html:641:1 (rocker-R6-class.Rd:867): Warning: <h5> anchor "Examples" already defined
rocker-R6-class.html:664:1 (rocker-R6-class.Rd:885): Warning: <h5> anchor "Usage" already defined
rocker-R6-class.html:670:1 (rocker-R6-class.Rd:889): Warning: <h5> anchor "Arguments" already defined
rocker-R6-class.html:683:1 (rocker-R6-class.Rd:896): Warning: <h5> anchor "Returns" already defined
rocker-R6-class.html:690:1 (rocker-R6-class.Rd:899): Warning: <h5> anchor "Examples" already defined
rocker-R6-class.html:713:1 (rocker-R6-class.Rd:917): Warning: <h5> anchor "Usage" already defined
rocker-R6-class.html:719:1 (rocker-R6-class.Rd:921): Warning: <h5> anchor "Arguments" already defined
rocker-R6-class.html:734:1 (rocker-R6-class.Rd:930): Warning: <h5> anchor "Returns" already defined
rocker-R6-class.html:741:1 (rocker-R6-class.Rd:933): Warning: <h5> anchor "Examples" already defined
rocker-R6-class.html:770:1 (rocker-R6-class.Rd:957): Warning: <h5> anchor "Usage" already defined
rocker-R6-class.html:776:1 (rocker-R6-class.Rd:961): Warning: <h5> anchor "Arguments" already defined
rocker-R6-class.html:793:1 (rocker-R6-class.Rd:972): Warning: <h5> anchor "Returns" already defined
rocker-R6-class.html:800:1 (rocker-R6-class.Rd:975): Warning: <h5> anchor "Examples" already defined
rocker-R6-class.html:825:1 (rocker-R6-class.Rd:995): Warning: <h5> anchor "Usage" already defined
rocker-R6-class.html:831:1 (rocker-R6-class.Rd:999): Warning: <h5> anchor "Arguments" already defined
rocker-R6-class.html:846:1 (rocker-R6-class.Rd:1008): Warning: <h5> anchor "Returns" already defined
rocker-R6-class.html:853:1 (rocker-R6-class.Rd:1011): Warning: <h5> anchor "Examples" already defined
rocker-R6-class.html:881:1 (rocker-R6-class.Rd:1034): Warning: <h5> anchor "Usage" already defined
rocker-R6-class.html:887:1 (rocker-R6-class.Rd:1038): Warning: <h5> anchor "Arguments" already defined
rocker-R6-class.html:902:1 (rocker-R6-class.Rd:1047): Warning: <h5> anchor "Returns" already defined
rocker-R6-class.html:909:1 (rocker-R6-class.Rd:1050): Warning: <h5> anchor "Examples" already defined
rocker-R6-class.html:934:1 (rocker-R6-class.Rd:1070): Warning: <h5> anchor "Usage" already defined
rocker-R6-class.html:940:1 (rocker-R6-class.Rd:1074): Warning: <h5> anchor "Arguments" already defined
rocker-R6-class.html:955:1 (rocker-R6-class.Rd:1083): Warning: <h5> anchor "Returns" already defined
rocker-R6-class.html:962:1 (rocker-R6-class.Rd:1086): Warning: <h5> anchor "Examples" already defined
rocker-R6-class.html:989:1 (rocker-R6-class.Rd:1108): Warning: <h5> anchor "Usage" already defined
rocker-R6-class.html:995:1 (rocker-R6-class.Rd:1112): Warning: <h5> anchor "Arguments" already defined
rocker-R6-class.html:1008:1 (rocker-R6-class.Rd:1119): Warning: <h5> anchor "Returns" already defined
rocker-R6-class.html:1015:1 (rocker-R6-class.Rd:1122): Warning: <h5> anchor "Examples" already defined
rocker-R6-class.html:1043:1 (rocker-R6-class.Rd:1145): Warning: <h5> anchor "Usage" already defined
rocker-R6-class.html:1049:1 (rocker-R6-class.Rd:1149): Warning: <h5> anchor "Arguments" already defined
rocker-R6-class.html:1062:1 (rocker-R6-class.Rd:1156): Warning: <h5> anchor "Returns" already defined
rocker-R6-class.html:1069:1 (rocker-R6-class.Rd:1159): Warning: <h5> anchor "Examples" already defined
rocker-R6-class.html:1096:1 (rocker-R6-class.Rd:1181): Warning: <h5> anchor "Usage" already defined
rocker-R6-class.html:1102:1 (rocker-R6-class.Rd:1185): Warning: <h5> anchor "Arguments" already defined
rocker-R6-class.html:1115:1 (rocker-R6-class.Rd:1192): Warning: <h5> anchor "Returns" already defined
rocker-R6-class.html:1122:1 (rocker-R6-class.Rd:1195): Warning: <h5> anchor "Examples" already defined
rocker-R6-class.html:1150:1 (rocker-R6-class.Rd:1218): Warning: <h5> anchor "Usage" already defined
rocker-R6-class.html:1156:1 (rocker-R6-class.Rd:1222): Warning: <h5> anchor "Arguments" already defined
rocker-R6-class.html:1169:1 (rocker-R6-class.Rd:1229): Warning: <h5> anchor "Returns" already defined
rocker-R6-class.html:1176:1 (rocker-R6-class.Rd:1232): Warning: <h5> anchor "Examples" already defined
rocker-R6-class.html:1203:1 (rocker-R6-class.Rd:1254): Warning: <h5> anchor "Usage" already defined
rocker-R6-class.html:1209:1 (rocker-R6-class.Rd:1258): Warning: <h5> anchor "Arguments" already defined
rocker-R6-class.html:1222:1 (rocker-R6-class.Rd:1265): Warning: <h5> anchor "Returns" already defined
rocker-R6-class.html:1229:1 (rocker-R6-class.Rd:1268): Warning: <h5> anchor "Examples" already defined
rocker-R6-class.html:1256:1 (rocker-R6-class.Rd:1290): Warning: <h5> anchor "Usage" already defined
rocker-R6-class.html:1262:1 (rocker-R6-class.Rd:1294): Warning: <h5> anchor "Arguments" already defined
rocker-R6-class.html:1275:1 (rocker-R6-class.Rd:1301): Warning: <h5> anchor "Returns" already defined
rocker-R6-class.html:1282:1 (rocker-R6-class.Rd:1304): Warning: <h5> anchor "Examples" already defined
rocker-R6-class.html:1309:1 (rocker-R6-class.Rd:1326): Warning: <h5> anchor "Usage" already defined
rocker-R6-class.html:1315:1 (rocker-R6-class.Rd:1330): Warning: <h5> anchor "Arguments" already defined
rocker-R6-class.html:1328:1 (rocker-R6-class.Rd:1337): Warning: <h5> anchor "Returns" already defined
rocker-R6-class.html:1335:1 (rocker-R6-class.Rd:1340): Warning: <h5> anchor "Examples" already defined
rocker-R6-class.html:1363:1 (rocker-R6-class.Rd:1363): Warning: <h5> anchor "Usage" already defined
rocker-R6-class.html:1369:1 (rocker-R6-class.Rd:1367): Warning: <h5> anchor "Arguments" already defined
rocker-R6-class.html:1382:1 (rocker-R6-class.Rd:1374): Warning: <h5> anchor "Returns" already defined
rocker-R6-class.html:1389:1 (rocker-R6-class.Rd:1377): Warning: <h5> anchor "Examples" already defined
rocker-R6-class.html:1417:1 (rocker-R6-class.Rd:1400): Warning: <h5> anchor "Usage" already defined
rocker-R6-class.html:1423:1 (rocker-R6-class.Rd:1404): Warning: <h5> anchor "Arguments" already defined
rocker-R6-class.html:1436:1 (rocker-R6-class.Rd:1411): Warning: <h5> anchor "Returns" already defined
rocker-R6-class.html:1443:1 (rocker-R6-class.Rd:1414): Warning: <h5> anchor "Examples" already defined
rocker-R6-class.html:1471:1 (rocker-R6-class.Rd:1437): Warning: <h5> anchor "Usage" already defined
rocker-R6-class.html:1477:1 (rocker-R6-class.Rd:1441): Warning: <h5> anchor "Arguments" already defined
rocker-R6-class.html:1490:1 (rocker-R6-class.Rd:1448): Warning: <h5> anchor "Returns" already defined
rocker-R6-class.html:1497:1 (rocker-R6-class.Rd:1451): Warning: <h5> anchor "Examples" already defined
rocker-R6-class.html:1519:1 (rocker-R6-class.Rd:1468): Warning: <h5> anchor "Usage" already defined
rocker-R6-class.html:1525:1 (rocker-R6-class.Rd:1472): Warning: <h5> anchor "Arguments" already defined
rocker-R6-class.html:1538:1 (rocker-R6-class.Rd:1479): Warning: <h5> anchor "Returns" already defined
rocker-R6-class.html:1545:1 (rocker-R6-class.Rd:1482): Warning: <h5> anchor "Examples" already defined
rocker-R6-class.html:1569:1 (rocker-R6-class.Rd:1501): Warning: <h5> anchor "Usage" already defined
rocker-R6-class.html:1575:1 (rocker-R6-class.Rd:1505): Warning: <h5> anchor "Arguments" already defined
rocker-R6-class.html:1588:1 (rocker-R6-class.Rd:1512): Warning: <h5> anchor "Returns" already defined
rocker-R6-class.html:1595:1 (rocker-R6-class.Rd:1515): Warning: <h5> anchor "Examples" already defined
rocker-R6-class.html:1622:1 (rocker-R6-class.Rd:1537): Warning: <h5> anchor "Usage" already defined
rocker-R6-class.html:1628:1 (rocker-R6-class.Rd:1541): Warning: <h5> anchor "Arguments" already defined
rocker-R6-class.html:1643:1 (rocker-R6-class.Rd:1550): Warning: <h5> anchor "Returns" already defined
rocker-R6-class.html:1650:1 (rocker-R6-class.Rd:1553): Warning: <h5> anchor "Examples" already defined
rocker-R6-class.html:1672:1 (rocker-R6-class.Rd:1570): Warning: <h5> anchor "Usage" already defined
rocker-R6-class.html:1678:1 (rocker-R6-class.Rd:1574): Warning: <h5> anchor "Arguments" already defined
rocker-R6-class.html:1693:1 (rocker-R6-class.Rd:1583): Warning: <h5> anchor "Returns" already defined
rocker-R6-class.html:1700:1 (rocker-R6-class.Rd:1586): Warning: <h5> anchor "Examples" already defined
rocker-R6-class.html:1724:1 (rocker-R6-class.Rd:1605): Warning: <h5> anchor "Usage" already defined
rocker-R6-class.html:1730:1 (rocker-R6-class.Rd:1609): Warning: <h5> anchor "Arguments" already defined
rocker-R6-class.html:1745:1 (rocker-R6-class.Rd:1618): Warning: <h5> anchor "Returns" already defined
rocker-R6-class.html:1752:1 (rocker-R6-class.Rd:1621): Warning: <h5> anchor "Examples" already defined
rocker-R6-class.html:1779:1 (rocker-R6-class.Rd:1643): Warning: <h5> anchor "Usage" already defined
rocker-R6-class.html:1785:1 (rocker-R6-class.Rd:1647): Warning: <h5> anchor "Arguments" already defined
rocker-R6-class.html:1802:1 (rocker-R6-class.Rd:1658): Warning: <h5> anchor "Returns" already defined
rocker-R6-class.html:1809:1 (rocker-R6-class.Rd:1661): Warning: <h5> anchor "Examples" already defined
rocker-R6-class.html:1833:1 (rocker-R6-class.Rd:1680): Warning: <h5> anchor "Usage" already defined
rocker-R6-class.html:1839:1 (rocker-R6-class.Rd:1684): Warning: <h5> anchor "Arguments" already defined
rocker-R6-class.html:1856:1 (rocker-R6-class.Rd:1695): Warning: <h5> anchor "Returns" already defined
rocker-R6-class.html:1863:1 (rocker-R6-class.Rd:1698): Warning: <h5> anchor "Examples" already defined
rocker-R6-class.html:1887:1 (rocker-R6-class.Rd:1717): Warning: <h5> anchor "Usage" already defined
rocker-R6-class.html:1893:1 (rocker-R6-class.Rd:1721): Warning: <h5> anchor "Arguments" already defined
rocker-R6-class.html:1910:1 (rocker-R6-class.Rd:1732): Warning: <h5> anchor "Returns" already defined
rocker-R6-class.html:1917:1 (rocker-R6-class.Rd:1735): Warning: <h5> anchor "Examples" already defined
rocker-R6-class.html:1942:1 (rocker-R6-class.Rd:1755): Warning: <h5> anchor "Usage" already defined
rocker-R6-class.html:1948:1 (rocker-R6-class.Rd:1759): Warning: <h5> anchor "Arguments" already defined
rocker-R6-class.html:1965:1 (rocker-R6-class.Rd:1770): Warning: <h5> anchor "Returns" already defined
rocker-R6-class.html:1972:1 (rocker-R6-class.Rd:1773): Warning: <h5> anchor "Examples" already defined
rocker-R6-class.html:1996:1 (rocker-R6-class.Rd:1792): Warning: <h5> anchor "Usage" already defined
rocker-R6-class.html:2002:1 (rocker-R6-class.Rd:1796): Warning: <h5> anchor "Arguments" already defined
rocker-R6-class.html:2017:1 (rocker-R6-class.Rd:1805): Warning: <h5> anchor "Returns" already defined
rocker-R6-class.html:2024:1 (rocker-R6-class.Rd:1808): Warning: <h5> anchor "Examples" already defined
rocker-R6-class.html:2049:1 (rocker-R6-class.Rd:1828): Warning: <h5> anchor "Usage" already defined
rocker-R6-class.html:2055:1 (rocker-R6-class.Rd:1832): Warning: <h5> anchor "Arguments" already defined
rocker-R6-class.html:2070:1 (rocker-R6-class.Rd:1841): Warning: <h5> anchor "Returns" already defined
rocker-R6-class.html:2077:1 (rocker-R6-class.Rd:1844): Warning: <h5> anchor "Examples" already defined
rocker-R6-class.html:2102:1 (rocker-R6-class.Rd:1864): Warning: <h5> anchor "Usage" already defined
rocker-R6-class.html:2108:1 (rocker-R6-class.Rd:1868): Warning: <h5> anchor "Arguments" already defined
rocker-R6-class.html:2123:1 (rocker-R6-class.Rd:1877): Warning: <h5> anchor "Returns" already defined
rocker-R6-class.html:2130:1 (rocker-R6-class.Rd:1880): Warning: <h5> anchor "Examples" already defined
rocker-R6-class.html:2155:1 (rocker-R6-class.Rd:1900): Warning: <h5> anchor "Usage" already defined
rocker-R6-class.html:2161:1 (rocker-R6-class.Rd:1904): Warning: <h5> anchor "Arguments" already defined
rocker-R6-class.html:2176:1 (rocker-R6-class.Rd:1913): Warning: <h5> anchor "Returns" already defined
rocker-R6-class.html:2183:1 (rocker-R6-class.Rd:1916): Warning: <h5> anchor "Examples" already defined
rocker-R6-class.html:2207:1 (rocker-R6-class.Rd:1935): Warning: <h5> anchor "Usage" already defined
rocker-R6-class.html:2213:1 (rocker-R6-class.Rd:1939): Warning: <h5> anchor "Arguments" already defined
rocker-R6-class.html:2226:1 (rocker-R6-class.Rd:1946): Warning: <h5> anchor "Returns" already defined
rocker-R6-class.html:2233:1 (rocker-R6-class.Rd:1949): Warning: <h5> anchor "Examples" already defined
rocker-R6-class.html:2257:1 (rocker-R6-class.Rd:1968): Warning: <h5> anchor "Usage" already defined
rocker-R6-class.html:2263:1 (rocker-R6-class.Rd:1972): Warning: <h5> anchor "Arguments" already defined
rocker-R6-class.html:2276:1 (rocker-R6-class.Rd:1979): Warning: <h5> anchor "Returns" already defined
rocker-R6-class.html:2283:1 (rocker-R6-class.Rd:1982): Warning: <h5> anchor "Examples" already defined
Flavor: r-devel-linux-x86_64-debian-gcc