CRAN Package Check Results for Package rollbar

Last updated on 2025-10-21 09:48:45 CEST.

Flavor Version Tinstall Tcheck Ttotal Status Flags
r-devel-linux-x86_64-debian-clang 0.1.0 1.71 18.99 20.70 OK
r-devel-linux-x86_64-debian-gcc 0.1.0 1.37 16.02 17.39 NOTE
r-devel-linux-x86_64-fedora-clang 0.1.0 29.00 OK
r-devel-linux-x86_64-fedora-gcc 0.1.0 29.73 OK
r-devel-windows-x86_64 0.1.0 3.00 38.00 41.00 OK
r-patched-linux-x86_64 0.1.0 1.76 17.38 19.14 OK
r-release-linux-x86_64 0.1.0 1.68 17.44 19.12 OK
r-release-macos-arm64 0.1.0 17.00 OK
r-release-macos-x86_64 0.1.0 24.00 OK
r-release-windows-x86_64 0.1.0 3.00 39.00 42.00 OK
r-oldrel-macos-arm64 0.1.0 14.00 NOTE
r-oldrel-macos-x86_64 0.1.0 24.00 NOTE
r-oldrel-windows-x86_64 0.1.0 4.00 43.00 47.00 NOTE

Check Details

Version: 0.1.0
Check: HTML version of manual
Result: NOTE Found the following HTML validation problems: rollbar.configure.html:54:1 (rollbar.configure.Rd:14): Warning: missing </ul> before </div> rollbar.critical.html:50:1 (rollbar.critical.Rd:12): Warning: missing </ul> before </div> rollbar.debug.html:50:1 (rollbar.debug.Rd:12): Warning: missing </ul> before </div> rollbar.error.html:50:1 (rollbar.error.Rd:12): Warning: missing </ul> before </div> rollbar.warning.html:50:1 (rollbar.warning.Rd:12): Warning: missing </ul> before </div> Flavor: r-devel-linux-x86_64-debian-gcc

Version: 0.1.0
Check: LazyData
Result: NOTE 'LazyData' is specified without a 'data' directory Flavors: r-oldrel-macos-arm64, r-oldrel-macos-x86_64, r-oldrel-windows-x86_64