Last updated on 2025-10-21 09:48:45 CEST.
Flavor | Version | Tinstall | Tcheck | Ttotal | Status | Flags |
---|---|---|---|---|---|---|
r-devel-linux-x86_64-debian-clang | 0.5.1 | 6.95 | 49.08 | 56.03 | OK | |
r-devel-linux-x86_64-debian-gcc | 0.5.1 | 4.82 | 36.71 | 41.53 | NOTE | |
r-devel-linux-x86_64-fedora-clang | 0.5.1 | 80.63 | OK | |||
r-devel-linux-x86_64-fedora-gcc | 0.5.1 | 90.44 | OK | |||
r-devel-windows-x86_64 | 0.5.1 | 9.00 | 69.00 | 78.00 | OK | |
r-patched-linux-x86_64 | 0.5.1 | 6.92 | 46.50 | 53.42 | OK | |
r-release-linux-x86_64 | 0.5.1 | 6.59 | 46.60 | 53.19 | OK | |
r-release-macos-arm64 | 0.5.1 | 36.00 | OK | |||
r-release-macos-x86_64 | 0.5.1 | 65.00 | OK | |||
r-release-windows-x86_64 | 0.5.1 | 9.00 | 69.00 | 78.00 | OK | |
r-oldrel-macos-arm64 | 0.5.1 | 29.00 | OK | |||
r-oldrel-macos-x86_64 | 0.5.1 | 53.00 | OK | |||
r-oldrel-windows-x86_64 | 0.5.1 | 11.00 | 81.00 | 92.00 | OK |
Version: 0.5.1
Check: HTML version of manual
Result: NOTE
Found the following HTML validation problems:
RosvDownload.html:150:1 (RosvDownload.Rd:92): Warning: <h5> anchor "Usage" already defined
RosvDownload.html:168:1 (RosvDownload.Rd:104): Warning: <h5> anchor "Usage" already defined
RosvDownload.html:184:1 (RosvDownload.Rd:114): Warning: <h5> anchor "Usage" already defined
RosvDownload.html:190:1 (RosvDownload.Rd:118): Warning: <h5> anchor "Arguments" already defined
RosvDownload.html:213:1 (RosvDownload.Rd:131): Warning: <h5> anchor "Usage" already defined
RosvDownload.html:219:1 (RosvDownload.Rd:135): Warning: <h5> anchor "Arguments" already defined
RosvQuery1.html:138:1 (RosvQuery1.Rd:83): Warning: <h5> anchor "Usage" already defined
RosvQuery1.html:155:1 (RosvQuery1.Rd:94): Warning: <h5> anchor "Usage" already defined
RosvQuery1.html:171:1 (RosvQuery1.Rd:104): Warning: <h5> anchor "Usage" already defined
RosvQuery1.html:177:1 (RosvQuery1.Rd:108): Warning: <h5> anchor "Arguments" already defined
RosvQuery1.html:200:1 (RosvQuery1.Rd:121): Warning: <h5> anchor "Usage" already defined
RosvQuery1.html:206:1 (RosvQuery1.Rd:125): Warning: <h5> anchor "Arguments" already defined
RosvQueryBatch.html:134:1 (RosvQueryBatch.Rd:86): Warning: <h5> anchor "Usage" already defined
RosvQueryBatch.html:150:1 (RosvQueryBatch.Rd:96): Warning: <h5> anchor "Usage" already defined
RosvQueryBatch.html:176:1 (RosvQueryBatch.Rd:113): Warning: <h5> anchor "Usage" already defined
RosvQueryBatch.html:182:1 (RosvQueryBatch.Rd:117): Warning: <h5> anchor "Arguments" already defined
RosvVulns.html:109:1 (RosvVulns.Rd:62): Warning: <h5> anchor "Usage" already defined
RosvVulns.html:125:1 (RosvVulns.Rd:72): Warning: <h5> anchor "Usage" already defined
RosvVulns.html:131:1 (RosvVulns.Rd:76): Warning: <h5> anchor "Arguments" already defined
RosvVulns.html:154:1 (RosvVulns.Rd:89): Warning: <h5> anchor "Usage" already defined
RosvVulns.html:160:1 (RosvVulns.Rd:93): Warning: <h5> anchor "Arguments" already defined
Flavor: r-devel-linux-x86_64-debian-gcc