Last updated on 2025-10-21 09:48:45 CEST.
Flavor | Version | Tinstall | Tcheck | Ttotal | Status | Flags |
---|---|---|---|---|---|---|
r-devel-linux-x86_64-debian-clang | 0.21-0.2 | 3.06 | 39.51 | 42.57 | OK | |
r-devel-linux-x86_64-debian-gcc | 0.21-0.2 | 2.41 | 30.59 | 33.00 | NOTE | |
r-devel-linux-x86_64-fedora-clang | 0.21-0.2 | 65.41 | OK | |||
r-devel-linux-x86_64-fedora-gcc | 0.21-0.2 | 78.63 | OK | |||
r-devel-windows-x86_64 | 0.21-0.2 | 6.00 | 63.00 | 69.00 | OK | |
r-patched-linux-x86_64 | 0.21-0.2 | 3.08 | 37.68 | 40.76 | OK | |
r-release-linux-x86_64 | 0.21-0.2 | 2.74 | 37.51 | 40.25 | OK | |
r-release-macos-arm64 | 0.21-0.2 | 40.00 | OK | |||
r-release-macos-x86_64 | 0.21-0.2 | 57.00 | OK | |||
r-release-windows-x86_64 | 0.21-0.2 | 8.00 | 63.00 | 71.00 | OK | |
r-oldrel-macos-arm64 | 0.21-0.2 | 32.00 | OK | |||
r-oldrel-macos-x86_64 | 0.21-0.2 | 44.00 | OK | |||
r-oldrel-windows-x86_64 | 0.21-0.2 | 7.00 | 70.00 | 77.00 | OK |
Version: 0.21-0.2
Check: top-level files
Result: NOTE
Found the following validation problem for the NEWS.Rd HTML conversion:
NEWS.html:255:1 (inst/NEWS.Rd:141): Warning: missing </ul> before </div>
NEWS.html:40:1 (inst/NEWS.Rd:16): Warning: <h4> anchor "Misc" already defined
NEWS.html:88:1 (inst/NEWS.Rd:43): Warning: <h4> anchor "BUG-FIXES" already defined
NEWS.html:104:1 (inst/NEWS.Rd:52): Warning: <h4> anchor "NEW-FEATURES" already defined
NEWS.html:120:1 (inst/NEWS.Rd:61): Warning: <h4> anchor "BUG-FIXES" already defined
NEWS.html:136:1 (inst/NEWS.Rd:70): Warning: <h4> anchor "NEW-FEATURES" already defined
NEWS.html:153:1 (inst/NEWS.Rd:80): Warning: <h4> anchor "NEW-FEATURES" already defined
NEWS.html:170:1 (inst/NEWS.Rd:90): Warning: <h4> anchor "NEW-FEATURES" already defined
NEWS.html:197:1 (inst/NEWS.Rd:107): Warning: <h4> anchor "NEW-FEATURES" already defined
NEWS.html:232:1 (inst/NEWS.Rd:128): Warning: <h4> anchor "NEW-FEATURES" already defined
Flavor: r-devel-linux-x86_64-debian-gcc