CRAN Package Check Results for Package rpnf

Last updated on 2025-10-21 09:48:45 CEST.

Flavor Version Tinstall Tcheck Ttotal Status Flags
r-devel-linux-x86_64-debian-clang 1.0.5 2.90 30.48 33.38 NOTE
r-devel-linux-x86_64-debian-gcc 1.0.5 2.06 23.17 25.23 NOTE
r-devel-linux-x86_64-fedora-clang 1.0.5 49.60 OK
r-devel-linux-x86_64-fedora-gcc 1.0.5 47.97 OK
r-devel-windows-x86_64 1.0.5 4.00 50.00 54.00 OK
r-patched-linux-x86_64 1.0.5 3.24 29.06 32.30 OK
r-release-linux-x86_64 1.0.5 2.75 28.75 31.50 OK
r-release-macos-arm64 1.0.5 17.00 OK
r-release-macos-x86_64 1.0.5 31.00 OK
r-release-windows-x86_64 1.0.5 4.00 52.00 56.00 OK
r-oldrel-macos-arm64 1.0.5 18.00 OK
r-oldrel-macos-x86_64 1.0.5 26.00 OK
r-oldrel-windows-x86_64 1.0.5 6.00 59.00 65.00 OK

Check Details

Version: 1.0.5
Check: CRAN incoming feasibility
Result: NOTE Maintainer: ‘Sascha Herrmann <sascha.herrmann.consulting@gmail.com>’ No Authors@R field in DESCRIPTION. Please add one, modifying Authors@R: person(given = "Sascha", family = "Herrmann", role = c("aut", "cre"), email = "sascha.herrmann.consulting@gmail.com") as necessary. Flavors: r-devel-linux-x86_64-debian-clang, r-devel-linux-x86_64-debian-gcc

Version: 1.0.5
Check: HTML version of manual
Result: NOTE Found the following HTML validation problems: box2lower.html:54:1 (box2lower.Rd:14): Warning: missing </ul> before </div> box2upper.html:54:1 (box2upper.Rd:14): Warning: missing </ul> before </div> bp.signalprocessor.html:46:1 (bp.signalprocessor.Rd:10): Warning: missing </ul> before </div> currentVPOBreakoutMethod.html:60:1 (currentVPOBreakoutMethod.Rd:17): Warning: missing </ul> before </div> currentVPOReversalMethod.html:60:1 (currentVPOReversalMethod.Rd:17): Warning: missing </ul> before </div> doubleBottom.html:50:1 (doubleBottom.Rd:12): Warning: missing </ul> before </div> doubleTop.html:50:1 (doubleTop.Rd:12): Warning: missing </ul> before </div> fallingBottom.html:50:1 (fallingBottom.Rd:12): Warning: missing </ul> before </div> fallingTop.html:50:1 (fallingTop.Rd:12): Warning: missing </ul> before </div> maxBox.html:50:1 (maxBox.Rd:12): Warning: missing </ul> before </div> minBox.html:50:1 (minBox.Rd:12): Warning: missing </ul> before </div> nextBox.html:58:1 (nextBox.Rd:16): Warning: missing </ul> before </div> nextReversal.html:62:1 (nextReversal.Rd:18): Warning: missing </ul> before </div> raisingBottom.html:50:1 (raisingBottom.Rd:12): Warning: missing </ul> before </div> raisingTop.html:50:1 (raisingTop.Rd:12): Warning: missing </ul> before </div> signalanalyzer.html:50:1 (signalanalyzer.Rd:12): Warning: missing </ul> before </div> xo.priceobjective.processor.html:64:1 (xo.priceobjective.processor.Rd:17): Warning: missing </ul> before </div> xo.processor.html:68:1 (xo.processor.Rd:21): Warning: missing </ul> before </div> xo.signalprocessor.html:50:1 (xo.signalprocessor.Rd:12): Warning: missing </ul> before </div> Flavor: r-devel-linux-x86_64-debian-gcc