Last updated on 2025-10-22 09:50:50 CEST.
Flavor | Version | Tinstall | Tcheck | Ttotal | Status | Flags |
---|---|---|---|---|---|---|
r-devel-linux-x86_64-debian-clang | 2.0-3 | 67.73 | 105.79 | 173.52 | OK | |
r-devel-linux-x86_64-debian-gcc | 2.0-3 | 41.97 | 67.47 | 109.44 | OK | |
r-devel-linux-x86_64-fedora-clang | 2.0-3 | 151.00 | 169.10 | 320.10 | OK | |
r-devel-linux-x86_64-fedora-gcc | 2.0-3 | 153.00 | 145.14 | 298.14 | OK | |
r-devel-windows-x86_64 | 2.0-3 | 89.00 | 136.00 | 225.00 | OK | |
r-patched-linux-x86_64 | 2.0-3 | 67.10 | 99.36 | 166.46 | OK | |
r-release-linux-x86_64 | 2.0-3 | 63.17 | 98.11 | 161.28 | OK | |
r-release-macos-arm64 | 2.0-3 | 28.00 | 47.00 | 75.00 | OK | |
r-release-macos-x86_64 | 2.0-3 | 32.00 | 99.00 | 131.00 | OK | |
r-release-windows-x86_64 | 2.0-3 | 92.00 | 137.00 | 229.00 | OK | |
r-oldrel-macos-arm64 | 2.0-3 | 25.00 | 52.00 | 77.00 | NOTE | |
r-oldrel-macos-x86_64 | 2.0-3 | 31.00 | 94.00 | 125.00 | NOTE | |
r-oldrel-windows-x86_64 | 2.0-3 | 105.00 | 170.00 | 275.00 | OK |
Version: 2.0-3
Check: installed package size
Result: NOTE
installed size is 7.7Mb
sub-directories of 1Mb or more:
libs 6.7Mb
Flavors: r-oldrel-macos-arm64, r-oldrel-macos-x86_64