Last updated on 2025-10-22 09:50:51 CEST.
Flavor | Version | Tinstall | Tcheck | Ttotal | Status | Flags |
---|---|---|---|---|---|---|
r-devel-linux-x86_64-debian-clang | 0.3.1 | 4.85 | 60.20 | 65.05 | NOTE | |
r-devel-linux-x86_64-debian-gcc | 0.3.1 | 2.75 | 43.06 | 45.81 | NOTE | |
r-devel-linux-x86_64-fedora-clang | 0.3.1 | 11.00 | 85.90 | 96.90 | OK | |
r-devel-linux-x86_64-fedora-gcc | 0.3.1 | 107.58 | OK | |||
r-devel-windows-x86_64 | 0.3.1 | 6.00 | 76.00 | 82.00 | OK | |
r-patched-linux-x86_64 | 0.3.1 | 5.00 | 55.55 | 60.55 | OK | |
r-release-linux-x86_64 | 0.3.1 | 4.60 | 54.51 | 59.11 | OK | |
r-release-macos-arm64 | 0.3.1 | 3.00 | 37.00 | 40.00 | OK | |
r-release-macos-x86_64 | 0.3.1 | 4.00 | 64.00 | 68.00 | OK | |
r-release-windows-x86_64 | 0.3.1 | 8.00 | 77.00 | 85.00 | OK | |
r-oldrel-macos-arm64 | 0.3.1 | 2.00 | 42.00 | 44.00 | OK | |
r-oldrel-macos-x86_64 | 0.3.1 | 4.00 | 77.00 | 81.00 | OK | |
r-oldrel-windows-x86_64 | 0.3.1 | 7.00 | 89.00 | 96.00 | OK |
Version: 0.3.1
Check: HTML version of manual
Result: NOTE
Found the following HTML validation problems:
add_pack_names.html:48:1 (add_pack_names.Rd:10): Warning: missing </ul> before </div>
expose_single.html:65:1 (expose_single.Rd:20): Warning: missing </ul> before </div>
pack_info.html:52:1 (pack_info.Rd:14): Warning: missing </ul> before </div>
Flavors: r-devel-linux-x86_64-debian-clang, r-devel-linux-x86_64-debian-gcc