Last updated on 2025-10-22 09:50:51 CEST.
Flavor | Version | Tinstall | Tcheck | Ttotal | Status | Flags |
---|---|---|---|---|---|---|
r-devel-linux-x86_64-debian-clang | 0.1.1 | 8.00 | 61.97 | 69.97 | OK | |
r-devel-linux-x86_64-debian-gcc | 0.1.1 | 5.09 | 42.29 | 47.38 | OK | |
r-devel-linux-x86_64-fedora-clang | 0.1.1 | 15.00 | 87.90 | 102.90 | OK | |
r-devel-linux-x86_64-fedora-gcc | 0.1.1 | 16.00 | 82.63 | 98.63 | OK | |
r-devel-windows-x86_64 | 0.1.1 | 8.00 | 68.00 | 76.00 | OK | |
r-patched-linux-x86_64 | 0.1.1 | 6.93 | 56.36 | 63.29 | OK | |
r-release-linux-x86_64 | 0.1.1 | 5.86 | 56.38 | 62.24 | OK | |
r-release-macos-arm64 | 0.1.1 | 3.00 | 24.00 | 27.00 | OK | |
r-release-macos-x86_64 | 0.1.1 | 5.00 | 42.00 | 47.00 | OK | |
r-release-windows-x86_64 | 0.1.1 | 9.00 | 69.00 | 78.00 | OK | |
r-oldrel-macos-arm64 | 0.1.1 | 3.00 | 24.00 | 27.00 | NOTE | |
r-oldrel-macos-x86_64 | 0.1.1 | 7.00 | 56.00 | 63.00 | NOTE | |
r-oldrel-windows-x86_64 | 0.1.1 | 11.00 | 83.00 | 94.00 | NOTE |
Version: 0.1.1
Check: LazyData
Result: NOTE
'LazyData' is specified without a 'data' directory
Flavors: r-oldrel-macos-arm64, r-oldrel-macos-x86_64, r-oldrel-windows-x86_64