CRAN Package Check Results for Package sBIC

Last updated on 2025-10-21 09:48:46 CEST.

Flavor Version Tinstall Tcheck Ttotal Status Flags
r-devel-linux-x86_64-debian-clang 0.2.0 11.24 66.10 77.34 NOTE
r-devel-linux-x86_64-debian-gcc 0.2.0 8.64 46.95 55.59 NOTE
r-devel-linux-x86_64-fedora-clang 0.2.0 125.57 NOTE
r-devel-linux-x86_64-fedora-gcc 0.2.0 313.46 NOTE
r-devel-windows-x86_64 0.2.0 18.00 95.00 113.00 NOTE
r-patched-linux-x86_64 0.2.0 12.86 62.36 75.22 NOTE
r-release-linux-x86_64 0.2.0 12.81 62.69 75.50 NOTE
r-release-macos-arm64 0.2.0 102.00 NOTE
r-release-macos-x86_64 0.2.0 183.00 NOTE
r-release-windows-x86_64 0.2.0 19.00 94.00 113.00 NOTE
r-oldrel-macos-arm64 0.2.0 93.00 NOTE
r-oldrel-macos-x86_64 0.2.0 161.00 NOTE
r-oldrel-windows-x86_64 0.2.0 22.00 120.00 142.00 NOTE

Check Details

Version: 0.2.0
Check: Rd files
Result: NOTE checkRd: (-1) setData.ReducedRankRegressions.Rd:14-16: Lost braces in \itemize; meant \describe ? checkRd: (-1) setData.ReducedRankRegressions.Rd:17-18: Lost braces in \itemize; meant \describe ? Flavors: r-devel-linux-x86_64-debian-clang, r-devel-linux-x86_64-debian-gcc, r-devel-linux-x86_64-fedora-clang, r-devel-linux-x86_64-fedora-gcc, r-devel-windows-x86_64, r-patched-linux-x86_64, r-release-linux-x86_64, r-release-macos-arm64, r-release-macos-x86_64, r-release-windows-x86_64, r-oldrel-macos-arm64, r-oldrel-macos-x86_64, r-oldrel-windows-x86_64

Version: 0.2.0
Check: HTML version of manual
Result: NOTE Found the following HTML validation problems: emMain.html:66:1 (emMain.Rd:21): Warning: missing </ul> before </div> emSteps.html:58:1 (emSteps.Rd:17): Warning: missing </ul> before </div> generateAllBinaryTrees.html:52:1 (generateAllBinaryTrees.Rd:10): Warning: missing </ul> before </div> getAllEdges.html:57:1 (getAllEdges.Rd:15): Warning: missing </ul> before </div> getCovMat.html:55:1 (getCovMat.Rd:15): Warning: missing </ul> before </div> getData.html:65:1 (getData.Rd:28): Warning: missing </ul> before </div> getDimension.html:68:1 (getDimension.Rd:30): Warning: missing </ul> before </div> getModelWithSupport.html:55:1 (getModelWithSupport.Rd:15): Warning: missing </ul> before </div> getNumFactorsForModel.html:53:1 (getNumFactorsForModel.Rd:15): Warning: missing </ul> before </div> getNumLeaves.html:49:1 (getNumLeaves.Rd:13): Warning: missing </ul> before </div> getNumModels.html:64:1 (getNumModels.Rd:28): Warning: missing </ul> before </div> getNumSamples.html:65:1 (getNumSamples.Rd:28): Warning: missing </ul> before </div> getNumVertices.html:50:1 (getNumVertices.Rd:13): Warning: missing </ul> before </div> getPhi.html:53:1 (getPhi.Rd:15): Warning: missing </ul> before </div> getPrior.html:64:1 (getPrior.Rd:28): Warning: missing </ul> before </div> getSamplingCovMat.html:49:1 (getSamplingCovMat.Rd:13): Warning: missing </ul> before </div> getSupport.html:56:1 (getSupport.Rd:15): Warning: missing </ul> before </div> getTopOrder.html:64:1 (getTopOrder.Rd:28): Warning: missing </ul> before </div> learnCoef.html:67:1 (learnCoef.Rd:26): Warning: missing </ul> before </div> logLike.html:55:1 (logLike.Rd:15): Warning: missing </ul> before </div> logLikeMle.html:77:1 (logLikeMle.Rd:34): Warning: missing </ul> before </div> logLikeMleHelper.html:54:1 (logLikeMleHelper.Rd:15): Warning: missing </ul> before </div> mle.html:66:1 (mle.Rd:27): Warning: missing </ul> before </div> parents.html:64:1 (parents.Rd:24): Warning: missing </ul> before </div> setData.BinomialMixtures.html:52:1 (setData.BinomialMixtures.Rd:13): Warning: missing </ul> before </div> setData.FactorAnalyses.html:51:1 (setData.FactorAnalyses.Rd:12): Warning: missing </ul> before </div> setData.GaussianMixtures.html:54:1 (setData.GaussianMixtures.Rd:15): Warning: missing </ul> before </div> setData.LCAs.html:52:1 (setData.LCAs.Rd:13): Warning: missing </ul> before </div> setData.LatentForests.html:53:1 (setData.LatentForests.Rd:13): Warning: missing </ul> before </div> setData.html:50:1 (setData.Rd:12): Warning: missing </ul> before </div> setData.ReducedRankRegressions.html:64:1 (setData.ReducedRankRegressions.Rd:19): Warning: missing </ul> before </div> setPhi.html:53:1 (setPhi.Rd:15): Warning: missing </ul> before </div> Flavor: r-devel-linux-x86_64-debian-gcc

Version: 0.2.0
Check: compiled code
Result: NOTE File ‘sBIC/libs/sBIC.so’: Found no calls to: ‘R_registerRoutines’, ‘R_useDynamicSymbols’ It is good practice to register native routines and to disable symbol search. See ‘Writing portable packages’ in the ‘Writing R Extensions’ manual. Flavors: r-devel-linux-x86_64-fedora-clang, r-devel-linux-x86_64-fedora-gcc