CRAN Package Check Results for Package saasCNV

Last updated on 2025-10-22 09:50:51 CEST.

Flavor Version Tinstall Tcheck Ttotal Status Flags
r-devel-linux-x86_64-debian-clang 0.3.4 5.17 39.05 44.22 NOTE
r-devel-linux-x86_64-debian-gcc 0.3.4 3.54 29.44 32.98 NOTE
r-devel-linux-x86_64-fedora-clang 0.3.4 10.00 55.13 65.13 OK
r-devel-linux-x86_64-fedora-gcc 0.3.4 10.00 52.27 62.27 OK
r-devel-windows-x86_64 0.3.4 5.00 63.00 68.00 OK
r-patched-linux-x86_64 0.3.4 5.27 37.30 42.57 OK
r-release-linux-x86_64 0.3.4 4.34 37.00 41.34 OK
r-release-macos-arm64 0.3.4 2.00 22.00 24.00 OK
r-release-macos-x86_64 0.3.4 6.00 39.00 45.00 OK
r-release-windows-x86_64 0.3.4 5.00 66.00 71.00 OK
r-oldrel-macos-arm64 0.3.4 2.00 21.00 23.00 OK
r-oldrel-macos-x86_64 0.3.4 3.00 41.00 44.00 OK
r-oldrel-windows-x86_64 0.3.4 5.00 73.00 78.00 OK

Check Details

Version: 0.3.4
Check: CRAN incoming feasibility
Result: NOTE Maintainer: ‘Zhongyang Zhang <zhongyang.zhang@mssm.edu>’ No Authors@R field in DESCRIPTION. Please add one, modifying Authors@R: c(person(given = "Zhongyang", family = "Zhang", role = c("aut", "cre"), email = "zhongyang.zhang@mssm.edu"), person(given = "Ke", family = "Hao", role = "aut"), person(given = c("Nancy", "R."), family = "Zhang", role = "ctb")) as necessary. Flavors: r-devel-linux-x86_64-debian-clang, r-devel-linux-x86_64-debian-gcc