Last updated on 2025-10-22 09:50:51 CEST.
Flavor | Version | Tinstall | Tcheck | Ttotal | Status | Flags |
---|---|---|---|---|---|---|
r-devel-linux-x86_64-debian-clang | 0.6.5 | 19.49 | 169.92 | 189.41 | NOTE | |
r-devel-linux-x86_64-debian-gcc | 0.6.5 | 13.80 | 118.96 | 132.76 | NOTE | |
r-devel-linux-x86_64-fedora-clang | 0.6.5 | 71.00 | 239.32 | 310.32 | OK | |
r-devel-linux-x86_64-fedora-gcc | 0.6.5 | 48.00 | 262.73 | 310.73 | OK | |
r-devel-windows-x86_64 | 0.6.5 | 21.00 | 213.00 | 234.00 | OK | |
r-patched-linux-x86_64 | 0.6.5 | 20.45 | 165.79 | 186.24 | OK | |
r-release-linux-x86_64 | 0.6.5 | 17.43 | 168.02 | 185.45 | OK | |
r-release-macos-arm64 | 0.6.5 | 9.00 | 111.00 | 120.00 | OK | |
r-release-macos-x86_64 | 0.6.5 | 25.00 | 202.00 | 227.00 | OK | |
r-release-windows-x86_64 | 0.6.5 | 22.00 | 213.00 | 235.00 | OK | |
r-oldrel-macos-arm64 | 0.6.5 | 9.00 | 87.00 | 96.00 | OK | |
r-oldrel-macos-x86_64 | 0.6.5 | 18.00 | 221.00 | 239.00 | OK | |
r-oldrel-windows-x86_64 | 0.6.5 | 28.00 | 257.00 | 285.00 | OK |
Version: 0.6.5
Check: HTML version of manual
Result: NOTE
Found the following HTML validation problems:
summary.sads-class.html:54:1 (summary.sads-class.Rd:18): Warning: missing </ul> before </div>
Flavors: r-devel-linux-x86_64-debian-clang, r-devel-linux-x86_64-debian-gcc