CRAN Package Check Results for Package safetyGraphics

Last updated on 2025-10-21 09:48:46 CEST.

Flavor Version Tinstall Tcheck Ttotal Status Flags
r-devel-linux-x86_64-debian-clang 2.1.1 10.78 109.97 120.75 NOTE
r-devel-linux-x86_64-debian-gcc 2.1.1 7.80 77.12 84.92 NOTE
r-devel-linux-x86_64-fedora-clang 2.1.1 186.82 NOTE
r-devel-linux-x86_64-fedora-gcc 2.1.1 191.32 NOTE
r-devel-windows-x86_64 2.1.1 15.00 129.00 144.00 NOTE
r-patched-linux-x86_64 2.1.1 11.79 102.72 114.51 NOTE
r-release-linux-x86_64 2.1.1 10.62 101.11 111.73 NOTE
r-release-macos-arm64 2.1.1 79.00 NOTE
r-release-macos-x86_64 2.1.1 121.00 NOTE
r-release-windows-x86_64 2.1.1 14.00 131.00 145.00 NOTE
r-oldrel-macos-arm64 2.1.1 79.00 NOTE
r-oldrel-macos-x86_64 2.1.1 106.00 NOTE
r-oldrel-windows-x86_64 2.1.1 21.00 158.00 179.00 NOTE

Check Details

Version: 2.1.1
Check: Rd files
Result: NOTE checkRd: (-1) app_startup.Rd:35: Lost braces in \itemize; \value handles \item{}{} directly checkRd: (-1) app_startup.Rd:36: Lost braces in \itemize; \value handles \item{}{} directly checkRd: (-1) app_startup.Rd:37: Lost braces in \itemize; \value handles \item{}{} directly checkRd: (-1) app_startup.Rd:38: Lost braces in \itemize; \value handles \item{}{} directly checkRd: (-1) app_startup.Rd:39: Lost braces in \itemize; \value handles \item{}{} directly checkRd: (-1) makeChartConfig.Rd:17: Lost braces; missing escapes or markup? 17 | \item{packages}{installed packages names containing yaml config files in the /inst/{packageLocation} folder} | ^ checkRd: (-1) makeChartConfig.Rd:26: Lost braces in \itemize; \value handles \item{}{} directly checkRd: (-1) makeChartConfig.Rd:27: Lost braces in \itemize; \value handles \item{}{} directly checkRd: (-1) makeChartConfig.Rd:28: Lost braces in \itemize; \value handles \item{}{} directly checkRd: (-1) makeChartConfig.Rd:29: Lost braces in \itemize; \value handles \item{}{} directly checkRd: (-1) makeChartConfig.Rd:30: Lost braces in \itemize; \value handles \item{}{} directly checkRd: (-1) makeChartConfig.Rd:31: Lost braces in \itemize; \value handles \item{}{} directly checkRd: (-1) makeChartConfig.Rd:32: Lost braces in \itemize; \value handles \item{}{} directly checkRd: (-1) makeChartConfig.Rd:33: Lost braces in \itemize; \value handles \item{}{} directly checkRd: (-1) makeChartConfig.Rd:34: Lost braces in \itemize; \value handles \item{}{} directly checkRd: (-1) makeChartConfig.Rd:35: Lost braces in \itemize; \value handles \item{}{} directly checkRd: (-1) makeChartConfig.Rd:36: Lost braces in \itemize; \value handles \item{}{} directly checkRd: (-1) makeChartConfig.Rd:37: Lost braces in \itemize; \value handles \item{}{} directly checkRd: (-1) makeMapping.Rd:21: Lost braces in \itemize; \value handles \item{}{} directly checkRd: (-1) makeMapping.Rd:22: Lost braces in \itemize; \value handles \item{}{} directly checkRd: (-1) makeMeta.Rd:30: Lost braces; missing escapes or markup? 30 | \item Domain-level metadata saved as meta_{chart$name} in the chart$package namespace | ^ checkRd: (-1) makeMeta.Rd:31: Lost braces; missing escapes or markup? 31 | \item Chart-specific metadata saved as meta_{chart$domain} in the chart$package namespace | ^ Flavors: r-devel-linux-x86_64-debian-clang, r-devel-linux-x86_64-debian-gcc, r-devel-linux-x86_64-fedora-clang, r-devel-linux-x86_64-fedora-gcc, r-devel-windows-x86_64, r-patched-linux-x86_64, r-release-linux-x86_64, r-release-macos-arm64, r-release-macos-x86_64, r-release-windows-x86_64, r-oldrel-macos-arm64, r-oldrel-macos-x86_64, r-oldrel-windows-x86_64

Version: 2.1.1
Check: HTML version of manual
Result: NOTE Found the following HTML validation problems: chartsNav.html:50:1 (chartsNav.Rd:12): Warning: missing </ul> before </div> chartsTab.html:66:1 (chartsTab.Rd:20): Warning: missing </ul> before </div> chartsTabUI.html:50:1 (chartsTabUI.Rd:12): Warning: missing </ul> before </div> filterTabUI.html:46:1 (filterTabUI.Rd:10): Warning: missing </ul> before </div> generateMappingList.html:54:1 (generateMappingList.Rd:14): Warning: missing </ul> before </div> homeTab.html:54:1 (homeTab.Rd:14): Warning: missing </ul> before </div> homeTabUI.html:46:1 (homeTabUI.Rd:10): Warning: missing </ul> before </div> loadCharts.html:58:1 (loadCharts.Rd:16): Warning: missing </ul> before </div> loadChartsUI.html:50:1 (loadChartsUI.Rd:12): Warning: missing </ul> before </div> loadData.html:58:1 (loadData.Rd:16): Warning: missing </ul> before </div> loadDataUI.html:50:1 (loadDataUI.Rd:12): Warning: missing </ul> before </div> makeChartParams.html:54:1 (makeChartParams.Rd:14): Warning: missing </ul> before </div> makeChartSummary.html:54:1 (makeChartSummary.Rd:14): Warning: missing </ul> before </div> mappingColumnUI.html:58:1 (mappingColumnUI.Rd:16): Warning: missing </ul> before </div> mappingDomainUI.html:58:1 (mappingDomainUI.Rd:16): Warning: missing </ul> before </div> mappingTabUI.html:62:1 (mappingTabUI.Rd:18): Warning: missing </ul> before </div> safetyGraphicsApp.html:84:1 (safetyGraphicsApp.Rd:34): Warning: missing </ul> before </div> safetyGraphicsInit.html:58:1 (safetyGraphicsInit.Rd:18): Warning: missing </ul> before </div> safetyGraphicsServer.html:83:1 (safetyGraphicsServer.Rd:33): Warning: missing </ul> before </div> safetyGraphicsUI.html:62:1 (safetyGraphicsUI.Rd:18): Warning: missing </ul> before </div> settingsCharts.html:58:1 (settingsCharts.Rd:16): Warning: missing </ul> before </div> settingsChartsUI.html:46:1 (settingsChartsUI.Rd:10): Warning: missing </ul> before </div> settingsCode.html:66:1 (settingsCode.Rd:20): Warning: missing </ul> before </div> settingsCodeUI.html:46:1 (settingsCodeUI.Rd:10): Warning: missing </ul> before </div> settingsData.html:58:1 (settingsData.Rd:16): Warning: missing </ul> before </div> settingsDataUI.html:46:1 (settingsDataUI.Rd:10): Warning: missing </ul> before </div> settingsMapping.html:62:1 (settingsMapping.Rd:18): Warning: missing </ul> before </div> settingsMappingUI.html:46:1 (settingsMappingUI.Rd:10): Warning: missing </ul> before </div> settingsTab.html:70:1 (settingsTab.Rd:22): Warning: missing </ul> before </div> settingsTabUI.html:46:1 (settingsTabUI.Rd:10): Warning: missing </ul> before </div> Flavor: r-devel-linux-x86_64-debian-gcc